172.56.221.172 - - [11/Jun/2026:07:02:11 -0600] "GET /wp-content/plugins/elementor-pro/assets/js/elements-handlers.min.js?ver=4.1.1 HTTP/1.1" 200 10535 "https://sportmaster.mx/tipos-de-canchas/canchas-de-tenis-pasto-sintetico/" "Mozilla/5.0 (iPhone; CPU iPhone OS 18_7 like Mac OS X) AppleWebKit/605.1.15 (KHTML, like Gecko) Version/26.5 Mobile/15E148 Safari/604.1"
172.56.221.172 - - [11/Jun/2026:07:02:11 -0600] "GET /wp-content/uploads/elementor/google-fonts/fonts/tajawal-iurf6ybj_ocad4k1l8kihrfpiq.woff2 HTTP/1.1" 200 9923 "https://sportmaster.mx/tipos-de-canchas/canchas-de-tenis-pasto-sintetico/" "Mozilla/5.0 (iPhone; CPU iPhone OS 18_7 like Mac OS X) AppleWebKit/605.1.15 (KHTML, like Gecko) Version/26.5 Mobile/15E148 Safari/604.1"
172.56.221.172 - - [11/Jun/2026:07:02:11 -0600] "GET /wp-content/plugins/elementor/assets/lib/font-awesome/webfonts/fa-brands-400.woff2 HTTP/1.1" 200 81604 "https://sportmaster.mx/tipos-de-canchas/canchas-de-tenis-pasto-sintetico/" "Mozilla/5.0 (iPhone; CPU iPhone OS 18_7 like Mac OS X) AppleWebKit/605.1.15 (KHTML, like Gecko) Version/26.5 Mobile/15E148 Safari/604.1"
172.56.221.172 - - [11/Jun/2026:07:02:11 -0600] "GET /wp-content/uploads/elementor/google-fonts/fonts/tajawal-iurf6ybj_ocad4k1l4qkhrfpiq.woff2 HTTP/1.1" 200 10019 "https://sportmaster.mx/tipos-de-canchas/canchas-de-tenis-pasto-sintetico/" "Mozilla/5.0 (iPhone; CPU iPhone OS 18_7 like Mac OS X) AppleWebKit/605.1.15 (KHTML, like Gecko) Version/26.5 Mobile/15E148 Safari/604.1"
172.56.221.172 - - [11/Jun/2026:07:02:11 -0600] "GET /wp-content/uploads/elementor/google-fonts/fonts/poppins-pxibyp8kv8jhgfvrlcz7z1xlfq.woff2 HTTP/1.1" 200 7839 "https://sportmaster.mx/tipos-de-canchas/canchas-de-tenis-pasto-sintetico/" "Mozilla/5.0 (iPhone; CPU iPhone OS 18_7 like Mac OS X) AppleWebKit/605.1.15 (KHTML, like Gecko) Version/26.5 Mobile/15E148 Safari/604.1"
172.56.221.172 - - [11/Jun/2026:07:02:11 -0600] "GET /wp-content/uploads/logo_sportmaster.png HTTP/1.1" 200 2801 "https://sportmaster.mx/tipos-de-canchas/canchas-de-tenis-pasto-sintetico/" "Mozilla/5.0 (iPhone; CPU iPhone OS 18_7 like Mac OS X) AppleWebKit/605.1.15 (KHTML, like Gecko) Version/26.5 Mobile/15E148 Safari/604.1"
172.56.221.172 - - [11/Jun/2026:07:02:11 -0600] "GET /wp-content/plugins/elementor/assets/lib/font-awesome/webfonts/fa-solid-900.woff2 HTTP/1.1" 200 78099 "https://sportmaster.mx/tipos-de-canchas/canchas-de-tenis-pasto-sintetico/" "Mozilla/5.0 (iPhone; CPU iPhone OS 18_7 like Mac OS X) AppleWebKit/605.1.15 (KHTML, like Gecko) Version/26.5 Mobile/15E148 Safari/604.1"
172.56.221.172 - - [11/Jun/2026:07:02:11 -0600] "GET /wp-content/plugins/elementor/assets/js/section-frontend-handlers.d85ab872da118940910d.bundle.min.js HTTP/1.1" 200 269 "https://sportmaster.mx/tipos-de-canchas/canchas-de-tenis-pasto-sintetico/" "Mozilla/5.0 (iPhone; CPU iPhone OS 18_7 like Mac OS X) AppleWebKit/605.1.15 (KHTML, like Gecko) Version/26.5 Mobile/15E148 Safari/604.1"
172.56.221.172 - - [11/Jun/2026:07:02:11 -0600] "GET /wp-content/plugins/elementor/assets/js/shared-frontend-handlers.03caa53373b56d3bab67.bundle.min.js HTTP/1.1" 200 2644 "https://sportmaster.mx/tipos-de-canchas/canchas-de-tenis-pasto-sintetico/" "Mozilla/5.0 (iPhone; CPU iPhone OS 18_7 like Mac OS X) AppleWebKit/605.1.15 (KHTML, like Gecko) Version/26.5 Mobile/15E148 Safari/604.1"
172.56.221.172 - - [11/Jun/2026:07:02:11 -0600] "GET /wp-content/plugins/elementor-pro/assets/js/nav-menu.3afa8f5eb1fef7c22561.bundle.min.js HTTP/1.1" 200 1862 "https://sportmaster.mx/tipos-de-canchas/canchas-de-tenis-pasto-sintetico/" "Mozilla/5.0 (iPhone; CPU iPhone OS 18_7 like Mac OS X) AppleWebKit/605.1.15 (KHTML, like Gecko) Version/26.5 Mobile/15E148 Safari/604.1"
172.56.221.172 - - [11/Jun/2026:07:02:11 -0600] "GET /wp-content/plugins/elementor/assets/js/text-editor.45609661e409413f1cef.bundle.min.js HTTP/1.1" 200 648 "https://sportmaster.mx/tipos-de-canchas/canchas-de-tenis-pasto-sintetico/" "Mozilla/5.0 (iPhone; CPU iPhone OS 18_7 like Mac OS X) AppleWebKit/605.1.15 (KHTML, like Gecko) Version/26.5 Mobile/15E148 Safari/604.1"
172.56.221.172 - - [11/Jun/2026:07:02:11 -0600] "GET /wp-includes/js/wp-emoji-release.min.js?ver=7.0 HTTP/1.1" 200 5375 "https://sportmaster.mx/tipos-de-canchas/canchas-de-tenis-pasto-sintetico/" "Mozilla/5.0 (iPhone; CPU iPhone OS 18_7 like Mac OS X) AppleWebKit/605.1.15 (KHTML, like Gecko) Version/26.5 Mobile/15E148 Safari/604.1"
172.56.221.172 - - [11/Jun/2026:07:02:11 -0600] "GET /wp-admin/admin-ajax.php?action=pys_get_pbid HTTP/1.1" 200 115 "https://sportmaster.mx/tipos-de-canchas/canchas-de-tenis-pasto-sintetico/" "Mozilla/5.0 (iPhone; CPU iPhone OS 18_7 like Mac OS X) AppleWebKit/605.1.15 (KHTML, like Gecko) Version/26.5 Mobile/15E148 Safari/604.1"
172.56.221.172 - - [11/Jun/2026:07:02:12 -0600] "GET /wp-content/uploads/jugador-futbol.png HTTP/1.1" 200 16291 "https://sportmaster.mx/tipos-de-canchas/canchas-de-tenis-pasto-sintetico/" "Mozilla/5.0 (iPhone; CPU iPhone OS 18_7 like Mac OS X) AppleWebKit/605.1.15 (KHTML, like Gecko) Version/26.5 Mobile/15E148 Safari/604.1"
172.56.221.172 - - [11/Jun/2026:07:02:11 -0600] "GET /wp-content/uploads/Cancha-de-tenis-pasto-artificial.jpg HTTP/1.1" 200 852420 "https://sportmaster.mx/tipos-de-canchas/canchas-de-tenis-pasto-sintetico/" "Mozilla/5.0 (iPhone; CPU iPhone OS 18_7 like Mac OS X) AppleWebKit/605.1.15 (KHTML, like Gecko) Version/26.5 Mobile/15E148 Safari/604.1"
172.56.221.172 - - [11/Jun/2026:07:02:12 -0600] "POST /wp-json/pys-facebook/v1/event HTTP/1.1" 200 16 "https://sportmaster.mx/tipos-de-canchas/canchas-de-tenis-pasto-sintetico/" "Mozilla/5.0 (iPhone; CPU iPhone OS 18_7 like Mac OS X) AppleWebKit/605.1.15 (KHTML, like Gecko) Version/26.5 Mobile/15E148 Safari/604.1"
172.56.221.172 - - [11/Jun/2026:07:02:12 -0600] "GET /favicon.ico HTTP/1.1" 302 - "https://sportmaster.mx/tipos-de-canchas/canchas-de-tenis-pasto-sintetico/" "Mozilla/5.0 (iPhone; CPU iPhone OS 18_7 like Mac OS X) AppleWebKit/605.1.15 (KHTML, like Gecko) Version/26.5 Mobile/15E148 Safari/604.1"
172.56.221.172 - - [11/Jun/2026:07:02:13 -0600] "GET /wp-content/uploads/cropped-futbol-favicon-32x32.png HTTP/1.1" 200 379 "https://sportmaster.mx/tipos-de-canchas/canchas-de-tenis-pasto-sintetico/" "Mozilla/5.0 (iPhone; CPU iPhone OS 18_7 like Mac OS X) AppleWebKit/605.1.15 (KHTML, like Gecko) Version/26.5 Mobile/15E148 Safari/604.1"
103.30.88.218 - - [11/Jun/2026:07:02:16 -0600] "POST /xmlrpc.php HTTP/1.1" 200 416 "-" "Jetpack by WordPress.com (Jetpack 13.0; WordPress 6.4)"
177.246.49.56 - - [11/Jun/2026:07:02:20 -0600] "GET /wp-content/plugins/content-views-query-and-display-post-page/public/assets/css/cv.css?ver=4.3 HTTP/1.1" 200 13295 "-" "Mozilla/5.0 (Linux; Android 10; K) AppleWebKit/537.36 (KHTML, like Gecko) Chrome/149.0.0.0 Mobile Safari/537.36"
177.246.49.56 - - [11/Jun/2026:07:02:20 -0600] "GET /wp-content/plugins/pt-content-views-pro-mp5.3.4.3/public/assets/css/cvpro.min.css?ver=5.3.4.3 HTTP/1.1" 200 20533 "-" "Mozilla/5.0 (Linux; Android 10; K) AppleWebKit/537.36 (KHTML, like Gecko) Chrome/149.0.0.0 Mobile Safari/537.36"
172.56.221.64 - - [11/Jun/2026:07:02:22 -0600] "GET /wp-content/uploads/Cancha-sintetica-tenis.jpg HTTP/1.1" 200 79884 "https://sportmaster.mx/tipos-de-canchas/canchas-de-tenis-pasto-sintetico/" "Mozilla/5.0 (iPhone; CPU iPhone OS 18_7 like Mac OS X) AppleWebKit/605.1.15 (KHTML, like Gecko) Version/26.5 Mobile/15E148 Safari/604.1"
177.246.49.56 - - [11/Jun/2026:07:02:22 -0600] "GET /wp-content/plugins/click-to-chat-for-whatsapp/new/inc/assets/css/main.css?ver=4.39 HTTP/1.1" 200 1037 "-" "Mozilla/5.0 (Linux; Android 10; K) AppleWebKit/537.36 (KHTML, like Gecko) Chrome/149.0.0.0 Mobile Safari/537.36"
177.246.49.56 - - [11/Jun/2026:07:02:22 -0600] "GET /wp-content/plugins/cookie-notice/css/front.min.css?ver=3.0.5 HTTP/1.1" 200 1247 "-" "Mozilla/5.0 (Linux; Android 10; K) AppleWebKit/537.36 (KHTML, like Gecko) Chrome/149.0.0.0 Mobile Safari/537.36"
177.246.49.56 - - [11/Jun/2026:07:02:22 -0600] "GET /wp-content/plugins/formularios-de-contacto-salesup/helpers/izitoast/css/iziToast.min.css?ver=1.0.14 HTTP/1.1" 200 10437 "-" "Mozilla/5.0 (Linux; Android 10; K) AppleWebKit/537.36 (KHTML, like Gecko) Chrome/149.0.0.0 Mobile Safari/537.36"
177.246.49.56 - - [11/Jun/2026:07:02:22 -0600] "GET /wp-content/plugins/formularios-de-contacto-salesup/helpers/jquery-ui-1.12.1/jquery-ui.min.css?ver=1.0.14 HTTP/1.1" 200 7901 "-" "Mozilla/5.0 (Linux; Android 10; K) AppleWebKit/537.36 (KHTML, like Gecko) Chrome/149.0.0.0 Mobile Safari/537.36"
177.246.49.56 - - [11/Jun/2026:07:02:23 -0600] "GET /wp-content/themes/generatepress/assets/css/unsemantic-grid.min.css?ver=3.6.0 HTTP/1.1" 200 2216 "-" "Mozilla/5.0 (Linux; Android 10; K) AppleWebKit/537.36 (KHTML, like Gecko) Chrome/149.0.0.0 Mobile Safari/537.36"
177.246.49.56 - - [11/Jun/2026:07:02:23 -0600] "GET /wp-content/themes/generatepress/assets/css/style.min.css?ver=3.6.0 HTTP/1.1" 200 5109 "-" "Mozilla/5.0 (Linux; Android 10; K) AppleWebKit/537.36 (KHTML, like Gecko) Chrome/149.0.0.0 Mobile Safari/537.36"
177.246.49.56 - - [11/Jun/2026:07:02:20 -0600] "GET /accesorios-y-equipamiento/porterias-de-futbol/ HTTP/1.1" 200 36088 "https://www.google.com/" "Mozilla/5.0 (Linux; Android 10; K) AppleWebKit/537.36 (KHTML, like Gecko) Chrome/149.0.0.0 Mobile Safari/537.36"
177.246.49.56 - - [11/Jun/2026:07:02:23 -0600] "GET /wp-content/plugins/click-to-chat-for-whatsapp/new/inc/assets/css/main.css?ver=4.40 HTTP/1.1" 200 1037 "https://sportmaster.mx/accesorios-y-equipamiento/porterias-de-futbol/" "Mozilla/5.0 (Linux; Android 10; K) AppleWebKit/537.36 (KHTML, like Gecko) Chrome/149.0.0.0 Mobile Safari/537.36"
177.246.49.56 - - [11/Jun/2026:07:02:23 -0600] "GET /wp-content/plugins/cookie-notice/css/front.min.css?ver=3.1.1 HTTP/1.1" 200 1247 "https://sportmaster.mx/accesorios-y-equipamiento/porterias-de-futbol/" "Mozilla/5.0 (Linux; Android 10; K) AppleWebKit/537.36 (KHTML, like Gecko) Chrome/149.0.0.0 Mobile Safari/537.36"
177.246.49.56 - - [11/Jun/2026:07:02:23 -0600] "GET /wp-content/plugins/content-views-query-and-display-post-page/public/assets/css/cv.css?ver=4.4 HTTP/1.1" 200 13295 "https://sportmaster.mx/accesorios-y-equipamiento/porterias-de-futbol/" "Mozilla/5.0 (Linux; Android 10; K) AppleWebKit/537.36 (KHTML, like Gecko) Chrome/149.0.0.0 Mobile Safari/537.36"
177.246.49.56 - - [11/Jun/2026:07:02:23 -0600] "GET /wp-content/themes/generatepress/assets/css/mobile.min.css?ver=3.6.0 HTTP/1.1" 200 1135 "https://sportmaster.mx/accesorios-y-equipamiento/porterias-de-futbol/" "Mozilla/5.0 (Linux; Android 10; K) AppleWebKit/537.36 (KHTML, like Gecko) Chrome/149.0.0.0 Mobile Safari/537.36"
172.56.221.64 - - [11/Jun/2026:07:02:24 -0600] "GET /wp-content/uploads/Construccion-cancha-de-tenis.webp HTTP/1.1" 200 54936 "https://sportmaster.mx/tipos-de-canchas/canchas-de-tenis-pasto-sintetico/" "Mozilla/5.0 (iPhone; CPU iPhone OS 18_7 like Mac OS X) AppleWebKit/605.1.15 (KHTML, like Gecko) Version/26.5 Mobile/15E148 Safari/604.1"
177.246.49.56 - - [11/Jun/2026:07:02:24 -0600] "GET /wp-content/themes/generatepress/assets/css/components/font-icons.min.css?ver=3.6.0 HTTP/1.1" 200 766 "https://sportmaster.mx/accesorios-y-equipamiento/porterias-de-futbol/" "Mozilla/5.0 (Linux; Android 10; K) AppleWebKit/537.36 (KHTML, like Gecko) Chrome/149.0.0.0 Mobile Safari/537.36"
177.246.49.56 - - [11/Jun/2026:07:02:24 -0600] "GET /wp-content/plugins/elementor/assets/css/widget-image.min.css?ver=4.1.3 HTTP/1.1" 200 135 "https://sportmaster.mx/accesorios-y-equipamiento/porterias-de-futbol/" "Mozilla/5.0 (Linux; Android 10; K) AppleWebKit/537.36 (KHTML, like Gecko) Chrome/149.0.0.0 Mobile Safari/537.36"
177.246.49.56 - - [11/Jun/2026:07:02:24 -0600] "GET /wp-content/plugins/elementor/assets/css/frontend.min.css?ver=4.1.3 HTTP/1.1" 200 7271 "https://sportmaster.mx/accesorios-y-equipamiento/porterias-de-futbol/" "Mozilla/5.0 (Linux; Android 10; K) AppleWebKit/537.36 (KHTML, like Gecko) Chrome/149.0.0.0 Mobile Safari/537.36"
177.246.49.56 - - [11/Jun/2026:07:02:24 -0600] "GET /wp-content/plugins/elementor/assets/css/conditionals/apple-webkit.min.css?ver=4.1.3 HTTP/1.1" 200 547 "https://sportmaster.mx/accesorios-y-equipamiento/porterias-de-futbol/" "Mozilla/5.0 (Linux; Android 10; K) AppleWebKit/537.36 (KHTML, like Gecko) Chrome/149.0.0.0 Mobile Safari/537.36"
177.246.49.56 - - [11/Jun/2026:07:02:24 -0600] "GET /wp-content/plugins/elementor-pro/assets/css/widget-nav-menu.min.css?ver=4.1.1 HTTP/1.1" 200 3447 "https://sportmaster.mx/accesorios-y-equipamiento/porterias-de-futbol/" "Mozilla/5.0 (Linux; Android 10; K) AppleWebKit/537.36 (KHTML, like Gecko) Chrome/149.0.0.0 Mobile Safari/537.36"
177.246.49.56 - - [11/Jun/2026:07:02:24 -0600] "GET /wp-content/plugins/elementor/assets/css/widget-social-icons.min.css?ver=4.1.3 HTTP/1.1" 200 1142 "https://sportmaster.mx/accesorios-y-equipamiento/porterias-de-futbol/" "Mozilla/5.0 (Linux; Android 10; K) AppleWebKit/537.36 (KHTML, like Gecko) Chrome/149.0.0.0 Mobile Safari/537.36"
177.246.49.56 - - [11/Jun/2026:07:02:24 -0600] "GET /wp-content/plugins/elementor-pro/assets/css/modules/sticky.min.css?ver=4.1.1 HTTP/1.1" 200 116 "https://sportmaster.mx/accesorios-y-equipamiento/porterias-de-futbol/" "Mozilla/5.0 (Linux; Android 10; K) AppleWebKit/537.36 (KHTML, like Gecko) Chrome/149.0.0.0 Mobile Safari/537.36"
177.246.49.56 - - [11/Jun/2026:07:02:24 -0600] "GET /wp-content/plugins/elementor/assets/css/widget-spacer.min.css?ver=4.1.3 HTTP/1.1" 200 338 "https://sportmaster.mx/accesorios-y-equipamiento/porterias-de-futbol/" "Mozilla/5.0 (Linux; Android 10; K) AppleWebKit/537.36 (KHTML, like Gecko) Chrome/149.0.0.0 Mobile Safari/537.36"
177.246.49.56 - - [11/Jun/2026:07:02:25 -0600] "GET /wp-content/plugins/elementor/assets/css/widget-heading.min.css?ver=4.1.3 HTTP/1.1" 200 160 "https://sportmaster.mx/accesorios-y-equipamiento/porterias-de-futbol/" "Mozilla/5.0 (Linux; Android 10; K) AppleWebKit/537.36 (KHTML, like Gecko) Chrome/149.0.0.0 Mobile Safari/537.36"
177.246.49.56 - - [11/Jun/2026:07:02:25 -0600] "GET /wp-content/plugins/elementor-pro/assets/css/widget-breadcrumbs.min.css?ver=4.1.1 HTTP/1.1" 200 119 "https://sportmaster.mx/accesorios-y-equipamiento/porterias-de-futbol/" "Mozilla/5.0 (Linux; Android 10; K) AppleWebKit/537.36 (KHTML, like Gecko) Chrome/149.0.0.0 Mobile Safari/537.36"
177.246.49.56 - - [11/Jun/2026:07:02:25 -0600] "GET /wp-content/plugins/elementor/assets/css/widget-icon-list.min.css?ver=4.1.3 HTTP/1.1" 200 1023 "https://sportmaster.mx/accesorios-y-equipamiento/porterias-de-futbol/" "Mozilla/5.0 (Linux; Android 10; K) AppleWebKit/537.36 (KHTML, like Gecko) Chrome/149.0.0.0 Mobile Safari/537.36"
177.246.49.56 - - [11/Jun/2026:07:02:25 -0600] "GET /wp-content/uploads/elementor/css/post-1100.css?ver=1781182658 HTTP/1.1" 200 383 "https://sportmaster.mx/accesorios-y-equipamiento/porterias-de-futbol/" "Mozilla/5.0 (Linux; Android 10; K) AppleWebKit/537.36 (KHTML, like Gecko) Chrome/149.0.0.0 Mobile Safari/537.36"
177.246.49.56 - - [11/Jun/2026:07:02:25 -0600] "GET /wp-content/plugins/elementor-pro/assets/css/widget-post-navigation.min.css?ver=4.1.1 HTTP/1.1" 200 576 "https://sportmaster.mx/accesorios-y-equipamiento/porterias-de-futbol/" "Mozilla/5.0 (Linux; Android 10; K) AppleWebKit/537.36 (KHTML, like Gecko) Chrome/149.0.0.0 Mobile Safari/537.36"
177.246.49.56 - - [11/Jun/2026:07:02:25 -0600] "GET /wp-content/plugins/elementor/assets/lib/font-awesome/css/all.min.css?ver=4.1.3 HTTP/1.1" 200 12869 "https://sportmaster.mx/accesorios-y-equipamiento/porterias-de-futbol/" "Mozilla/5.0 (Linux; Android 10; K) AppleWebKit/537.36 (KHTML, like Gecko) Chrome/149.0.0.0 Mobile Safari/537.36"
177.246.49.56 - - [11/Jun/2026:07:02:25 -0600] "GET /wp-content/plugins/elementor/assets/lib/font-awesome/css/v4-shims.min.css?ver=4.1.3 HTTP/1.1" 200 4229 "https://sportmaster.mx/accesorios-y-equipamiento/porterias-de-futbol/" "Mozilla/5.0 (Linux; Android 10; K) AppleWebKit/537.36 (KHTML, like Gecko) Chrome/149.0.0.0 Mobile Safari/537.36"
177.246.49.56 - - [11/Jun/2026:07:02:26 -0600] "GET /wp-content/plugins/gp-premium/menu-plus/functions/css/sticky.min.css?ver=2.5.5 HTTP/1.1" 200 487 "https://sportmaster.mx/accesorios-y-equipamiento/porterias-de-futbol/" "Mozilla/5.0 (Linux; Android 10; K) AppleWebKit/537.36 (KHTML, like Gecko) Chrome/149.0.0.0 Mobile Safari/537.36"
177.246.49.56 - - [11/Jun/2026:07:02:26 -0600] "GET /wp-content/uploads/elementor/css/post-226.css?ver=1781182658 HTTP/1.1" 200 1500 "https://sportmaster.mx/accesorios-y-equipamiento/porterias-de-futbol/" "Mozilla/5.0 (Linux; Android 10; K) AppleWebKit/537.36 (KHTML, like Gecko) Chrome/149.0.0.0 Mobile Safari/537.36"
177.246.49.56 - - [11/Jun/2026:07:02:26 -0600] "GET /wp-content/plugins/elementor/assets/css/widget-nested-accordion.min.css?ver=4.1.3 HTTP/1.1" 200 798 "https://sportmaster.mx/accesorios-y-equipamiento/porterias-de-futbol/" "Mozilla/5.0 (Linux; Android 10; K) AppleWebKit/537.36 (KHTML, like Gecko) Chrome/149.0.0.0 Mobile Safari/537.36"
177.246.49.56 - - [11/Jun/2026:07:02:26 -0600] "GET /wp-content/uploads/elementor/css/post-16.css?ver=1781182658 HTTP/1.1" 200 1119 "https://sportmaster.mx/accesorios-y-equipamiento/porterias-de-futbol/" "Mozilla/5.0 (Linux; Android 10; K) AppleWebKit/537.36 (KHTML, like Gecko) Chrome/149.0.0.0 Mobile Safari/537.36"
177.246.49.56 - - [11/Jun/2026:07:02:26 -0600] "GET /wp-content/uploads/elementor/css/post-119.css?ver=1781182942 HTTP/1.1" 200 1397 "https://sportmaster.mx/accesorios-y-equipamiento/porterias-de-futbol/" "Mozilla/5.0 (Linux; Android 10; K) AppleWebKit/537.36 (KHTML, like Gecko) Chrome/149.0.0.0 Mobile Safari/537.36"
177.246.49.56 - - [11/Jun/2026:07:02:26 -0600] "GET /wp-content/uploads/elementor/css/post-167.css?ver=1781182942 HTTP/1.1" 200 513 "https://sportmaster.mx/accesorios-y-equipamiento/porterias-de-futbol/" "Mozilla/5.0 (Linux; Android 10; K) AppleWebKit/537.36 (KHTML, like Gecko) Chrome/149.0.0.0 Mobile Safari/537.36"
177.246.49.56 - - [11/Jun/2026:07:02:27 -0600] "GET /wp-content/uploads/elementor/google-fonts/css/robotoslab.css?ver=1742255999 HTTP/1.1" 200 916 "https://sportmaster.mx/accesorios-y-equipamiento/porterias-de-futbol/" "Mozilla/5.0 (Linux; Android 10; K) AppleWebKit/537.36 (KHTML, like Gecko) Chrome/149.0.0.0 Mobile Safari/537.36"
177.246.49.56 - - [11/Jun/2026:07:02:27 -0600] "GET /wp-content/uploads/elementor/google-fonts/css/roboto.css?ver=1742255997 HTTP/1.1" 200 2847 "https://sportmaster.mx/accesorios-y-equipamiento/porterias-de-futbol/" "Mozilla/5.0 (Linux; Android 10; K) AppleWebKit/537.36 (KHTML, like Gecko) Chrome/149.0.0.0 Mobile Safari/537.36"
177.246.49.56 - - [11/Jun/2026:07:02:27 -0600] "GET /wp-content/uploads/elementor/google-fonts/css/poppins.css?ver=1742256000 HTTP/1.1" 200 717 "https://sportmaster.mx/accesorios-y-equipamiento/porterias-de-futbol/" "Mozilla/5.0 (Linux; Android 10; K) AppleWebKit/537.36 (KHTML, like Gecko) Chrome/149.0.0.0 Mobile Safari/537.36"
177.246.49.56 - - [11/Jun/2026:07:02:27 -0600] "GET /wp-includes/js/jquery/jquery-migrate.min.js?ver=3.4.1 HTTP/1.1" 200 4872 "https://sportmaster.mx/accesorios-y-equipamiento/porterias-de-futbol/" "Mozilla/5.0 (Linux; Android 10; K) AppleWebKit/537.36 (KHTML, like Gecko) Chrome/149.0.0.0 Mobile Safari/537.36"
177.246.49.56 - - [11/Jun/2026:07:02:27 -0600] "GET /wp-content/plugins/elementor/assets/lib/font-awesome/js/v4-shims.min.js?ver=4.1.3 HTTP/1.1" 200 4209 "https://sportmaster.mx/accesorios-y-equipamiento/porterias-de-futbol/" "Mozilla/5.0 (Linux; Android 10; K) AppleWebKit/537.36 (KHTML, like Gecko) Chrome/149.0.0.0 Mobile Safari/537.36"
177.246.49.56 - - [11/Jun/2026:07:02:27 -0600] "GET /wp-includes/js/jquery/jquery.min.js?ver=3.7.1 HTTP/1.1" 200 30368 "https://sportmaster.mx/accesorios-y-equipamiento/porterias-de-futbol/" "Mozilla/5.0 (Linux; Android 10; K) AppleWebKit/537.36 (KHTML, like Gecko) Chrome/149.0.0.0 Mobile Safari/537.36"
177.246.49.56 - - [11/Jun/2026:07:02:27 -0600] "GET /wp-content/plugins/pixelyoursite-pro/dist/scripts/js.cookie-2.1.3.min.js?ver=2.1.3 HTTP/1.1" 200 879 "https://sportmaster.mx/accesorios-y-equipamiento/porterias-de-futbol/" "Mozilla/5.0 (Linux; Android 10; K) AppleWebKit/537.36 (KHTML, like Gecko) Chrome/149.0.0.0 Mobile Safari/537.36"
177.246.49.56 - - [11/Jun/2026:07:02:27 -0600] "GET /wp-content/plugins/pixelyoursite-pro/dist/scripts/jquery.bind-first-0.2.3.min.js HTTP/1.1" 200 693 "https://sportmaster.mx/accesorios-y-equipamiento/porterias-de-futbol/" "Mozilla/5.0 (Linux; Android 10; K) AppleWebKit/537.36 (KHTML, like Gecko) Chrome/149.0.0.0 Mobile Safari/537.36"
103.30.88.218 - - [11/Jun/2026:07:02:26 -0600] "POST /xmlrpc.php HTTP/1.1" 200 416 "-" "Jetpack by WordPress.com (Jetpack 13.0; WordPress 6.3)"
177.246.49.56 - - [11/Jun/2026:07:02:27 -0600] "GET /wp-content/plugins/pixelyoursite-pro/dist/scripts/sha256.js?ver=0.11.0 HTTP/1.1" 200 4625 "https://sportmaster.mx/accesorios-y-equipamiento/porterias-de-futbol/" "Mozilla/5.0 (Linux; Android 10; K) AppleWebKit/537.36 (KHTML, like Gecko) Chrome/149.0.0.0 Mobile Safari/537.36"
177.246.49.56 - - [11/Jun/2026:07:02:28 -0600] "GET /wp-content/plugins/pixelyoursite-pro/dist/scripts/public.js?ver=12.3.4.1 HTTP/1.1" 200 45564 "https://sportmaster.mx/accesorios-y-equipamiento/porterias-de-futbol/" "Mozilla/5.0 (Linux; Android 10; K) AppleWebKit/537.36 (KHTML, like Gecko) Chrome/149.0.0.0 Mobile Safari/537.36"
177.246.49.56 - - [11/Jun/2026:07:02:31 -0600] "GET /wp-content/uploads/boton-whatsapp-768x213.png HTTP/1.1" 200 55664 "https://sportmaster.mx/accesorios-y-equipamiento/porterias-de-futbol/" "Mozilla/5.0 (Linux; Android 10; K) AppleWebKit/537.36 (KHTML, like Gecko) Chrome/149.0.0.0 Mobile Safari/537.36"
177.246.49.56 - - [11/Jun/2026:07:02:31 -0600] "GET /wp-content/uploads/logo_sportmaster.png HTTP/1.1" 200 2801 "https://sportmaster.mx/accesorios-y-equipamiento/porterias-de-futbol/" "Mozilla/5.0 (Linux; Android 10; K) AppleWebKit/537.36 (KHTML, like Gecko) Chrome/149.0.0.0 Mobile Safari/537.36"
177.246.49.56 - - [11/Jun/2026:07:02:27 -0600] "GET /wp-content/plugins/pixelyoursite-pro/dist/scripts/tld.min.js?ver=2.3.1 HTTP/1.1" 200 40647 "https://sportmaster.mx/accesorios-y-equipamiento/porterias-de-futbol/" "Mozilla/5.0 (Linux; Android 10; K) AppleWebKit/537.36 (KHTML, like Gecko) Chrome/149.0.0.0 Mobile Safari/537.36"
177.246.49.56 - - [11/Jun/2026:07:02:32 -0600] "GET /wp-content/plugins/gp-premium/menu-plus/functions/js/sticky.min.js?ver=2.5.5 HTTP/1.1" 200 2832 "https://sportmaster.mx/accesorios-y-equipamiento/porterias-de-futbol/" "Mozilla/5.0 (Linux; Android 10; K) AppleWebKit/537.36 (KHTML, like Gecko) Chrome/149.0.0.0 Mobile Safari/537.36"
177.246.49.56 - - [11/Jun/2026:07:02:28 -0600] "GET /wp-content/uploads/porterias-futbol-7.jpg HTTP/1.1" 200 92594 "https://sportmaster.mx/accesorios-y-equipamiento/porterias-de-futbol/" "Mozilla/5.0 (Linux; Android 10; K) AppleWebKit/537.36 (KHTML, like Gecko) Chrome/149.0.0.0 Mobile Safari/537.36"
177.246.49.56 - - [11/Jun/2026:07:02:32 -0600] "GET /wp-content/plugins/cookie-notice/js/front.min.js?ver=3.1.1 HTTP/1.1" 200 2264 "https://sportmaster.mx/accesorios-y-equipamiento/porterias-de-futbol/" "Mozilla/5.0 (Linux; Android 10; K) AppleWebKit/537.36 (KHTML, like Gecko) Chrome/149.0.0.0 Mobile Safari/537.36"
177.246.49.56 - - [11/Jun/2026:07:02:32 -0600] "GET /wp-includes/js/jquery/ui/core.min.js?ver=1.13.3 HTTP/1.1" 200 7106 "https://sportmaster.mx/accesorios-y-equipamiento/porterias-de-futbol/" "Mozilla/5.0 (Linux; Android 10; K) AppleWebKit/537.36 (KHTML, like Gecko) Chrome/149.0.0.0 Mobile Safari/537.36"
177.246.49.56 - - [11/Jun/2026:07:02:32 -0600] "GET /wp-includes/js/jquery/ui/mouse.min.js?ver=1.13.3 HTTP/1.1" 200 1098 "https://sportmaster.mx/accesorios-y-equipamiento/porterias-de-futbol/" "Mozilla/5.0 (Linux; Android 10; K) AppleWebKit/537.36 (KHTML, like Gecko) Chrome/149.0.0.0 Mobile Safari/537.36"
177.246.49.56 - - [11/Jun/2026:07:02:32 -0600] "GET /wp-includes/js/jquery/ui/sortable.min.js?ver=1.13.3 HTTP/1.1" 200 6586 "https://sportmaster.mx/accesorios-y-equipamiento/porterias-de-futbol/" "Mozilla/5.0 (Linux; Android 10; K) AppleWebKit/537.36 (KHTML, like Gecko) Chrome/149.0.0.0 Mobile Safari/537.36"
177.246.49.56 - - [11/Jun/2026:07:02:33 -0600] "GET /wp-includes/js/jquery/ui/datepicker.min.js?ver=1.13.3 HTTP/1.1" 200 10907 "https://sportmaster.mx/accesorios-y-equipamiento/porterias-de-futbol/" "Mozilla/5.0 (Linux; Android 10; K) AppleWebKit/537.36 (KHTML, like Gecko) Chrome/149.0.0.0 Mobile Safari/537.36"
177.246.49.56 - - [11/Jun/2026:07:02:33 -0600] "GET /wp-includes/js/jquery/ui/tooltip.min.js?ver=1.13.3 HTTP/1.1" 200 2181 "https://sportmaster.mx/accesorios-y-equipamiento/porterias-de-futbol/" "Mozilla/5.0 (Linux; Android 10; K) AppleWebKit/537.36 (KHTML, like Gecko) Chrome/149.0.0.0 Mobile Safari/537.36"
177.246.49.56 - - [11/Jun/2026:07:02:33 -0600] "GET /wp-content/plugins/formularios-de-contacto-salesup/helpers/izitoast/js/iziToast.min.js?ver=1.0.14 HTTP/1.1" 200 5080 "https://sportmaster.mx/accesorios-y-equipamiento/porterias-de-futbol/" "Mozilla/5.0 (Linux; Android 10; K) AppleWebKit/537.36 (KHTML, like Gecko) Chrome/149.0.0.0 Mobile Safari/537.36"
177.246.49.56 - - [11/Jun/2026:07:02:33 -0600] "GET /wp-content/plugins/formularios-de-contacto-salesup/admin/js/su-funciones.js?ver=1.0.14 HTTP/1.1" 200 1563 "https://sportmaster.mx/accesorios-y-equipamiento/porterias-de-futbol/" "Mozilla/5.0 (Linux; Android 10; K) AppleWebKit/537.36 (KHTML, like Gecko) Chrome/149.0.0.0 Mobile Safari/537.36"
177.246.49.56 - - [11/Jun/2026:07:02:33 -0600] "GET /wp-content/plugins/formularios-de-contacto-salesup/admin/js/su-form-builder.js?ver=1.0.14 HTTP/1.1" 200 16980 "https://sportmaster.mx/accesorios-y-equipamiento/porterias-de-futbol/" "Mozilla/5.0 (Linux; Android 10; K) AppleWebKit/537.36 (KHTML, like Gecko) Chrome/149.0.0.0 Mobile Safari/537.36"
177.246.49.56 - - [11/Jun/2026:07:02:33 -0600] "GET /wp-content/plugins/formularios-de-contacto-salesup/helpers/underscore/underscore.js?ver=1.0.14 HTTP/1.1" 200 6444 "https://sportmaster.mx/accesorios-y-equipamiento/porterias-de-futbol/" "Mozilla/5.0 (Linux; Android 10; K) AppleWebKit/537.36 (KHTML, like Gecko) Chrome/149.0.0.0 Mobile Safari/537.36"
177.246.49.56 - - [11/Jun/2026:07:02:33 -0600] "GET /wp-content/plugins/formularios-de-contacto-salesup/public/js/su-public.js?ver=1.0.14 HTTP/1.1" 200 199 "https://sportmaster.mx/accesorios-y-equipamiento/porterias-de-futbol/" "Mozilla/5.0 (Linux; Android 10; K) AppleWebKit/537.36 (KHTML, like Gecko) Chrome/149.0.0.0 Mobile Safari/537.36"
177.246.49.56 - - [11/Jun/2026:07:02:33 -0600] "GET /wp-content/plugins/elementor/assets/lib/font-awesome/webfonts/fa-regular-400.woff2 HTTP/1.1" 200 13299 "https://sportmaster.mx/wp-content/plugins/elementor/assets/lib/font-awesome/css/all.min.css?ver=4.1.3" "Mozilla/5.0 (Linux; Android 10; K) AppleWebKit/537.36 (KHTML, like Gecko) Chrome/149.0.0.0 Mobile Safari/537.36"
177.246.49.56 - - [11/Jun/2026:07:02:33 -0600] "GET /wp-content/plugins/elementor/assets/lib/font-awesome/webfonts/fa-brands-400.woff2 HTTP/1.1" 200 81604 "https://sportmaster.mx/wp-content/plugins/elementor/assets/lib/font-awesome/css/all.min.css?ver=4.1.3" "Mozilla/5.0 (Linux; Android 10; K) AppleWebKit/537.36 (KHTML, like Gecko) Chrome/149.0.0.0 Mobile Safari/537.36"
177.246.49.56 - - [11/Jun/2026:07:02:34 -0600] "GET /wp-content/plugins/page-scroll-to-id/js/page-scroll-to-id.min.js?ver=1.7.9 HTTP/1.1" 200 6370 "https://sportmaster.mx/accesorios-y-equipamiento/porterias-de-futbol/" "Mozilla/5.0 (Linux; Android 10; K) AppleWebKit/537.36 (KHTML, like Gecko) Chrome/149.0.0.0 Mobile Safari/537.36"
177.246.49.56 - - [11/Jun/2026:07:02:34 -0600] "GET /wp-content/themes/generatepress/assets/js/menu.min.js?ver=3.6.0 HTTP/1.1" 200 1836 "https://sportmaster.mx/accesorios-y-equipamiento/porterias-de-futbol/" "Mozilla/5.0 (Linux; Android 10; K) AppleWebKit/537.36 (KHTML, like Gecko) Chrome/149.0.0.0 Mobile Safari/537.36"
177.246.49.56 - - [11/Jun/2026:07:02:34 -0600] "GET /wp-content/plugins/elementor/assets/lib/font-awesome/webfonts/fa-solid-900.woff2 HTTP/1.1" 200 78099 "https://sportmaster.mx/wp-content/plugins/elementor/assets/lib/font-awesome/css/all.min.css?ver=4.1.3" "Mozilla/5.0 (Linux; Android 10; K) AppleWebKit/537.36 (KHTML, like Gecko) Chrome/149.0.0.0 Mobile Safari/537.36"
177.246.49.56 - - [11/Jun/2026:07:02:34 -0600] "GET /wp-content/plugins/elementor/assets/js/webpack.runtime.min.js?ver=4.1.3 HTTP/1.1" 200 2539 "https://sportmaster.mx/accesorios-y-equipamiento/porterias-de-futbol/" "Mozilla/5.0 (Linux; Android 10; K) AppleWebKit/537.36 (KHTML, like Gecko) Chrome/149.0.0.0 Mobile Safari/537.36"
177.246.49.56 - - [11/Jun/2026:07:02:35 -0600] "GET /wp-content/plugins/elementor-pro/assets/lib/sticky/jquery.sticky.min.js?ver=4.1.1 HTTP/1.1" 200 1542 "https://sportmaster.mx/accesorios-y-equipamiento/porterias-de-futbol/" "Mozilla/5.0 (Linux; Android 10; K) AppleWebKit/537.36 (KHTML, like Gecko) Chrome/149.0.0.0 Mobile Safari/537.36"
177.246.49.56 - - [11/Jun/2026:07:02:35 -0600] "GET /wp-content/plugins/elementor/assets/js/frontend-modules.min.js?ver=4.1.3 HTTP/1.1" 200 15970 "https://sportmaster.mx/accesorios-y-equipamiento/porterias-de-futbol/" "Mozilla/5.0 (Linux; Android 10; K) AppleWebKit/537.36 (KHTML, like Gecko) Chrome/149.0.0.0 Mobile Safari/537.36"
177.246.49.56 - - [11/Jun/2026:07:02:35 -0600] "GET /wp-content/plugins/elementor/assets/js/frontend.min.js?ver=4.1.3 HTTP/1.1" 200 10417 "https://sportmaster.mx/accesorios-y-equipamiento/porterias-de-futbol/" "Mozilla/5.0 (Linux; Android 10; K) AppleWebKit/537.36 (KHTML, like Gecko) Chrome/149.0.0.0 Mobile Safari/537.36"
177.246.49.56 - - [11/Jun/2026:07:02:35 -0600] "GET /wp-content/plugins/elementor-pro/assets/lib/smartmenus/jquery.smartmenus.min.js?ver=1.2.1 HTTP/1.1" 200 7087 "https://sportmaster.mx/accesorios-y-equipamiento/porterias-de-futbol/" "Mozilla/5.0 (Linux; Android 10; K) AppleWebKit/537.36 (KHTML, like Gecko) Chrome/149.0.0.0 Mobile Safari/537.36"
177.246.49.56 - - [11/Jun/2026:07:02:35 -0600] "GET /wp-content/plugins/pixelyoursite-pro/dist/scripts/vimeo.min.js HTTP/1.1" 200 5222 "https://sportmaster.mx/accesorios-y-equipamiento/porterias-de-futbol/" "Mozilla/5.0 (Linux; Android 10; K) AppleWebKit/537.36 (KHTML, like Gecko) Chrome/149.0.0.0 Mobile Safari/537.36"
177.246.49.56 - - [11/Jun/2026:07:02:35 -0600] "GET /wp-content/plugins/content-views-query-and-display-post-page/public/assets/js/cv.js?ver=4.4 HTTP/1.1" 200 6910 "https://sportmaster.mx/accesorios-y-equipamiento/porterias-de-futbol/" "Mozilla/5.0 (Linux; Android 10; K) AppleWebKit/537.36 (KHTML, like Gecko) Chrome/149.0.0.0 Mobile Safari/537.36"
177.246.49.56 - - [11/Jun/2026:07:02:35 -0600] "GET /wp-content/plugins/elementor-pro/assets/js/webpack-pro.runtime.min.js?ver=4.1.1 HTTP/1.1" 200 2829 "https://sportmaster.mx/accesorios-y-equipamiento/porterias-de-futbol/" "Mozilla/5.0 (Linux; Android 10; K) AppleWebKit/537.36 (KHTML, like Gecko) Chrome/149.0.0.0 Mobile Safari/537.36"
177.246.49.56 - - [11/Jun/2026:07:02:35 -0600] "GET /wp-content/plugins/pt-content-views-pro-mp5.3.4.3/public/assets/js/cvpro.min.js?ver=5.3.4.3 HTTP/1.1" 200 44989 "https://sportmaster.mx/accesorios-y-equipamiento/porterias-de-futbol/" "Mozilla/5.0 (Linux; Android 10; K) AppleWebKit/537.36 (KHTML, like Gecko) Chrome/149.0.0.0 Mobile Safari/537.36"
177.246.49.56 - - [11/Jun/2026:07:02:36 -0600] "GET /wp-includes/js/dist/hooks.min.js?ver=7496969728ca0f95732d HTTP/1.1" 200 1799 "https://sportmaster.mx/accesorios-y-equipamiento/porterias-de-futbol/" "Mozilla/5.0 (Linux; Android 10; K) AppleWebKit/537.36 (KHTML, like Gecko) Chrome/149.0.0.0 Mobile Safari/537.36"
177.246.49.56 - - [11/Jun/2026:07:02:36 -0600] "GET /wp-includes/js/dist/i18n.min.js?ver=781d11515ad3d91786ec HTTP/1.1" 200 2438 "https://sportmaster.mx/accesorios-y-equipamiento/porterias-de-futbol/" "Mozilla/5.0 (Linux; Android 10; K) AppleWebKit/537.36 (KHTML, like Gecko) Chrome/149.0.0.0 Mobile Safari/537.36"
177.246.49.56 - - [11/Jun/2026:07:02:36 -0600] "GET /wp-content/plugins/elementor-pro/assets/js/frontend.min.js?ver=4.1.1 HTTP/1.1" 200 6419 "https://sportmaster.mx/accesorios-y-equipamiento/porterias-de-futbol/" "Mozilla/5.0 (Linux; Android 10; K) AppleWebKit/537.36 (KHTML, like Gecko) Chrome/149.0.0.0 Mobile Safari/537.36"
177.246.49.56 - - [11/Jun/2026:07:02:36 -0600] "GET /wp-content/plugins/elementor-pro/assets/js/elements-handlers.min.js?ver=4.1.1 HTTP/1.1" 200 10535 "https://sportmaster.mx/accesorios-y-equipamiento/porterias-de-futbol/" "Mozilla/5.0 (Linux; Android 10; K) AppleWebKit/537.36 (KHTML, like Gecko) Chrome/149.0.0.0 Mobile Safari/537.36"
177.246.49.56 - - [11/Jun/2026:07:02:36 -0600] "GET /wp-content/plugins/click-to-chat-for-whatsapp/new/inc/assets/js/app.js?ver=4.40 HTTP/1.1" 200 5390 "https://sportmaster.mx/accesorios-y-equipamiento/porterias-de-futbol/" "Mozilla/5.0 (Linux; Android 10; K) AppleWebKit/537.36 (KHTML, like Gecko) Chrome/149.0.0.0 Mobile Safari/537.36"
177.246.49.56 - - [11/Jun/2026:07:02:36 -0600] "GET /wp-content/uploads/elementor/google-fonts/fonts/poppins-pxibyp8kv8jhgfvrlcz7z1xlfq.woff2 HTTP/1.1" 200 7839 "https://sportmaster.mx/wp-content/uploads/elementor/google-fonts/css/poppins.css?ver=1742256000" "Mozilla/5.0 (Linux; Android 10; K) AppleWebKit/537.36 (KHTML, like Gecko) Chrome/149.0.0.0 Mobile Safari/537.36"
177.246.49.56 - - [11/Jun/2026:07:02:36 -0600] "GET /wp-content/plugins/content-views-query-and-display-post-page/public/assets/fonts/glyphicons-halflings-regular.woff2 HTTP/1.1" 200 18030 "https://sportmaster.mx/wp-content/plugins/content-views-query-and-display-post-page/public/assets/css/cv.css?ver=4.4" "Mozilla/5.0 (Linux; Android 10; K) AppleWebKit/537.36 (KHTML, like Gecko) Chrome/149.0.0.0 Mobile Safari/537.36"
177.246.49.56 - - [11/Jun/2026:07:02:37 -0600] "GET /wp-admin/admin-ajax.php?action=pys_get_pbid HTTP/1.1" 200 116 "https://sportmaster.mx/accesorios-y-equipamiento/porterias-de-futbol/" "Mozilla/5.0 (Linux; Android 10; K) AppleWebKit/537.36 (KHTML, like Gecko) Chrome/149.0.0.0 Mobile Safari/537.36"
103.30.88.218 - - [11/Jun/2026:07:02:37 -0600] "POST /xmlrpc.php HTTP/1.1" 200 416 "-" "Jetpack by WordPress.com"
177.246.49.56 - - [11/Jun/2026:07:02:39 -0600] "GET /wp-content/plugins/elementor/assets/js/section-frontend-handlers.d85ab872da118940910d.bundle.min.js HTTP/1.1" 200 269 "https://sportmaster.mx/accesorios-y-equipamiento/porterias-de-futbol/" "Mozilla/5.0 (Linux; Android 10; K) AppleWebKit/537.36 (KHTML, like Gecko) Chrome/149.0.0.0 Mobile Safari/537.36"
177.246.49.56 - - [11/Jun/2026:07:02:39 -0600] "GET /wp-content/plugins/elementor/assets/js/shared-frontend-handlers.03caa53373b56d3bab67.bundle.min.js HTTP/1.1" 200 2644 "https://sportmaster.mx/accesorios-y-equipamiento/porterias-de-futbol/" "Mozilla/5.0 (Linux; Android 10; K) AppleWebKit/537.36 (KHTML, like Gecko) Chrome/149.0.0.0 Mobile Safari/537.36"
177.246.49.56 - - [11/Jun/2026:07:02:39 -0600] "GET /wp-content/plugins/elementor-pro/assets/js/nav-menu.3afa8f5eb1fef7c22561.bundle.min.js HTTP/1.1" 200 1862 "https://sportmaster.mx/accesorios-y-equipamiento/porterias-de-futbol/" "Mozilla/5.0 (Linux; Android 10; K) AppleWebKit/537.36 (KHTML, like Gecko) Chrome/149.0.0.0 Mobile Safari/537.36"
177.246.49.56 - - [11/Jun/2026:07:02:39 -0600] "GET /wp-content/plugins/elementor/assets/js/text-editor.45609661e409413f1cef.bundle.min.js HTTP/1.1" 200 648 "https://sportmaster.mx/accesorios-y-equipamiento/porterias-de-futbol/" "Mozilla/5.0 (Linux; Android 10; K) AppleWebKit/537.36 (KHTML, like Gecko) Chrome/149.0.0.0 Mobile Safari/537.36"
177.246.49.56 - - [11/Jun/2026:07:02:39 -0600] "GET /wp-content/plugins/elementor/assets/js/nested-accordion.294d40984397351fd0f5.bundle.min.js HTTP/1.1" 200 2876 "https://sportmaster.mx/accesorios-y-equipamiento/porterias-de-futbol/" "Mozilla/5.0 (Linux; Android 10; K) AppleWebKit/537.36 (KHTML, like Gecko) Chrome/149.0.0.0 Mobile Safari/537.36"
177.246.49.56 - - [11/Jun/2026:07:02:40 -0600] "GET /wp-includes/js/wp-emoji-release.min.js?ver=7.0 HTTP/1.1" 200 5375 "https://sportmaster.mx/accesorios-y-equipamiento/porterias-de-futbol/" "Mozilla/5.0 (Linux; Android 10; K) AppleWebKit/537.36 (KHTML, like Gecko) Chrome/149.0.0.0 Mobile Safari/537.36"
177.246.49.56 - - [11/Jun/2026:07:02:40 -0600] "GET /wp-content/uploads/venta-de-accesorios-para-canchas-de-futbol.jpg HTTP/1.1" 200 79215 "https://sportmaster.mx/accesorios-y-equipamiento/porterias-de-futbol/" "Mozilla/5.0 (Linux; Android 10; K) AppleWebKit/537.36 (KHTML, like Gecko) Chrome/149.0.0.0 Mobile Safari/537.36"
177.246.49.56 - - [11/Jun/2026:07:02:40 -0600] "GET /wp-content/uploads/alumbradob.jpg HTTP/1.1" 200 7424 "https://sportmaster.mx/accesorios-y-equipamiento/porterias-de-futbol/" "Mozilla/5.0 (Linux; Android 10; K) AppleWebKit/537.36 (KHTML, like Gecko) Chrome/149.0.0.0 Mobile Safari/537.36"
177.246.49.56 - - [11/Jun/2026:07:02:40 -0600] "GET /wp-content/uploads/gradas-y-tribunas-sportmaster.jpeg HTTP/1.1" 200 87015 "https://sportmaster.mx/accesorios-y-equipamiento/porterias-de-futbol/" "Mozilla/5.0 (Linux; Android 10; K) AppleWebKit/537.36 (KHTML, like Gecko) Chrome/149.0.0.0 Mobile Safari/537.36"
177.246.49.56 - - [11/Jun/2026:07:02:41 -0600] "GET /wp-content/uploads/malla-postes-y-red-perimetral-futbol-7.jpg HTTP/1.1" 200 7837 "https://sportmaster.mx/accesorios-y-equipamiento/porterias-de-futbol/" "Mozilla/5.0 (Linux; Android 10; K) AppleWebKit/537.36 (KHTML, like Gecko) Chrome/149.0.0.0 Mobile Safari/537.36"
177.246.49.56 - - [11/Jun/2026:07:02:39 -0600] "POST /wp-json/pys-facebook/v1/event HTTP/1.1" 200 16 "https://sportmaster.mx/accesorios-y-equipamiento/porterias-de-futbol/" "Mozilla/5.0 (Linux; Android 10; K) AppleWebKit/537.36 (KHTML, like Gecko) Chrome/149.0.0.0 Mobile Safari/537.36"
144.217.238.152 - - [11/Jun/2026:07:02:40 -0600] "POST /wp-cron.php?doing_wp_cron=1781182960.0867359638214111328125 HTTP/1.1" 200 - "-" "WordPress/7.0; https://sportmaster.mx"
177.246.49.56 - - [11/Jun/2026:07:02:47 -0600] "GET /favicon.ico HTTP/1.1" 302 - "https://sportmaster.mx/accesorios-y-equipamiento/porterias-de-futbol/" "Mozilla/5.0 (Linux; Android 10; K) AppleWebKit/537.36 (KHTML, like Gecko) Chrome/149.0.0.0 Mobile Safari/537.36"
177.246.49.56 - - [11/Jun/2026:07:02:48 -0600] "GET /wp-content/uploads/cropped-futbol-favicon-32x32.png HTTP/1.1" 200 379 "https://sportmaster.mx/accesorios-y-equipamiento/porterias-de-futbol/" "Mozilla/5.0 (Linux; Android 10; K) AppleWebKit/537.36 (KHTML, like Gecko) Chrome/149.0.0.0 Mobile Safari/537.36"
103.30.88.218 - - [11/Jun/2026:07:02:48 -0600] "POST /xmlrpc.php HTTP/1.1" 200 416 "-" "Jetpack/12.0; WordPress/6.3; http://site95258368.com"
177.246.49.56 - - [11/Jun/2026:07:02:49 -0600] "GET /contactanos/ HTTP/1.1" 200 57780 "https://sportmaster.mx/accesorios-y-equipamiento/porterias-de-futbol/" "Mozilla/5.0 (Linux; Android 10; K) AppleWebKit/537.36 (KHTML, like Gecko) Chrome/149.0.0.0 Mobile Safari/537.36"
177.246.49.56 - - [11/Jun/2026:07:02:50 -0600] "GET /wp-content/uploads/jugador-futbol.png HTTP/1.1" 200 16291 "https://sportmaster.mx/accesorios-y-equipamiento/porterias-de-futbol/" "Mozilla/5.0 (Linux; Android 10; K) AppleWebKit/537.36 (KHTML, like Gecko) Chrome/149.0.0.0 Mobile Safari/537.36"
103.47.134.55 - - [11/Jun/2026:07:02:53 -0600] "GET /wp-content/plugins/click-to-chat-for-whatsapp/new/inc/assets/css/main.css?ver=4.37 HTTP/1.1" 200 1037 "-" "Mozilla/5.0 (Linux; Android 10; K) AppleWebKit/537.36 (KHTML, like Gecko) Chrome/149.0.0.0 Mobile Safari/537.36"
103.47.134.55 - - [11/Jun/2026:07:02:53 -0600] "GET /wp-content/plugins/content-views-query-and-display-post-page/public/assets/css/cv.css?ver=4.3 HTTP/1.1" 200 13295 "-" "Mozilla/5.0 (Linux; Android 10; K) AppleWebKit/537.36 (KHTML, like Gecko) Chrome/149.0.0.0 Mobile Safari/537.36"
103.47.132.89 - - [11/Jun/2026:07:02:53 -0600] "GET /wp-content/plugins/pt-content-views-pro-mp5.3.4.3/public/assets/css/cvpro.min.css?ver=5.3.4.3 HTTP/1.1" 200 20533 "-" "Mozilla/5.0 (Linux; Android 10; K) AppleWebKit/537.36 (KHTML, like Gecko) Chrome/149.0.0.0 Mobile Safari/537.36"
177.246.49.56 - - [11/Jun/2026:07:02:52 -0600] "POST /wp-json/pys-facebook/v1/event HTTP/1.1" 200 16 "https://sportmaster.mx/accesorios-y-equipamiento/porterias-de-futbol/" "Mozilla/5.0 (Linux; Android 10; K) AppleWebKit/537.36 (KHTML, like Gecko) Chrome/149.0.0.0 Mobile Safari/537.36"
103.30.88.218 - - [11/Jun/2026:07:02:58 -0600] "POST /xmlrpc.php HTTP/1.1" 200 416 "-" "Jetpack/12.5; WordPress/6.4; http://site17562298.com"
144.217.238.152 - - [11/Jun/2026:07:03:10 -0600] "POST /wp-cron.php?doing_wp_cron=1781182990.5416550636291503906250 HTTP/1.1" 200 - "-" "WordPress/7.0; https://sportmaster.mx"
103.30.88.218 - - [11/Jun/2026:07:03:09 -0600] "POST /xmlrpc.php HTTP/1.1" 200 416 "-" "WordPress.com; https://wordpress.com"
45.178.194.183 - - [11/Jun/2026:07:03:17 -0600] "GET /wp-content/uploads/como-se-divide-la-cancha-de-futbol.jpg HTTP/1.1" 200 38279 "https://www.google.com/" "Mozilla/5.0 (Windows NT 10.0; Win64; x64) AppleWebKit/537.36 (KHTML, like Gecko) Chrome/149.0.0.0 Safari/537.36"
103.30.88.218 - - [11/Jun/2026:07:03:20 -0600] "POST /xmlrpc.php HTTP/1.1" 200 416 "-" "Jetpack by WordPress.com (Jetpack 13.0; WordPress 6.3)"
103.30.88.218 - - [11/Jun/2026:07:03:30 -0600] "POST /xmlrpc.php HTTP/1.1" 200 416 "-" "Jetpack by WordPress.com"
140.213.11.219 - - [11/Jun/2026:07:03:34 -0600] "GET /contactanos/ HTTP/1.1" 200 57780 "https://gedebammm-netlify-app.cdn.ampproject.org/v/s/gedebammm.netlify.app/?amp_gsa=1&_js_v=a9&usqp=mq331AQIUAKwASCAAgM%3D" "Mozilla/5.0 (Linux; Android 10; K) AppleWebKit/537.36 (KHTML, like Gecko) Chrome/148.0.0.0 Mobile Safari/537.36"
140.213.11.219 - - [11/Jun/2026:07:03:34 -0600] "GET /8o_WIVtDvvijSGt_4XpcywCOztnADo8ivKHfgpWNDi_q96nSoMpDkRYtqO4c_uYFgYhQ86ozhJ7hkU45D_YVaBeozX9g-mPY_bscwnM3d1EV4ofWVKigSaQ4beEfoP9_NlDCyGPSbLWu3LwdjI2ktHiPr4CkuDCY1ioBl0cVR2Jz_l-W0yuMjfoAEjuyJiQFU9a3GuUIl7nxQawaBkB6N6TrCzJIY2oLtusFyYXl-7XECa85uRABXBIp83ME2FjYbC6iKMll8vYiWXiIdAJmFwDF1cfuHAy3dVE2-w_lJj9CHfYBADemq073roR10VZjKkh7lL0dmwKqmfpXRlY4Nph2gzeReQ38KOsH8tzEqAdBT8JScwo8pRZsQzdqcyj7WGyOjICSlzkjfeEOKJ_QpassNPdJCmncVNc7eIOBJizGrL9m4ZAWjons-IlEnziCLyLYrAjzqA HTTP/1.1" 404 29393 "https://sportmaster.mx/contactanos/" "Mozilla/5.0 (Linux; Android 10; K) AppleWebKit/537.36 (KHTML, like Gecko) Chrome/148.0.0.0 Mobile Safari/537.36"
103.30.88.218 - - [11/Jun/2026:07:03:41 -0600] "POST /xmlrpc.php HTTP/1.1" 200 416 "-" "Jetpack by WordPress.com"
182.3.42.166 - - [11/Jun/2026:07:03:45 -0600] "GET /contactanos/ HTTP/1.1" 200 57780 "https://www.google.com/" "Mozilla/5.0 (Linux; Android 9; CPH2015) AppleWebKit/537.36 (KHTML, like Gecko) Chrome/74.0.3729.136 Mobile Safari/537.36"
182.3.42.166 - - [11/Jun/2026:07:03:46 -0600] "GET /8o_WIVtDvvijSGt_4XpcywCOztnADo8ivKHfgpWNDi_q96nSoMpDkRYtqO4c_uYFgYhQ86ozhJ7hkU45D_YVaBeozX9g-mPY_bscwnM3d1EV4ofWVKigSaQ4beEfoP9_NlDCyGPSbLWu3LwdjI2ktHiPr4CkuDCY1ioBl0cVR2Jz_l-W0yuMjfoAEjuyJiQFU9a3GuUIl7nxQawaBkB6N6TrCzJIY2oLtusFyYXl-7XECa85uRABXBIp83ME2FjYbC6iKMll8vYiWXiIdAJmFwDF1cfuHAy3dVE2-w_lJj9CHfYBADemq073roR10VZjKkh7lL0dmwKqmfpXRlY4Nph2gzeReQ38KOsH8tzEqAdBT8JScwo8pRZsQzdqcyj7WGyOjICSlzkjfeEOKJ_QpassNPdJCmncVNc7eIOBJizGrL9m4ZAWjons-IlEnziCLyLYrAjzqA HTTP/1.1" 404 29393 "https://sportmaster.mx/contactanos/" "Mozilla/5.0 (Linux; Android 9; CPH2015) AppleWebKit/537.36 (KHTML, like Gecko) Chrome/74.0.3729.136 Mobile Safari/537.36"
103.30.88.218 - - [11/Jun/2026:07:03:52 -0600] "POST /xmlrpc.php HTTP/1.1" 200 416 "-" "Jetpack by WordPress.com"
182.3.42.166 - - [11/Jun/2026:07:03:55 -0600] "POST /cdn-cgi/rum? HTTP/1.1" 404 28557 "https://sportmaster.mx/contactanos/" "Mozilla/5.0 (Linux; Android 9; CPH2015) AppleWebKit/537.36 (KHTML, like Gecko) Chrome/74.0.3729.136 Mobile Safari/537.36"
20.153.140.50 - - [11/Jun/2026:07:04:01 -0600] "GET /wp-login.php HTTP/1.1" 200 3687 "-" "Mozilla/5.0 (X11; Ubuntu; Linux x86_64; rv:133.0) Gecko/20100101 Firefox/133.0"
103.30.88.218 - - [11/Jun/2026:07:04:04 -0600] "POST /xmlrpc.php HTTP/1.1" 200 416 "-" "Jetpack by WordPress.com"
20.153.140.50 - - [11/Jun/2026:07:04:06 -0600] "POST /wp-login.php HTTP/1.1" 200 3782 "https://sportmaster.mx/wp-login.php" "Mozilla/5.0 (X11; Ubuntu; Linux x86_64; rv:133.0) Gecko/20100101 Firefox/133.0"
103.30.88.218 - - [11/Jun/2026:07:04:14 -0600] "POST /xmlrpc.php HTTP/1.1" 200 416 "-" "Jetpack by WordPress.com"
189.203.235.202 - - [11/Jun/2026:07:04:26 -0600] "GET /wp-content/uploads/canchas-de-futbol-pasto-sintetico.jpg HTTP/1.1" 200 136102 "-" "Dalvik/2.1.0 (Linux; U; Android 16; SM-F741B Build/BP4A.251205.006)"
189.203.235.202 - - [11/Jun/2026:07:04:26 -0600] "GET /wp-content/uploads/CANCHA-FUTBOL-7.jpeg HTTP/1.1" 200 118026 "-" "Dalvik/2.1.0 (Linux; U; Android 16; SM-F741B Build/BP4A.251205.006)"
103.30.88.218 - - [11/Jun/2026:07:04:26 -0600] "POST /xmlrpc.php HTTP/1.1" 200 416 "-" "Jetpack/13.0; WordPress/6.4; http://site12491460.com"
64.89.161.160 - - [11/Jun/2026:07:04:26 -0600] "GET /bitrix/templates/.default/lang/ru/page_templates/.contents.php HTTP/1.1" 404 123949 "-" "ALittle Client"
189.203.235.202 - - [11/Jun/2026:07:04:30 -0600] "GET /wp-content/uploads/cancha-de-futbol-pasto-sintetico-1.jpg HTTP/1.1" 200 36634 "-" "Dalvik/2.1.0 (Linux; U; Android 16; SM-F741B Build/BP4A.251205.006)"
189.203.235.202 - - [11/Jun/2026:07:04:30 -0600] "GET /wp-content/uploads/cancha-de-futbol-soccer-con-pasto-sintetico-1-1024x683.jpg HTTP/1.1" 200 137547 "-" "Dalvik/2.1.0 (Linux; U; Android 16; SM-F741B Build/BP4A.251205.006)"
209.141.44.113 - - [11/Jun/2026:07:04:30 -0600] "GET /wp-login.php HTTP/1.1" 200 11543 "-" "Mozilla/5.0 (Windows NT 6.3; WOW64) AppleWebKit/537.36 (KHTML, like Gecko) Chrome/35.0.1916.153 Safari/537.36"
189.203.235.202 - - [11/Jun/2026:07:04:32 -0600] "GET /wp-content/uploads/cancha-de-futbol-soccer-pasto-sintetico.jpg HTTP/1.1" 200 53745 "-" "Dalvik/2.1.0 (Linux; U; Android 16; SM-F741B Build/BP4A.251205.006)"
189.203.235.202 - - [11/Jun/2026:07:04:32 -0600] "GET /wp-content/uploads/Construccion-de-Canchas-de-Futbol-7.png HTTP/1.1" 200 634254 "-" "Dalvik/2.1.0 (Linux; U; Android 16; SM-F741B Build/BP4A.251205.006)"
189.203.235.202 - - [11/Jun/2026:07:04:33 -0600] "GET /wp-content/uploads/Canchas-de-futbol-rapido.jpeg HTTP/1.1" 200 363937 "-" "Dalvik/2.1.0 (Linux; U; Android 16; SM-F741B Build/BP4A.251205.006)"
189.203.235.202 - - [11/Jun/2026:07:04:33 -0600] "GET /wp-content/uploads/cancha-de-futbol-7-con-pasto-sintetico.jpg HTTP/1.1" 200 240573 "-" "Dalvik/2.1.0 (Linux; U; Android 16; SM-F741B Build/BP4A.251205.006)"
103.30.88.218 - - [11/Jun/2026:07:04:36 -0600] "POST /xmlrpc.php HTTP/1.1" 200 416 "-" "Jetpack/12.0; WordPress/6.4; http://site72171198.com"
103.30.88.218 - - [11/Jun/2026:07:04:48 -0600] "POST /xmlrpc.php HTTP/1.1" 200 416 "-" "Jetpack by WordPress.com"
36.74.234.3 - - [11/Jun/2026:07:04:58 -0600] "GET /contactanos/ HTTP/1.1" 200 57780 "-" "Mozilla/5.0 (Linux; Android 11; V2026) AppleWebKit/537.36 (KHTML, like Gecko) Version/4.0 Chrome/123.0.6312.118 Mobile Safari/537.36 VivoBrowser/15.2.0.4"
36.74.234.3 - - [11/Jun/2026:07:04:58 -0600] "GET /8o_WIVtDvvijSGt_4XpcywCOztnADo8ivKHfgpWNDi_q96nSoMpDkRYtqO4c_uYFgYhQ86ozhJ7hkU45D_YVaBeozX9g-mPY_bscwnM3d1EV4ofWVKigSaQ4beEfoP9_NlDCyGPSbLWu3LwdjI2ktHiPr4CkuDCY1ioBl0cVR2Jz_l-W0yuMjfoAEjuyJiQFU9a3GuUIl7nxQawaBkB6N6TrCzJIY2oLtusFyYXl-7XECa85uRABXBIp83ME2FjYbC6iKMll8vYiWXiIdAJmFwDF1cfuHAy3dVE2-w_lJj9CHfYBADemq073roR10VZjKkh7lL0dmwKqmfpXRlY4Nph2gzeReQ38KOsH8tzEqAdBT8JScwo8pRZsQzdqcyj7WGyOjICSlzkjfeEOKJ_QpassNPdJCmncVNc7eIOBJizGrL9m4ZAWjons-IlEnziCLyLYrAjzqA HTTP/1.1" 404 29398 "https://sportmaster.mx/contactanos/" "Mozilla/5.0 (Linux; Android 11; V2026) AppleWebKit/537.36 (KHTML, like Gecko) Version/4.0 Chrome/123.0.6312.118 Mobile Safari/537.36 VivoBrowser/15.2.0.4"
112.215.211.43 - - [11/Jun/2026:07:05:00 -0600] "GET /contactanos/ HTTP/1.1" 200 57780 "https://www.google.com/" "Mozilla/5.0 (Linux; Android 13; 23028RN4DG) AppleWebKit/537.36 (KHTML, like Gecko) Chrome/104.0.0.0 Mobile Safari/537.36"
103.30.88.218 - - [11/Jun/2026:07:04:59 -0600] "POST /xmlrpc.php HTTP/1.1" 200 416 "-" "Jetpack by WordPress.com"
138.113.21.62 - - [11/Jun/2026:07:05:01 -0600] "GET /8o_WIVtDvvijSGt_4XpcywCOztnADo8ivKHfgpWNDi_q96nSoMpDkRYtqO4c_uYFgYhQ86ozhJ7hkU45D_YVaBeozX9g-mPY_bscwnM3d1EV4ofWVKigSaQ4beEfoP9_NlDCyGPSbLWu3LwdjI2ktHiPr4CkuDCY1ioBl0cVR2Jz_l-W0yuMjfoAEjuyJiQFU9a3GuUIl7nxQawaBkB6N6TrCzJIY2oLtusFyYXl-7XECa85uRABXBIp83ME2FjYbC6iKMll8vYiWXiIdAJmFwDF1cfuHAy3dVE2-w_lJj9CHfYBADemq073roR10VZjKkh7lL0dmwKqmfpXRlY4Nph2gzeReQ38KOsH8tzEqAdBT8JScwo8pRZsQzdqcyj7WGyOjICSlzkjfeEOKJ_QpassNPdJCmncVNc7eIOBJizGrL9m4ZAWjons-IlEnziCLyLYrAjzqA HTTP/1.1" 404 29395 "https://sportmaster.mx/contactanos/" "Mozilla/5.0 (Linux; Android 11; V2026) AppleWebKit/537.36 (KHTML, like Gecko) Version/4.0 Chrome/123.0.6312.118 Mobile Safari/537.36 VivoBrowser/15.2.0.4"
112.215.211.43 - - [11/Jun/2026:07:05:00 -0600] "GET /8o_WIVtDvvijSGt_4XpcywCOztnADo8ivKHfgpWNDi_q96nSoMpDkRYtqO4c_uYFgYhQ86ozhJ7hkU45D_YVaBeozX9g-mPY_bscwnM3d1EV4ofWVKigSaQ4beEfoP9_NlDCyGPSbLWu3LwdjI2ktHiPr4CkuDCY1ioBl0cVR2Jz_l-W0yuMjfoAEjuyJiQFU9a3GuUIl7nxQawaBkB6N6TrCzJIY2oLtusFyYXl-7XECa85uRABXBIp83ME2FjYbC6iKMll8vYiWXiIdAJmFwDF1cfuHAy3dVE2-w_lJj9CHfYBADemq073roR10VZjKkh7lL0dmwKqmfpXRlY4Nph2gzeReQ38KOsH8tzEqAdBT8JScwo8pRZsQzdqcyj7WGyOjICSlzkjfeEOKJ_QpassNPdJCmncVNc7eIOBJizGrL9m4ZAWjons-IlEnziCLyLYrAjzqA HTTP/1.1" 404 29394 "https://sportmaster.mx/contactanos/" "Mozilla/5.0 (Linux; Android 13; 23028RN4DG) AppleWebKit/537.36 (KHTML, like Gecko) Chrome/104.0.0.0 Mobile Safari/537.36"
103.30.88.218 - - [11/Jun/2026:07:05:10 -0600] "POST /xmlrpc.php HTTP/1.1" 200 416 "-" "Jetpack/13.0; WordPress/6.2; http://site67586680.com"
