74.7.242.37 - - [11/Jun/2026:07:43:36 -0600] "GET /wp-content/plugins/elementor-pro/assets/js/frontend.min.js?ver=4.1.1 HTTP/1.1" 200 6419 "https://sportmaster.mx/pintura-para-canchas-deportivas/" "Mozilla/5.0 AppleWebKit/537.36 (KHTML, like Gecko; compatible; GPTBot/1.4; +https://openai.com/gptbot)"
74.7.228.200 - - [11/Jun/2026:07:43:38 -0600] "GET /wp-content/plugins/elementor/assets/js/webpack.runtime.min.js?ver=4.1.3 HTTP/1.1" 200 2539 "https://sportmaster.mx/pintura-para-canchas-deportivas/" "Mozilla/5.0 (Macintosh; Intel Mac OS X 10_15_7) AppleWebKit/537.36 (KHTML, like Gecko) Chrome/131.0.0.0 Safari/537.36; compatible; OAI-SearchBot/1.4; +https://openai.com/searchbot"
74.7.242.37 - - [11/Jun/2026:07:43:39 -0600] "GET /wp-content/plugins/elementor-pro/assets/css/widget-gallery.min.css?ver=4.1.1 HTTP/1.1" 200 1101 "https://sportmaster.mx/pintura-para-canchas-deportivas/" "Mozilla/5.0 AppleWebKit/537.36 (KHTML, like Gecko; compatible; GPTBot/1.4; +https://openai.com/gptbot)"
74.7.229.196 - - [11/Jun/2026:07:43:41 -0600] "GET /wp-content/plugins/elementor/assets/js/frontend.min.js?ver=4.1.3 HTTP/1.1" 200 10417 "https://sportmaster.mx/pintura-para-canchas-deportivas/" "Mozilla/5.0 (Macintosh; Intel Mac OS X 10_15_7) AppleWebKit/537.36 (KHTML, like Gecko) Chrome/131.0.0.0 Safari/537.36; compatible; OAI-SearchBot/1.4; +https://openai.com/searchbot"
74.7.242.37 - - [11/Jun/2026:07:43:41 -0600] "GET /wp-content/plugins/elementor-pro/assets/js/elements-handlers.min.js?ver=4.1.1 HTTP/1.1" 200 10535 "https://sportmaster.mx/pintura-para-canchas-deportivas/" "Mozilla/5.0 AppleWebKit/537.36 (KHTML, like Gecko; compatible; GPTBot/1.4; +https://openai.com/gptbot)"
74.7.229.149 - - [11/Jun/2026:07:43:43 -0600] "GET /wp-content/plugins/elementor-pro/assets/css/conditionals/transitions.min.css?ver=4.1.1 HTTP/1.1" 200 621 "https://sportmaster.mx/pintura-para-canchas-deportivas/" "Mozilla/5.0 (Macintosh; Intel Mac OS X 10_15_7) AppleWebKit/537.36 (KHTML, like Gecko) Chrome/131.0.0.0 Safari/537.36; compatible; OAI-SearchBot/1.4; +https://openai.com/searchbot"
74.7.242.37 - - [11/Jun/2026:07:43:43 -0600] "GET /wp-content/uploads/elementor/css/post-4276.css?ver=1781185380 HTTP/1.1" 200 4151 "https://sportmaster.mx/pintura-para-canchas-deportivas/" "Mozilla/5.0 AppleWebKit/537.36 (KHTML, like Gecko; compatible; GPTBot/1.4; +https://openai.com/gptbot)"
52.167.144.147 - - [11/Jun/2026:07:43:44 -0600] "GET /los-angeles-lakers-hat-139762 HTTP/1.1" 404 28665 "-" "Mozilla/5.0 AppleWebKit/537.36 (KHTML, like Gecko; compatible; bingbot/2.0; +http://www.bing.com/bingbot.htm) Chrome/116.0.1938.76 Safari/537.36"
74.7.228.200 - - [11/Jun/2026:07:43:45 -0600] "GET /wp-content/plugins/elementor-pro/assets/js/webpack-pro.runtime.min.js?ver=4.1.1 HTTP/1.1" 200 2829 "https://sportmaster.mx/pintura-para-canchas-deportivas/" "Mozilla/5.0 (Macintosh; Intel Mac OS X 10_15_7) AppleWebKit/537.36 (KHTML, like Gecko) Chrome/131.0.0.0 Safari/537.36; compatible; OAI-SearchBot/1.4; +https://openai.com/searchbot"
74.7.242.37 - - [11/Jun/2026:07:43:46 -0600] "GET /wp-content/plugins/elementor/assets/css/widget-image.min.css?ver=4.1.3 HTTP/1.1" 200 135 "https://sportmaster.mx/pintura-para-canchas-deportivas/" "Mozilla/5.0 AppleWebKit/537.36 (KHTML, like Gecko; compatible; GPTBot/1.4; +https://openai.com/gptbot)"
74.7.243.8 - - [11/Jun/2026:07:43:47 -0600] "GET /wp-content/plugins/elementor-pro/assets/css/widget-breadcrumbs.min.css?ver=4.1.1 HTTP/1.1" 200 119 "https://sportmaster.mx/pintura-para-canchas-deportivas/" "Mozilla/5.0 (Macintosh; Intel Mac OS X 10_15_7) AppleWebKit/537.36 (KHTML, like Gecko) Chrome/131.0.0.0 Safari/537.36; compatible; OAI-SearchBot/1.4; +https://openai.com/searchbot"
74.7.242.37 - - [11/Jun/2026:07:43:47 -0600] "GET /wp-content/plugins/elementor/assets/lib/font-awesome/js/v4-shims.min.js?ver=4.1.3 HTTP/1.1" 200 4209 "https://sportmaster.mx/pintura-para-canchas-deportivas/" "Mozilla/5.0 AppleWebKit/537.36 (KHTML, like Gecko; compatible; GPTBot/1.4; +https://openai.com/gptbot)"
74.7.243.8 - - [11/Jun/2026:07:43:49 -0600] "GET /wp-content/plugins/elementor/assets/css/conditionals/e-swiper.min.css?ver=4.1.3 HTTP/1.1" 200 799 "https://sportmaster.mx/pintura-para-canchas-deportivas/" "Mozilla/5.0 (Macintosh; Intel Mac OS X 10_15_7) AppleWebKit/537.36 (KHTML, like Gecko) Chrome/131.0.0.0 Safari/537.36; compatible; OAI-SearchBot/1.4; +https://openai.com/searchbot"
74.7.242.37 - - [11/Jun/2026:07:43:49 -0600] "GET /wp-content/plugins/elementor/assets/js/webpack.runtime.min.js?ver=4.1.3 HTTP/1.1" 200 2539 "https://sportmaster.mx/pintura-para-canchas-deportivas/" "Mozilla/5.0 AppleWebKit/537.36 (KHTML, like Gecko; compatible; GPTBot/1.4; +https://openai.com/gptbot)"
74.7.243.57 - - [11/Jun/2026:07:43:50 -0600] "GET /wp-content/plugins/elementor/assets/lib/font-awesome/css/all.min.css?ver=4.1.3 HTTP/1.1" 200 12869 "https://sportmaster.mx/pintura-para-canchas-deportivas/" "Mozilla/5.0 (Macintosh; Intel Mac OS X 10_15_7) AppleWebKit/537.36 (KHTML, like Gecko) Chrome/131.0.0.0 Safari/537.36; compatible; OAI-SearchBot/1.4; +https://openai.com/searchbot"
74.7.242.37 - - [11/Jun/2026:07:43:50 -0600] "GET /wp-content/plugins/elementor/assets/js/frontend-modules.min.js?ver=4.1.3 HTTP/1.1" 200 15970 "https://sportmaster.mx/pintura-para-canchas-deportivas/" "Mozilla/5.0 AppleWebKit/537.36 (KHTML, like Gecko; compatible; GPTBot/1.4; +https://openai.com/gptbot)"
74.7.243.8 - - [11/Jun/2026:07:43:51 -0600] "GET /wp-content/plugins/elementor-pro/assets/css/widget-form.min.css?ver=4.1.1 HTTP/1.1" 200 1579 "https://sportmaster.mx/pintura-para-canchas-deportivas/" "Mozilla/5.0 (Macintosh; Intel Mac OS X 10_15_7) AppleWebKit/537.36 (KHTML, like Gecko) Chrome/131.0.0.0 Safari/537.36; compatible; OAI-SearchBot/1.4; +https://openai.com/searchbot"
74.7.242.37 - - [11/Jun/2026:07:43:52 -0600] "GET /wp-content/plugins/elementor/assets/lib/animations/styles/e-animation-pulse.min.css?ver=4.1.3 HTTP/1.1" 200 164 "https://sportmaster.mx/pintura-para-canchas-deportivas/" "Mozilla/5.0 AppleWebKit/537.36 (KHTML, like Gecko; compatible; GPTBot/1.4; +https://openai.com/gptbot)"
74.7.228.196 - - [11/Jun/2026:07:43:53 -0600] "GET /wp-content/plugins/elementor/assets/lib/animations/styles/fadeInRight.min.css?ver=4.1.3 HTTP/1.1" 200 120 "https://sportmaster.mx/pintura-para-canchas-deportivas/" "Mozilla/5.0 (Macintosh; Intel Mac OS X 10_15_7) AppleWebKit/537.36 (KHTML, like Gecko) Chrome/131.0.0.0 Safari/537.36; compatible; OAI-SearchBot/1.4; +https://openai.com/searchbot"
74.7.242.37 - - [11/Jun/2026:07:43:53 -0600] "GET /wp-content/plugins/elementor/assets/js/frontend.min.js?ver=4.1.3 HTTP/1.1" 200 10417 "https://sportmaster.mx/pintura-para-canchas-deportivas/" "Mozilla/5.0 AppleWebKit/537.36 (KHTML, like Gecko; compatible; GPTBot/1.4; +https://openai.com/gptbot)"
74.7.229.149 - - [11/Jun/2026:07:43:54 -0600] "GET /wp-content/plugins/elementor-pro/assets/js/elements-handlers.min.js?ver=4.1.1 HTTP/1.1" 200 10535 "https://sportmaster.mx/pintura-para-canchas-deportivas/" "Mozilla/5.0 (Macintosh; Intel Mac OS X 10_15_7) AppleWebKit/537.36 (KHTML, like Gecko) Chrome/131.0.0.0 Safari/537.36; compatible; OAI-SearchBot/1.4; +https://openai.com/searchbot"
74.7.242.37 - - [11/Jun/2026:07:43:54 -0600] "GET /wp-content/plugins/elementor-pro/assets/js/webpack-pro.runtime.min.js?ver=4.1.1 HTTP/1.1" 200 2829 "https://sportmaster.mx/pintura-para-canchas-deportivas/" "Mozilla/5.0 AppleWebKit/537.36 (KHTML, like Gecko; compatible; GPTBot/1.4; +https://openai.com/gptbot)"
52.167.144.163 - - [11/Jun/2026:07:43:53 -0600] "GET /you-won-t-see-team-uniforms-during-Midsummer-Classic-4764-122093 HTTP/1.1" 404 28708 "-" "Mozilla/5.0 AppleWebKit/537.36 (KHTML, like Gecko; compatible; bingbot/2.0; +http://www.bing.com/bingbot.htm) Chrome/116.0.1938.76 Safari/537.36"
74.7.229.149 - - [11/Jun/2026:07:43:55 -0600] "GET /wp-content/uploads/elementor/css/post-4276.css?ver=1781185380 HTTP/1.1" 200 4151 "https://sportmaster.mx/pintura-para-canchas-deportivas/" "Mozilla/5.0 (Macintosh; Intel Mac OS X 10_15_7) AppleWebKit/537.36 (KHTML, like Gecko) Chrome/131.0.0.0 Safari/537.36; compatible; OAI-SearchBot/1.4; +https://openai.com/searchbot"
74.7.242.37 - - [11/Jun/2026:07:43:55 -0600] "GET /wp-content/plugins/elementor/assets/lib/font-awesome/css/v4-shims.min.css?ver=4.1.3 HTTP/1.1" 200 4229 "https://sportmaster.mx/pintura-para-canchas-deportivas/" "Mozilla/5.0 AppleWebKit/537.36 (KHTML, like Gecko; compatible; GPTBot/1.4; +https://openai.com/gptbot)"
74.7.229.100 - - [11/Jun/2026:07:43:56 -0600] "GET /wp-content/uploads/elementor/css/post-1100.css?ver=1781182658 HTTP/1.1" 200 383 "https://sportmaster.mx/pintura-para-canchas-deportivas/" "Mozilla/5.0 (Macintosh; Intel Mac OS X 10_15_7) AppleWebKit/537.36 (KHTML, like Gecko) Chrome/131.0.0.0 Safari/537.36; compatible; OAI-SearchBot/1.4; +https://openai.com/searchbot"
74.7.242.37 - - [11/Jun/2026:07:43:56 -0600] "GET /wp-content/plugins/elementor-pro/assets/css/widget-breadcrumbs.min.css?ver=4.1.1 HTTP/1.1" 200 119 "https://sportmaster.mx/pintura-para-canchas-deportivas/" "Mozilla/5.0 AppleWebKit/537.36 (KHTML, like Gecko; compatible; GPTBot/1.4; +https://openai.com/gptbot)"
74.7.229.196 - - [11/Jun/2026:07:43:57 -0600] "GET /wp-content/plugins/elementor/assets/css/widget-image.min.css?ver=4.1.3 HTTP/1.1" 200 135 "https://sportmaster.mx/pintura-para-canchas-deportivas/" "Mozilla/5.0 (Macintosh; Intel Mac OS X 10_15_7) AppleWebKit/537.36 (KHTML, like Gecko) Chrome/131.0.0.0 Safari/537.36; compatible; OAI-SearchBot/1.4; +https://openai.com/searchbot"
121.200.216.55 - - [11/Jun/2026:07:43:56 -0600] "GET /wp-login.php HTTP/1.1" 200 3687 "-" "Mozilla/5.0 (Windows NT 10.0) AppleWebKit/537.36 (KHTML, like Gecko) Chrome/133.0.0.0 Safari/537.36"
74.7.242.37 - - [11/Jun/2026:07:43:57 -0600] "GET /wp-content/plugins/elementor/assets/css/frontend.min.css?ver=4.1.3 HTTP/1.1" 200 7271 "https://sportmaster.mx/pintura-para-canchas-deportivas/" "Mozilla/5.0 AppleWebKit/537.36 (KHTML, like Gecko; compatible; GPTBot/1.4; +https://openai.com/gptbot)"
74.7.228.200 - - [11/Jun/2026:07:43:57 -0600] "GET /wp-content/plugins/elementor/assets/lib/font-awesome/js/v4-shims.min.js?ver=4.1.3 HTTP/1.1" 200 4209 "https://sportmaster.mx/pintura-para-canchas-deportivas/" "Mozilla/5.0 (Macintosh; Intel Mac OS X 10_15_7) AppleWebKit/537.36 (KHTML, like Gecko) Chrome/131.0.0.0 Safari/537.36; compatible; OAI-SearchBot/1.4; +https://openai.com/searchbot"
74.7.242.37 - - [11/Jun/2026:07:43:57 -0600] "GET /wp-content/plugins/elementor/assets/css/conditionals/e-swiper.min.css?ver=4.1.3 HTTP/1.1" 200 799 "https://sportmaster.mx/pintura-para-canchas-deportivas/" "Mozilla/5.0 AppleWebKit/537.36 (KHTML, like Gecko; compatible; GPTBot/1.4; +https://openai.com/gptbot)"
74.7.228.196 - - [11/Jun/2026:07:43:58 -0600] "GET /wp-content/plugins/elementor/assets/css/widget-heading.min.css?ver=4.1.3 HTTP/1.1" 200 160 "https://sportmaster.mx/pintura-para-canchas-deportivas/" "Mozilla/5.0 (Macintosh; Intel Mac OS X 10_15_7) AppleWebKit/537.36 (KHTML, like Gecko) Chrome/131.0.0.0 Safari/537.36; compatible; OAI-SearchBot/1.4; +https://openai.com/searchbot"
74.7.242.37 - - [11/Jun/2026:07:43:58 -0600] "GET /wp-content/plugins/elementor/assets/lib/font-awesome/css/all.min.css?ver=4.1.3 HTTP/1.1" 200 12869 "https://sportmaster.mx/pintura-para-canchas-deportivas/" "Mozilla/5.0 AppleWebKit/537.36 (KHTML, like Gecko; compatible; GPTBot/1.4; +https://openai.com/gptbot)"
74.7.229.100 - - [11/Jun/2026:07:43:59 -0600] "GET /wp-content/plugins/elementor/assets/lib/animations/styles/e-animation-pulse.min.css?ver=4.1.3 HTTP/1.1" 200 164 "https://sportmaster.mx/pintura-para-canchas-deportivas/" "Mozilla/5.0 (Macintosh; Intel Mac OS X 10_15_7) AppleWebKit/537.36 (KHTML, like Gecko) Chrome/131.0.0.0 Safari/537.36; compatible; OAI-SearchBot/1.4; +https://openai.com/searchbot"
74.7.242.37 - - [11/Jun/2026:07:43:59 -0600] "GET /wp-content/plugins/elementor/assets/css/widget-divider.min.css?ver=4.1.3 HTTP/1.1" 200 741 "https://sportmaster.mx/pintura-para-canchas-deportivas/" "Mozilla/5.0 AppleWebKit/537.36 (KHTML, like Gecko; compatible; GPTBot/1.4; +https://openai.com/gptbot)"
121.200.216.55 - - [11/Jun/2026:07:43:58 -0600] "POST /wp-login.php HTTP/1.1" 200 3782 "https://sportmaster.mx/wp-login.php" "Mozilla/5.0 (Windows NT 10.0) AppleWebKit/537.36 (KHTML, like Gecko) Chrome/133.0.0.0 Safari/537.36"
74.7.229.149 - - [11/Jun/2026:07:43:59 -0600] "GET /wp-content/plugins/elementor/assets/js/frontend-modules.min.js?ver=4.1.3 HTTP/1.1" 200 15970 "https://sportmaster.mx/pintura-para-canchas-deportivas/" "Mozilla/5.0 (Macintosh; Intel Mac OS X 10_15_7) AppleWebKit/537.36 (KHTML, like Gecko) Chrome/131.0.0.0 Safari/537.36; compatible; OAI-SearchBot/1.4; +https://openai.com/searchbot"
74.7.242.37 - - [11/Jun/2026:07:43:59 -0600] "GET /wp-content/plugins/elementor/assets/lib/animations/styles/fadeInRight.min.css?ver=4.1.3 HTTP/1.1" 200 120 "https://sportmaster.mx/pintura-para-canchas-deportivas/" "Mozilla/5.0 AppleWebKit/537.36 (KHTML, like Gecko; compatible; GPTBot/1.4; +https://openai.com/gptbot)"
74.7.229.196 - - [11/Jun/2026:07:44:00 -0600] "GET /wp-content/plugins/elementor/assets/lib/font-awesome/css/v4-shims.min.css?ver=4.1.3 HTTP/1.1" 200 4229 "https://sportmaster.mx/pintura-para-canchas-deportivas/" "Mozilla/5.0 (Macintosh; Intel Mac OS X 10_15_7) AppleWebKit/537.36 (KHTML, like Gecko) Chrome/131.0.0.0 Safari/537.36; compatible; OAI-SearchBot/1.4; +https://openai.com/searchbot"
74.7.242.37 - - [11/Jun/2026:07:44:00 -0600] "GET /wp-content/uploads/elementor/css/post-1100.css?ver=1781182658 HTTP/1.1" 200 383 "https://sportmaster.mx/pintura-para-canchas-deportivas/" "Mozilla/5.0 AppleWebKit/537.36 (KHTML, like Gecko; compatible; GPTBot/1.4; +https://openai.com/gptbot)"
74.7.229.100 - - [11/Jun/2026:07:44:00 -0600] "GET /wp-content/plugins/elementor/assets/css/frontend.min.css?ver=4.1.3 HTTP/1.1" 200 7271 "https://sportmaster.mx/pintura-para-canchas-deportivas/" "Mozilla/5.0 (Macintosh; Intel Mac OS X 10_15_7) AppleWebKit/537.36 (KHTML, like Gecko) Chrome/131.0.0.0 Safari/537.36; compatible; OAI-SearchBot/1.4; +https://openai.com/searchbot"
74.7.242.37 - - [11/Jun/2026:07:44:00 -0600] "GET /wp-content/plugins/elementor/assets/css/widget-heading.min.css?ver=4.1.3 HTTP/1.1" 200 160 "https://sportmaster.mx/pintura-para-canchas-deportivas/" "Mozilla/5.0 AppleWebKit/537.36 (KHTML, like Gecko; compatible; GPTBot/1.4; +https://openai.com/gptbot)"
74.7.229.186 - - [11/Jun/2026:07:44:01 -0600] "GET /wp-content/plugins/elementor/assets/css/widget-divider.min.css?ver=4.1.3 HTTP/1.1" 200 741 "https://sportmaster.mx/pintura-para-canchas-deportivas/" "Mozilla/5.0 (Macintosh; Intel Mac OS X 10_15_7) AppleWebKit/537.36 (KHTML, like Gecko) Chrome/131.0.0.0 Safari/537.36; compatible; OAI-SearchBot/1.4; +https://openai.com/searchbot"
74.7.228.196 - - [11/Jun/2026:07:44:01 -0600] "GET /wp-json/wp/v2/pages/4276 HTTP/1.1" 200 210095 "https://sportmaster.mx/pintura-para-canchas-deportivas/" "Mozilla/5.0 (Macintosh; Intel Mac OS X 10_15_7) AppleWebKit/537.36 (KHTML, like Gecko) Chrome/131.0.0.0 Safari/537.36; compatible; OAI-SearchBot/1.4; +https://openai.com/searchbot"
74.7.228.196 - - [11/Jun/2026:07:44:03 -0600] "GET /wp-json/oembed/1.0/embed?format=xml&url=https%3A%2F%2Fsportmaster.mx%2Fpintura-para-canchas-deportivas%2F HTTP/1.1" 200 1320 "https://sportmaster.mx/pintura-para-canchas-deportivas/" "Mozilla/5.0 (Macintosh; Intel Mac OS X 10_15_7) AppleWebKit/537.36 (KHTML, like Gecko) Chrome/131.0.0.0 Safari/537.36; compatible; OAI-SearchBot/1.4; +https://openai.com/searchbot"
74.7.229.196 - - [11/Jun/2026:07:44:04 -0600] "GET /?p=4276 HTTP/1.1" 301 - "https://sportmaster.mx/pintura-para-canchas-deportivas/" "Mozilla/5.0 (Macintosh; Intel Mac OS X 10_15_7) AppleWebKit/537.36 (KHTML, like Gecko) Chrome/131.0.0.0 Safari/537.36; compatible; OAI-SearchBot/1.4; +https://openai.com/searchbot"
74.7.229.186 - - [11/Jun/2026:07:44:05 -0600] "GET /wp-json/oembed/1.0/embed?url=https%3A%2F%2Fsportmaster.mx%2Fpintura-para-canchas-deportivas%2F HTTP/1.1" 200 1264 "https://sportmaster.mx/pintura-para-canchas-deportivas/" "Mozilla/5.0 (Macintosh; Intel Mac OS X 10_15_7) AppleWebKit/537.36 (KHTML, like Gecko) Chrome/131.0.0.0 Safari/537.36; compatible; OAI-SearchBot/1.4; +https://openai.com/searchbot"
74.7.229.196 - - [11/Jun/2026:07:44:06 -0600] "GET /?p=4276 HTTP/1.1" 301 - "https://sportmaster.mx/pintura-para-canchas-deportivas/" "Mozilla/5.0 (Macintosh; Intel Mac OS X 10_15_7) AppleWebKit/537.36 (KHTML, like Gecko) Chrome/131.0.0.0 Safari/537.36; compatible; OAI-SearchBot/1.4; +https://openai.com/searchbot"
186.96.173.29 - - [11/Jun/2026:07:44:49 -0600] "GET /tipos-de-canchas/canchas-futbol-soccer/ HTTP/1.1" 200 37035 "https://www.google.com/" "Mozilla/5.0 (Macintosh; Intel Mac OS X 10_15_7) AppleWebKit/605.1.15 (KHTML, like Gecko) Version/26.5 Safari/605.1.15"
186.96.173.29 - - [11/Jun/2026:07:44:51 -0600] "GET /wp-content/plugins/content-views-query-and-display-post-page/public/assets/css/cv.css?ver=4.4 HTTP/1.1" 200 13295 "https://sportmaster.mx/" "Mozilla/5.0 (Macintosh; Intel Mac OS X 10_15_7) AppleWebKit/605.1.15 (KHTML, like Gecko) Version/26.5 Safari/605.1.15"
186.96.173.29 - - [11/Jun/2026:07:44:51 -0600] "GET /wp-content/plugins/formularios-de-contacto-salesup/helpers/jquery-ui-1.12.1/jquery-ui.min.css?ver=1.0.14 HTTP/1.1" 200 7901 "https://sportmaster.mx/" "Mozilla/5.0 (Macintosh; Intel Mac OS X 10_15_7) AppleWebKit/605.1.15 (KHTML, like Gecko) Version/26.5 Safari/605.1.15"
104.28.159.47 - - [11/Jun/2026:07:44:50 -0600] "GET /contactanos/ HTTP/1.1" 200 57780 "https://www.google.com/" "Mozilla/5.0 (Linux; Android 10; K) AppleWebKit/537.36 (KHTML, like Gecko) Chrome/149.0.0.0 Mobile Safari/537.36"
186.96.173.29 - - [11/Jun/2026:07:44:51 -0600] "GET /wp-content/themes/generatepress/assets/css/unsemantic-grid.min.css?ver=3.6.0 HTTP/1.1" 200 2216 "https://sportmaster.mx/" "Mozilla/5.0 (Macintosh; Intel Mac OS X 10_15_7) AppleWebKit/605.1.15 (KHTML, like Gecko) Version/26.5 Safari/605.1.15"
186.96.173.29 - - [11/Jun/2026:07:44:51 -0600] "GET /wp-content/themes/generatepress/assets/css/style.min.css?ver=3.6.0 HTTP/1.1" 200 5109 "https://sportmaster.mx/" "Mozilla/5.0 (Macintosh; Intel Mac OS X 10_15_7) AppleWebKit/605.1.15 (KHTML, like Gecko) Version/26.5 Safari/605.1.15"
186.96.173.29 - - [11/Jun/2026:07:44:51 -0600] "GET /wp-content/themes/generatepress/assets/css/mobile.min.css?ver=3.6.0 HTTP/1.1" 200 1135 "https://sportmaster.mx/" "Mozilla/5.0 (Macintosh; Intel Mac OS X 10_15_7) AppleWebKit/605.1.15 (KHTML, like Gecko) Version/26.5 Safari/605.1.15"
186.96.173.29 - - [11/Jun/2026:07:44:51 -0600] "GET /wp-content/plugins/formularios-de-contacto-salesup/helpers/izitoast/css/iziToast.min.css?ver=1.0.14 HTTP/1.1" 200 10437 "https://sportmaster.mx/" "Mozilla/5.0 (Macintosh; Intel Mac OS X 10_15_7) AppleWebKit/605.1.15 (KHTML, like Gecko) Version/26.5 Safari/605.1.15"
186.96.173.29 - - [11/Jun/2026:07:44:51 -0600] "GET /wp-content/plugins/click-to-chat-for-whatsapp/new/inc/assets/css/main.css?ver=4.40 HTTP/1.1" 200 1037 "https://sportmaster.mx/" "Mozilla/5.0 (Macintosh; Intel Mac OS X 10_15_7) AppleWebKit/605.1.15 (KHTML, like Gecko) Version/26.5 Safari/605.1.15"
186.96.173.29 - - [11/Jun/2026:07:44:51 -0600] "GET /wp-content/themes/generatepress/assets/css/components/font-icons.min.css?ver=3.6.0 HTTP/1.1" 200 766 "https://sportmaster.mx/" "Mozilla/5.0 (Macintosh; Intel Mac OS X 10_15_7) AppleWebKit/605.1.15 (KHTML, like Gecko) Version/26.5 Safari/605.1.15"
186.96.173.29 - - [11/Jun/2026:07:44:51 -0600] "GET /wp-content/plugins/cookie-notice/css/front.min.css?ver=3.1.1 HTTP/1.1" 200 1247 "https://sportmaster.mx/" "Mozilla/5.0 (Macintosh; Intel Mac OS X 10_15_7) AppleWebKit/605.1.15 (KHTML, like Gecko) Version/26.5 Safari/605.1.15"
186.96.173.29 - - [11/Jun/2026:07:44:51 -0600] "GET /wp-content/plugins/pt-content-views-pro-mp5.3.4.3/public/assets/css/cvpro.min.css?ver=5.3.4.3 HTTP/1.1" 200 20533 "https://sportmaster.mx/" "Mozilla/5.0 (Macintosh; Intel Mac OS X 10_15_7) AppleWebKit/605.1.15 (KHTML, like Gecko) Version/26.5 Safari/605.1.15"
186.96.173.29 - - [11/Jun/2026:07:44:51 -0600] "GET /wp-content/plugins/elementor/assets/css/frontend.min.css?ver=4.1.3 HTTP/1.1" 200 7271 "https://sportmaster.mx/" "Mozilla/5.0 (Macintosh; Intel Mac OS X 10_15_7) AppleWebKit/605.1.15 (KHTML, like Gecko) Version/26.5 Safari/605.1.15"
186.96.173.29 - - [11/Jun/2026:07:44:51 -0600] "GET /wp-content/plugins/elementor/assets/css/widget-image.min.css?ver=4.1.3 HTTP/1.1" 200 135 "https://sportmaster.mx/" "Mozilla/5.0 (Macintosh; Intel Mac OS X 10_15_7) AppleWebKit/605.1.15 (KHTML, like Gecko) Version/26.5 Safari/605.1.15"
186.96.173.29 - - [11/Jun/2026:07:44:51 -0600] "GET /wp-content/plugins/elementor-pro/assets/css/widget-nav-menu.min.css?ver=4.1.1 HTTP/1.1" 200 3447 "https://sportmaster.mx/" "Mozilla/5.0 (Macintosh; Intel Mac OS X 10_15_7) AppleWebKit/605.1.15 (KHTML, like Gecko) Version/26.5 Safari/605.1.15"
186.96.173.29 - - [11/Jun/2026:07:44:51 -0600] "GET /wp-content/plugins/elementor/assets/css/widget-social-icons.min.css?ver=4.1.3 HTTP/1.1" 200 1142 "https://sportmaster.mx/" "Mozilla/5.0 (Macintosh; Intel Mac OS X 10_15_7) AppleWebKit/605.1.15 (KHTML, like Gecko) Version/26.5 Safari/605.1.15"
186.96.173.29 - - [11/Jun/2026:07:44:51 -0600] "GET /wp-content/plugins/elementor/assets/css/conditionals/apple-webkit.min.css?ver=4.1.3 HTTP/1.1" 200 547 "https://sportmaster.mx/" "Mozilla/5.0 (Macintosh; Intel Mac OS X 10_15_7) AppleWebKit/605.1.15 (KHTML, like Gecko) Version/26.5 Safari/605.1.15"
186.96.173.29 - - [11/Jun/2026:07:44:51 -0600] "GET /wp-content/plugins/elementor-pro/assets/css/modules/sticky.min.css?ver=4.1.1 HTTP/1.1" 200 116 "https://sportmaster.mx/" "Mozilla/5.0 (Macintosh; Intel Mac OS X 10_15_7) AppleWebKit/605.1.15 (KHTML, like Gecko) Version/26.5 Safari/605.1.15"
186.96.173.29 - - [11/Jun/2026:07:44:51 -0600] "GET /wp-content/plugins/elementor/assets/css/widget-spacer.min.css?ver=4.1.3 HTTP/1.1" 200 338 "https://sportmaster.mx/" "Mozilla/5.0 (Macintosh; Intel Mac OS X 10_15_7) AppleWebKit/605.1.15 (KHTML, like Gecko) Version/26.5 Safari/605.1.15"
186.96.173.29 - - [11/Jun/2026:07:44:51 -0600] "GET /wp-content/plugins/elementor/assets/css/widget-heading.min.css?ver=4.1.3 HTTP/1.1" 200 160 "https://sportmaster.mx/" "Mozilla/5.0 (Macintosh; Intel Mac OS X 10_15_7) AppleWebKit/605.1.15 (KHTML, like Gecko) Version/26.5 Safari/605.1.15"
186.96.173.29 - - [11/Jun/2026:07:44:51 -0600] "GET /wp-content/plugins/elementor/assets/css/widget-icon-list.min.css?ver=4.1.3 HTTP/1.1" 200 1023 "https://sportmaster.mx/" "Mozilla/5.0 (Macintosh; Intel Mac OS X 10_15_7) AppleWebKit/605.1.15 (KHTML, like Gecko) Version/26.5 Safari/605.1.15"
186.96.173.29 - - [11/Jun/2026:07:44:51 -0600] "GET /wp-content/uploads/elementor/css/post-1100.css?ver=1781182658 HTTP/1.1" 200 383 "https://sportmaster.mx/" "Mozilla/5.0 (Macintosh; Intel Mac OS X 10_15_7) AppleWebKit/605.1.15 (KHTML, like Gecko) Version/26.5 Safari/605.1.15"
186.96.173.29 - - [11/Jun/2026:07:44:51 -0600] "GET /wp-content/plugins/elementor/assets/lib/font-awesome/css/all.min.css?ver=4.1.3 HTTP/1.1" 200 12869 "https://sportmaster.mx/" "Mozilla/5.0 (Macintosh; Intel Mac OS X 10_15_7) AppleWebKit/605.1.15 (KHTML, like Gecko) Version/26.5 Safari/605.1.15"
186.96.173.29 - - [11/Jun/2026:07:44:51 -0600] "GET /wp-content/plugins/elementor/assets/lib/font-awesome/css/v4-shims.min.css?ver=4.1.3 HTTP/1.1" 200 4229 "https://sportmaster.mx/" "Mozilla/5.0 (Macintosh; Intel Mac OS X 10_15_7) AppleWebKit/605.1.15 (KHTML, like Gecko) Version/26.5 Safari/605.1.15"
186.96.173.29 - - [11/Jun/2026:07:44:51 -0600] "GET /wp-content/plugins/elementor-pro/assets/css/widget-breadcrumbs.min.css?ver=4.1.1 HTTP/1.1" 200 119 "https://sportmaster.mx/" "Mozilla/5.0 (Macintosh; Intel Mac OS X 10_15_7) AppleWebKit/605.1.15 (KHTML, like Gecko) Version/26.5 Safari/605.1.15"
186.96.173.29 - - [11/Jun/2026:07:44:51 -0600] "GET /wp-content/plugins/elementor/assets/css/widget-divider.min.css?ver=4.1.3 HTTP/1.1" 200 741 "https://sportmaster.mx/" "Mozilla/5.0 (Macintosh; Intel Mac OS X 10_15_7) AppleWebKit/605.1.15 (KHTML, like Gecko) Version/26.5 Safari/605.1.15"
186.96.173.29 - - [11/Jun/2026:07:44:51 -0600] "GET /wp-content/plugins/elementor-pro/assets/css/widget-call-to-action.min.css?ver=4.1.1 HTTP/1.1" 200 1336 "https://sportmaster.mx/" "Mozilla/5.0 (Macintosh; Intel Mac OS X 10_15_7) AppleWebKit/605.1.15 (KHTML, like Gecko) Version/26.5 Safari/605.1.15"
186.96.173.29 - - [11/Jun/2026:07:44:51 -0600] "GET /wp-content/plugins/elementor-pro/assets/css/conditionals/transitions.min.css?ver=4.1.1 HTTP/1.1" 200 621 "https://sportmaster.mx/" "Mozilla/5.0 (Macintosh; Intel Mac OS X 10_15_7) AppleWebKit/605.1.15 (KHTML, like Gecko) Version/26.5 Safari/605.1.15"
186.96.173.29 - - [11/Jun/2026:07:44:51 -0600] "GET /wp-content/uploads/elementor/css/post-845.css?ver=1781184507 HTTP/1.1" 200 2210 "https://sportmaster.mx/" "Mozilla/5.0 (Macintosh; Intel Mac OS X 10_15_7) AppleWebKit/605.1.15 (KHTML, like Gecko) Version/26.5 Safari/605.1.15"
186.96.173.29 - - [11/Jun/2026:07:44:51 -0600] "GET /wp-content/uploads/elementor/css/post-16.css?ver=1781182658 HTTP/1.1" 200 1119 "https://sportmaster.mx/" "Mozilla/5.0 (Macintosh; Intel Mac OS X 10_15_7) AppleWebKit/605.1.15 (KHTML, like Gecko) Version/26.5 Safari/605.1.15"
186.96.173.29 - - [11/Jun/2026:07:44:51 -0600] "GET /wp-content/uploads/elementor/css/post-226.css?ver=1781182658 HTTP/1.1" 200 1500 "https://sportmaster.mx/" "Mozilla/5.0 (Macintosh; Intel Mac OS X 10_15_7) AppleWebKit/605.1.15 (KHTML, like Gecko) Version/26.5 Safari/605.1.15"
186.96.173.29 - - [11/Jun/2026:07:44:51 -0600] "GET /wp-content/plugins/gp-premium/menu-plus/functions/css/sticky.min.css?ver=2.5.5 HTTP/1.1" 200 487 "https://sportmaster.mx/" "Mozilla/5.0 (Macintosh; Intel Mac OS X 10_15_7) AppleWebKit/605.1.15 (KHTML, like Gecko) Version/26.5 Safari/605.1.15"
186.96.173.29 - - [11/Jun/2026:07:44:51 -0600] "GET /wp-content/uploads/elementor/google-fonts/css/roboto.css?ver=1742255997 HTTP/1.1" 200 2847 "https://sportmaster.mx/" "Mozilla/5.0 (Macintosh; Intel Mac OS X 10_15_7) AppleWebKit/605.1.15 (KHTML, like Gecko) Version/26.5 Safari/605.1.15"
186.96.173.29 - - [11/Jun/2026:07:44:51 -0600] "GET /wp-content/uploads/elementor/google-fonts/css/robotoslab.css?ver=1742255999 HTTP/1.1" 200 916 "https://sportmaster.mx/" "Mozilla/5.0 (Macintosh; Intel Mac OS X 10_15_7) AppleWebKit/605.1.15 (KHTML, like Gecko) Version/26.5 Safari/605.1.15"
186.96.173.29 - - [11/Jun/2026:07:44:51 -0600] "GET /wp-content/uploads/elementor/google-fonts/css/tajawal.css?ver=1742257445 HTTP/1.1" 200 691 "https://sportmaster.mx/" "Mozilla/5.0 (Macintosh; Intel Mac OS X 10_15_7) AppleWebKit/605.1.15 (KHTML, like Gecko) Version/26.5 Safari/605.1.15"
186.96.173.29 - - [11/Jun/2026:07:44:51 -0600] "GET /wp-content/uploads/elementor/google-fonts/css/poppins.css?ver=1742256000 HTTP/1.1" 200 717 "https://sportmaster.mx/" "Mozilla/5.0 (Macintosh; Intel Mac OS X 10_15_7) AppleWebKit/605.1.15 (KHTML, like Gecko) Version/26.5 Safari/605.1.15"
186.96.173.29 - - [11/Jun/2026:07:44:51 -0600] "GET /wp-includes/js/jquery/jquery-migrate.min.js?ver=3.4.1 HTTP/1.1" 200 4872 "https://sportmaster.mx/" "Mozilla/5.0 (Macintosh; Intel Mac OS X 10_15_7) AppleWebKit/605.1.15 (KHTML, like Gecko) Version/26.5 Safari/605.1.15"
186.96.173.29 - - [11/Jun/2026:07:44:51 -0600] "GET /wp-includes/js/jquery/jquery.min.js?ver=3.7.1 HTTP/1.1" 200 30368 "https://sportmaster.mx/" "Mozilla/5.0 (Macintosh; Intel Mac OS X 10_15_7) AppleWebKit/605.1.15 (KHTML, like Gecko) Version/26.5 Safari/605.1.15"
186.96.173.29 - - [11/Jun/2026:07:44:51 -0600] "GET /wp-content/plugins/elementor/assets/lib/font-awesome/js/v4-shims.min.js?ver=4.1.3 HTTP/1.1" 200 4209 "https://sportmaster.mx/" "Mozilla/5.0 (Macintosh; Intel Mac OS X 10_15_7) AppleWebKit/605.1.15 (KHTML, like Gecko) Version/26.5 Safari/605.1.15"
186.96.173.29 - - [11/Jun/2026:07:44:51 -0600] "GET /wp-content/plugins/pixelyoursite-pro/dist/scripts/jquery.bind-first-0.2.3.min.js HTTP/1.1" 200 693 "https://sportmaster.mx/" "Mozilla/5.0 (Macintosh; Intel Mac OS X 10_15_7) AppleWebKit/605.1.15 (KHTML, like Gecko) Version/26.5 Safari/605.1.15"
186.96.173.29 - - [11/Jun/2026:07:44:51 -0600] "GET /wp-content/plugins/pixelyoursite-pro/dist/scripts/js.cookie-2.1.3.min.js?ver=2.1.3 HTTP/1.1" 200 879 "https://sportmaster.mx/" "Mozilla/5.0 (Macintosh; Intel Mac OS X 10_15_7) AppleWebKit/605.1.15 (KHTML, like Gecko) Version/26.5 Safari/605.1.15"
186.96.173.29 - - [11/Jun/2026:07:44:51 -0600] "GET /wp-content/plugins/pixelyoursite-pro/dist/scripts/sha256.js?ver=0.11.0 HTTP/1.1" 200 4625 "https://sportmaster.mx/" "Mozilla/5.0 (Macintosh; Intel Mac OS X 10_15_7) AppleWebKit/605.1.15 (KHTML, like Gecko) Version/26.5 Safari/605.1.15"
186.96.173.29 - - [11/Jun/2026:07:44:51 -0600] "GET /wp-content/uploads/boton-whatsapp.png HTTP/1.1" 200 31967 "https://sportmaster.mx/" "Mozilla/5.0 (Macintosh; Intel Mac OS X 10_15_7) AppleWebKit/605.1.15 (KHTML, like Gecko) Version/26.5 Safari/605.1.15"
186.96.173.29 - - [11/Jun/2026:07:44:51 -0600] "GET /wp-content/plugins/gp-premium/menu-plus/functions/js/sticky.min.js?ver=2.5.5 HTTP/1.1" 200 2832 "https://sportmaster.mx/" "Mozilla/5.0 (Macintosh; Intel Mac OS X 10_15_7) AppleWebKit/605.1.15 (KHTML, like Gecko) Version/26.5 Safari/605.1.15"
186.96.173.29 - - [11/Jun/2026:07:44:51 -0600] "GET /wp-content/plugins/click-to-chat-for-whatsapp/new/inc/assets/js/app.js?ver=4.40 HTTP/1.1" 200 5390 "https://sportmaster.mx/" "Mozilla/5.0 (Macintosh; Intel Mac OS X 10_15_7) AppleWebKit/605.1.15 (KHTML, like Gecko) Version/26.5 Safari/605.1.15"
186.96.173.29 - - [11/Jun/2026:07:44:51 -0600] "GET /wp-content/plugins/cookie-notice/js/front.min.js?ver=3.1.1 HTTP/1.1" 200 2264 "https://sportmaster.mx/" "Mozilla/5.0 (Macintosh; Intel Mac OS X 10_15_7) AppleWebKit/605.1.15 (KHTML, like Gecko) Version/26.5 Safari/605.1.15"
186.96.173.29 - - [11/Jun/2026:07:44:51 -0600] "GET /wp-content/plugins/pixelyoursite-pro/dist/scripts/tld.min.js?ver=2.3.1 HTTP/1.1" 200 40647 "https://sportmaster.mx/" "Mozilla/5.0 (Macintosh; Intel Mac OS X 10_15_7) AppleWebKit/605.1.15 (KHTML, like Gecko) Version/26.5 Safari/605.1.15"
186.96.173.29 - - [11/Jun/2026:07:44:51 -0600] "GET /wp-content/plugins/pixelyoursite-pro/dist/scripts/public.js?ver=12.3.4.1 HTTP/1.1" 200 45564 "https://sportmaster.mx/" "Mozilla/5.0 (Macintosh; Intel Mac OS X 10_15_7) AppleWebKit/605.1.15 (KHTML, like Gecko) Version/26.5 Safari/605.1.15"
186.96.173.29 - - [11/Jun/2026:07:44:51 -0600] "GET /wp-includes/js/jquery/ui/core.min.js?ver=1.13.3 HTTP/1.1" 200 7106 "https://sportmaster.mx/" "Mozilla/5.0 (Macintosh; Intel Mac OS X 10_15_7) AppleWebKit/605.1.15 (KHTML, like Gecko) Version/26.5 Safari/605.1.15"
186.96.173.29 - - [11/Jun/2026:07:44:51 -0600] "GET /wp-includes/js/jquery/ui/mouse.min.js?ver=1.13.3 HTTP/1.1" 200 1098 "https://sportmaster.mx/" "Mozilla/5.0 (Macintosh; Intel Mac OS X 10_15_7) AppleWebKit/605.1.15 (KHTML, like Gecko) Version/26.5 Safari/605.1.15"
186.96.173.29 - - [11/Jun/2026:07:44:51 -0600] "GET /wp-includes/js/jquery/ui/sortable.min.js?ver=1.13.3 HTTP/1.1" 200 6586 "https://sportmaster.mx/" "Mozilla/5.0 (Macintosh; Intel Mac OS X 10_15_7) AppleWebKit/605.1.15 (KHTML, like Gecko) Version/26.5 Safari/605.1.15"
186.96.173.29 - - [11/Jun/2026:07:44:51 -0600] "GET /wp-includes/js/jquery/ui/datepicker.min.js?ver=1.13.3 HTTP/1.1" 200 10907 "https://sportmaster.mx/" "Mozilla/5.0 (Macintosh; Intel Mac OS X 10_15_7) AppleWebKit/605.1.15 (KHTML, like Gecko) Version/26.5 Safari/605.1.15"
186.96.173.29 - - [11/Jun/2026:07:44:51 -0600] "GET /wp-includes/js/jquery/ui/tooltip.min.js?ver=1.13.3 HTTP/1.1" 200 2181 "https://sportmaster.mx/" "Mozilla/5.0 (Macintosh; Intel Mac OS X 10_15_7) AppleWebKit/605.1.15 (KHTML, like Gecko) Version/26.5 Safari/605.1.15"
186.96.173.29 - - [11/Jun/2026:07:44:51 -0600] "GET /wp-content/plugins/formularios-de-contacto-salesup/helpers/izitoast/js/iziToast.min.js?ver=1.0.14 HTTP/1.1" 200 5080 "https://sportmaster.mx/" "Mozilla/5.0 (Macintosh; Intel Mac OS X 10_15_7) AppleWebKit/605.1.15 (KHTML, like Gecko) Version/26.5 Safari/605.1.15"
186.96.173.29 - - [11/Jun/2026:07:44:51 -0600] "GET /wp-content/plugins/formularios-de-contacto-salesup/helpers/underscore/underscore.js?ver=1.0.14 HTTP/1.1" 200 6444 "https://sportmaster.mx/" "Mozilla/5.0 (Macintosh; Intel Mac OS X 10_15_7) AppleWebKit/605.1.15 (KHTML, like Gecko) Version/26.5 Safari/605.1.15"
186.96.173.29 - - [11/Jun/2026:07:44:51 -0600] "GET /wp-content/plugins/formularios-de-contacto-salesup/admin/js/su-funciones.js?ver=1.0.14 HTTP/1.1" 200 1563 "https://sportmaster.mx/" "Mozilla/5.0 (Macintosh; Intel Mac OS X 10_15_7) AppleWebKit/605.1.15 (KHTML, like Gecko) Version/26.5 Safari/605.1.15"
186.96.173.29 - - [11/Jun/2026:07:44:51 -0600] "GET /wp-content/plugins/formularios-de-contacto-salesup/admin/js/su-form-builder.js?ver=1.0.14 HTTP/1.1" 200 16980 "https://sportmaster.mx/" "Mozilla/5.0 (Macintosh; Intel Mac OS X 10_15_7) AppleWebKit/605.1.15 (KHTML, like Gecko) Version/26.5 Safari/605.1.15"
186.96.173.29 - - [11/Jun/2026:07:44:51 -0600] "GET /wp-content/plugins/formularios-de-contacto-salesup/public/js/su-public.js?ver=1.0.14 HTTP/1.1" 200 199 "https://sportmaster.mx/" "Mozilla/5.0 (Macintosh; Intel Mac OS X 10_15_7) AppleWebKit/605.1.15 (KHTML, like Gecko) Version/26.5 Safari/605.1.15"
186.96.173.29 - - [11/Jun/2026:07:44:51 -0600] "GET /wp-content/themes/generatepress/assets/js/menu.min.js?ver=3.6.0 HTTP/1.1" 200 1836 "https://sportmaster.mx/" "Mozilla/5.0 (Macintosh; Intel Mac OS X 10_15_7) AppleWebKit/605.1.15 (KHTML, like Gecko) Version/26.5 Safari/605.1.15"
186.96.173.29 - - [11/Jun/2026:07:44:51 -0600] "GET /wp-content/plugins/page-scroll-to-id/js/page-scroll-to-id.min.js?ver=1.7.9 HTTP/1.1" 200 6370 "https://sportmaster.mx/" "Mozilla/5.0 (Macintosh; Intel Mac OS X 10_15_7) AppleWebKit/605.1.15 (KHTML, like Gecko) Version/26.5 Safari/605.1.15"
186.96.173.29 - - [11/Jun/2026:07:44:51 -0600] "GET /wp-content/plugins/elementor/assets/js/webpack.runtime.min.js?ver=4.1.3 HTTP/1.1" 200 2539 "https://sportmaster.mx/" "Mozilla/5.0 (Macintosh; Intel Mac OS X 10_15_7) AppleWebKit/605.1.15 (KHTML, like Gecko) Version/26.5 Safari/605.1.15"
186.96.173.29 - - [11/Jun/2026:07:44:51 -0600] "GET /wp-content/plugins/elementor/assets/js/frontend-modules.min.js?ver=4.1.3 HTTP/1.1" 200 15970 "https://sportmaster.mx/" "Mozilla/5.0 (Macintosh; Intel Mac OS X 10_15_7) AppleWebKit/605.1.15 (KHTML, like Gecko) Version/26.5 Safari/605.1.15"
186.96.173.29 - - [11/Jun/2026:07:44:51 -0600] "GET /wp-content/plugins/elementor-pro/assets/lib/smartmenus/jquery.smartmenus.min.js?ver=1.2.1 HTTP/1.1" 200 7087 "https://sportmaster.mx/" "Mozilla/5.0 (Macintosh; Intel Mac OS X 10_15_7) AppleWebKit/605.1.15 (KHTML, like Gecko) Version/26.5 Safari/605.1.15"
186.96.173.29 - - [11/Jun/2026:07:44:51 -0600] "GET /wp-content/plugins/elementor/assets/js/frontend.min.js?ver=4.1.3 HTTP/1.1" 200 10417 "https://sportmaster.mx/" "Mozilla/5.0 (Macintosh; Intel Mac OS X 10_15_7) AppleWebKit/605.1.15 (KHTML, like Gecko) Version/26.5 Safari/605.1.15"
186.96.173.29 - - [11/Jun/2026:07:44:51 -0600] "GET /wp-content/plugins/elementor-pro/assets/lib/sticky/jquery.sticky.min.js?ver=4.1.1 HTTP/1.1" 200 1542 "https://sportmaster.mx/" "Mozilla/5.0 (Macintosh; Intel Mac OS X 10_15_7) AppleWebKit/605.1.15 (KHTML, like Gecko) Version/26.5 Safari/605.1.15"
186.96.173.29 - - [11/Jun/2026:07:44:51 -0600] "GET /wp-content/plugins/pixelyoursite-pro/dist/scripts/vimeo.min.js HTTP/1.1" 200 5222 "https://sportmaster.mx/" "Mozilla/5.0 (Macintosh; Intel Mac OS X 10_15_7) AppleWebKit/605.1.15 (KHTML, like Gecko) Version/26.5 Safari/605.1.15"
186.96.173.29 - - [11/Jun/2026:07:44:51 -0600] "GET /wp-content/plugins/content-views-query-and-display-post-page/public/assets/js/cv.js?ver=4.4 HTTP/1.1" 200 6910 "https://sportmaster.mx/" "Mozilla/5.0 (Macintosh; Intel Mac OS X 10_15_7) AppleWebKit/605.1.15 (KHTML, like Gecko) Version/26.5 Safari/605.1.15"
186.96.173.29 - - [11/Jun/2026:07:44:51 -0600] "GET /wp-content/plugins/elementor-pro/assets/js/webpack-pro.runtime.min.js?ver=4.1.1 HTTP/1.1" 200 2829 "https://sportmaster.mx/" "Mozilla/5.0 (Macintosh; Intel Mac OS X 10_15_7) AppleWebKit/605.1.15 (KHTML, like Gecko) Version/26.5 Safari/605.1.15"
186.96.173.29 - - [11/Jun/2026:07:44:51 -0600] "GET /wp-content/plugins/pt-content-views-pro-mp5.3.4.3/public/assets/js/cvpro.min.js?ver=5.3.4.3 HTTP/1.1" 200 44989 "https://sportmaster.mx/" "Mozilla/5.0 (Macintosh; Intel Mac OS X 10_15_7) AppleWebKit/605.1.15 (KHTML, like Gecko) Version/26.5 Safari/605.1.15"
186.96.173.29 - - [11/Jun/2026:07:44:51 -0600] "GET /wp-includes/js/dist/hooks.min.js?ver=7496969728ca0f95732d HTTP/1.1" 200 1799 "https://sportmaster.mx/" "Mozilla/5.0 (Macintosh; Intel Mac OS X 10_15_7) AppleWebKit/605.1.15 (KHTML, like Gecko) Version/26.5 Safari/605.1.15"
186.96.173.29 - - [11/Jun/2026:07:44:51 -0600] "GET /wp-includes/js/dist/i18n.min.js?ver=781d11515ad3d91786ec HTTP/1.1" 200 2438 "https://sportmaster.mx/" "Mozilla/5.0 (Macintosh; Intel Mac OS X 10_15_7) AppleWebKit/605.1.15 (KHTML, like Gecko) Version/26.5 Safari/605.1.15"
186.96.173.29 - - [11/Jun/2026:07:44:51 -0600] "GET /wp-content/plugins/elementor-pro/assets/js/frontend.min.js?ver=4.1.1 HTTP/1.1" 200 6419 "https://sportmaster.mx/" "Mozilla/5.0 (Macintosh; Intel Mac OS X 10_15_7) AppleWebKit/605.1.15 (KHTML, like Gecko) Version/26.5 Safari/605.1.15"
186.96.173.29 - - [11/Jun/2026:07:44:51 -0600] "GET /wp-content/plugins/elementor-pro/assets/js/elements-handlers.min.js?ver=4.1.1 HTTP/1.1" 200 10535 "https://sportmaster.mx/" "Mozilla/5.0 (Macintosh; Intel Mac OS X 10_15_7) AppleWebKit/605.1.15 (KHTML, like Gecko) Version/26.5 Safari/605.1.15"
186.96.173.29 - - [11/Jun/2026:07:44:51 -0600] "GET /wp-content/plugins/elementor/assets/lib/font-awesome/webfonts/fa-regular-400.woff2 HTTP/1.1" 200 13299 "https://sportmaster.mx/" "Mozilla/5.0 (Macintosh; Intel Mac OS X 10_15_7) AppleWebKit/605.1.15 (KHTML, like Gecko) Version/26.5 Safari/605.1.15"
186.96.173.29 - - [11/Jun/2026:07:44:51 -0600] "GET /wp-content/uploads/elementor/google-fonts/fonts/tajawal-iura6ybj_ocad4k1nzgbcw.woff2 HTTP/1.1" 200 10279 "https://sportmaster.mx/" "Mozilla/5.0 (Macintosh; Intel Mac OS X 10_15_7) AppleWebKit/605.1.15 (KHTML, like Gecko) Version/26.5 Safari/605.1.15"
186.96.173.29 - - [11/Jun/2026:07:44:51 -0600] "GET /wp-content/uploads/elementor/google-fonts/fonts/tajawal-iurf6ybj_ocad4k1l4qkhrfpiq.woff2 HTTP/1.1" 200 10019 "https://sportmaster.mx/" "Mozilla/5.0 (Macintosh; Intel Mac OS X 10_15_7) AppleWebKit/605.1.15 (KHTML, like Gecko) Version/26.5 Safari/605.1.15"
186.96.173.29 - - [11/Jun/2026:07:44:51 -0600] "GET /wp-content/uploads/elementor/google-fonts/fonts/poppins-pxibyp8kv8jhgfvrlcz7z1xlfq.woff2 HTTP/1.1" 200 7839 "https://sportmaster.mx/" "Mozilla/5.0 (Macintosh; Intel Mac OS X 10_15_7) AppleWebKit/605.1.15 (KHTML, like Gecko) Version/26.5 Safari/605.1.15"
186.96.173.29 - - [11/Jun/2026:07:44:51 -0600] "GET /wp-content/uploads/cancha-de-futbol-soccer-pasto-sintetico.jpg HTTP/1.1" 200 53745 "https://sportmaster.mx/" "Mozilla/5.0 (Macintosh; Intel Mac OS X 10_15_7) AppleWebKit/605.1.15 (KHTML, like Gecko) Version/26.5 Safari/605.1.15"
186.96.173.29 - - [11/Jun/2026:07:44:51 -0600] "GET /wp-content/uploads/logo_sportmaster.png HTTP/1.1" 200 2801 "https://sportmaster.mx/" "Mozilla/5.0 (Macintosh; Intel Mac OS X 10_15_7) AppleWebKit/605.1.15 (KHTML, like Gecko) Version/26.5 Safari/605.1.15"
186.96.173.29 - - [11/Jun/2026:07:44:51 -0600] "GET /wp-content/plugins/elementor/assets/lib/font-awesome/webfonts/fa-brands-400.woff2 HTTP/1.1" 200 81604 "https://sportmaster.mx/" "Mozilla/5.0 (Macintosh; Intel Mac OS X 10_15_7) AppleWebKit/605.1.15 (KHTML, like Gecko) Version/26.5 Safari/605.1.15"
186.96.173.29 - - [11/Jun/2026:07:44:51 -0600] "GET /wp-content/plugins/elementor/assets/lib/font-awesome/webfonts/fa-solid-900.woff2 HTTP/1.1" 200 78099 "https://sportmaster.mx/" "Mozilla/5.0 (Macintosh; Intel Mac OS X 10_15_7) AppleWebKit/605.1.15 (KHTML, like Gecko) Version/26.5 Safari/605.1.15"
186.96.173.29 - - [11/Jun/2026:07:44:51 -0600] "GET /wp-content/uploads/jugador-futbol.png HTTP/1.1" 200 16291 "https://sportmaster.mx/" "Mozilla/5.0 (Macintosh; Intel Mac OS X 10_15_7) AppleWebKit/605.1.15 (KHTML, like Gecko) Version/26.5 Safari/605.1.15"
186.96.173.29 - - [11/Jun/2026:07:44:52 -0600] "GET /wp-content/uploads/cancha-de-futbol-7-con-pasto-sintetico-1.jpg HTTP/1.1" 200 26901 "https://sportmaster.mx/" "Mozilla/5.0 (Macintosh; Intel Mac OS X 10_15_7) AppleWebKit/605.1.15 (KHTML, like Gecko) Version/26.5 Safari/605.1.15"
186.96.173.29 - - [11/Jun/2026:07:44:52 -0600] "GET /wp-content/uploads/cancha-futbol-rapido-1.jpg HTTP/1.1" 200 46732 "https://sportmaster.mx/" "Mozilla/5.0 (Macintosh; Intel Mac OS X 10_15_7) AppleWebKit/605.1.15 (KHTML, like Gecko) Version/26.5 Safari/605.1.15"
186.96.173.29 - - [11/Jun/2026:07:44:52 -0600] "GET /wp-includes/js/wp-emoji-release.min.js?ver=7.0 HTTP/1.1" 200 5375 "https://sportmaster.mx/" "Mozilla/5.0 (Macintosh; Intel Mac OS X 10_15_7) AppleWebKit/605.1.15 (KHTML, like Gecko) Version/26.5 Safari/605.1.15"
186.96.173.29 - - [11/Jun/2026:07:44:52 -0600] "GET /wp-content/plugins/elementor/assets/js/section-frontend-handlers.d85ab872da118940910d.bundle.min.js HTTP/1.1" 200 269 "https://sportmaster.mx/" "Mozilla/5.0 (Macintosh; Intel Mac OS X 10_15_7) AppleWebKit/605.1.15 (KHTML, like Gecko) Version/26.5 Safari/605.1.15"
186.96.173.29 - - [11/Jun/2026:07:44:52 -0600] "GET /wp-content/plugins/elementor/assets/js/shared-frontend-handlers.03caa53373b56d3bab67.bundle.min.js HTTP/1.1" 200 2644 "https://sportmaster.mx/" "Mozilla/5.0 (Macintosh; Intel Mac OS X 10_15_7) AppleWebKit/605.1.15 (KHTML, like Gecko) Version/26.5 Safari/605.1.15"
186.96.173.29 - - [11/Jun/2026:07:44:52 -0600] "GET /wp-content/plugins/elementor-pro/assets/js/nav-menu.3afa8f5eb1fef7c22561.bundle.min.js HTTP/1.1" 200 1862 "https://sportmaster.mx/" "Mozilla/5.0 (Macintosh; Intel Mac OS X 10_15_7) AppleWebKit/605.1.15 (KHTML, like Gecko) Version/26.5 Safari/605.1.15"
186.96.173.29 - - [11/Jun/2026:07:44:52 -0600] "GET /wp-content/plugins/elementor/assets/js/text-editor.45609661e409413f1cef.bundle.min.js HTTP/1.1" 200 648 "https://sportmaster.mx/" "Mozilla/5.0 (Macintosh; Intel Mac OS X 10_15_7) AppleWebKit/605.1.15 (KHTML, like Gecko) Version/26.5 Safari/605.1.15"
74.125.215.64 - - [11/Jun/2026:07:44:51 -0600] "GET /.well-known/traffic-advice HTTP/1.1" 404 28653 "-" "Chrome Privacy Preserving Prefetch Proxy"
104.28.159.47 - - [11/Jun/2026:07:44:51 -0600] "GET /8o_WIVtDvvijSGt_4XpcywCOztnADo8ivKHfgpWNDi_q96nSoMpDkRYtqO4c_uYFgYhQ86ozhJ7hkU45D_YVaBeozX9g-mPY_bscwnM3d1EV4ofWVKigSaQ4beEfoP9_NlDCyGPSbLWu3LwdjI2ktHiPr4CkuDCY1ioBl0cVR2Jz_l-W0yuMjfoAEjuyJiQFU9a3GuUIl7nxQawaBkB6N6TrCzJIY2oLtusFyYXl-7XECa85uRABXBIp83ME2FjYbC6iKMll8vYiWXiIdAJmFwDF1cfuHAy3dVE2-w_lJj9CHfYBADemq073roR10VZjKkh7lL0dmwKqmfpXRlY4Nph2gzeReQ38KOsH8tzEqAdBT8JScwo8pRZsQzdqcyj7WGyOjICSlzkjfeEOKJ_QpassNPdJCmncVNc7eIOBJizGrL9m4ZAWjons-IlEnziCLyLYrAjzqA HTTP/1.1" 404 29392 "https://sportmaster.mx/contactanos/" "Mozilla/5.0 (Linux; Android 10; K) AppleWebKit/537.36 (KHTML, like Gecko) Chrome/149.0.0.0 Mobile Safari/537.36"
186.96.173.29 - - [11/Jun/2026:07:44:52 -0600] "GET /wp-admin/admin-ajax.php?action=pys_get_pbid HTTP/1.1" 200 116 "https://sportmaster.mx/" "Mozilla/5.0 (Macintosh; Intel Mac OS X 10_15_7) AppleWebKit/605.1.15 (KHTML, like Gecko) Version/26.5 Safari/605.1.15"
186.96.173.29 - - [11/Jun/2026:07:44:52 -0600] "POST /wp-json/pys-facebook/v1/event HTTP/1.1" 200 16 "https://sportmaster.mx/" "Mozilla/5.0 (Macintosh; Intel Mac OS X 10_15_7) AppleWebKit/605.1.15 (KHTML, like Gecko) Version/26.5 Safari/605.1.15"
72.14.201.213 - - [11/Jun/2026:07:44:51 -0600] "GET /tipos-de-canchas/canchas-de-futbol-rapido/ HTTP/1.1" 200 35829 "https://www.google.com/" "Mozilla/5.0 (Linux; Android 10; K) AppleWebKit/537.36 (KHTML, like Gecko) Chrome/149.0.0.0 Mobile Safari/537.36"
104.28.159.47 - - [11/Jun/2026:07:44:53 -0600] "GET /contactanos/ HTTP/1.1" 200 57780 "https://sportmaster.mx/contactanos/" "Mozilla/5.0 (Linux; Android 10; K) AppleWebKit/537.36 (KHTML, like Gecko) Chrome/149.0.0.0 Mobile Safari/537.36"
104.28.159.47 - - [11/Jun/2026:07:44:54 -0600] "GET /8o_WIVtDvvijSGt_4XpcywCOztnADo8ivKHfgpWNDi_q96nSoMpDkRYtqO4c_uYFgYhQ86ozhJ7hkU45D_YVaBeozX9g-mPY_bscwnM3d1EV4ofWVKigSaQ4beEfoP9_NlDCyGPSbLWu3LwdjI2ktHiPr4CkuDCY1ioBl0cVR2Jz_l-W0yuMjfoAEjuyJiQFU9a3GuUIl7nxQawaBkB6N6TrCzJIY2oLtusFyYXl-7XECa85uRABXBIp83ME2FjYbC6iKMll8vYiWXiIdAJmFwDF1cfuHAy3dVE2-w_lJj9CHfYBADemq073roR10VZjKkh7lL0dmwKqmfpXRlY4Nph2gzeReQ38KOsH8tzEqAdBT8JScwo8pRZsQzdqcyj7WGyOjICSlzkjfeEOKJ_QpassNPdJCmncVNc7eIOBJizGrL9m4ZAWjons-IlEnziCLyLYrAjzqA HTTP/1.1" 404 29393 "https://sportmaster.mx/contactanos/" "Mozilla/5.0 (Linux; Android 10; K) AppleWebKit/537.36 (KHTML, like Gecko) Chrome/149.0.0.0 Mobile Safari/537.36"
104.28.159.47 - - [11/Jun/2026:07:45:02 -0600] "POST /cdn-cgi/rum? HTTP/1.1" 404 28555 "https://sportmaster.mx/contactanos/" "Mozilla/5.0 (Linux; Android 10; K) AppleWebKit/537.36 (KHTML, like Gecko) Chrome/149.0.0.0 Mobile Safari/537.36"
190.33.40.172 - - [11/Jun/2026:07:45:16 -0600] "GET /wp-content/uploads/como-se-divide-la-cancha-de-futbol.jpg HTTP/1.1" 200 38279 "https://www.google.com/" "Mozilla/5.0 (Linux; Android 16; JDY-LX3P Build/HONORJDY-L43P; wv) AppleWebKit/537.36 (KHTML, like Gecko) Version/4.0 Chrome/148.0.7778.215 Mobile Safari/537.36 GoogleApp/17.28.32.ve.arm64"
186.96.173.29 - - [11/Jun/2026:07:45:22 -0600] "POST /wp-json/pys-facebook/v1/event HTTP/1.1" 200 16 "https://sportmaster.mx/" "Mozilla/5.0 (Macintosh; Intel Mac OS X 10_15_7) AppleWebKit/605.1.15 (KHTML, like Gecko) Version/26.5 Safari/605.1.15"
72.14.201.220 - - [11/Jun/2026:07:45:50 -0600] "GET /construccion-canchas-futbol-7/ HTTP/1.1" 200 35397 "https://www.google.com/" "Mozilla/5.0 (Windows NT 10.0; Win64; x64) AppleWebKit/537.36 (KHTML, like Gecko) Chrome/149.0.0.0 Safari/537.36"
162.120.185.226 - - [11/Jun/2026:07:46:03 -0600] "GET /sportmasterlp/?gad_source=1&gad_campaignid=23399349318&gbraid=0AAAAADM4HkFq7x5pDnvzg43q4-0TlgBDI&gclid=CjwKCAjwuanRBhBSEiwAY5y6V-6L31QHEBUtacyr2L7ukPaZNK6DGkkawYo7JIyYEUGAmaxt7aSeABoC-qgQAvD_BwE HTTP/1.1" 200 31125 "https://www.google.com/" "Mozilla/5.0 (Linux; Android 10; K) AppleWebKit/537.36 (KHTML, like Gecko) Chrome/148.0.0.0 Mobile Safari/537.36"
162.120.185.226 - - [11/Jun/2026:07:49:28 -0600] "GET /sportmasterlp/?gad_source=1&gad_campaignid=23399349318&gbraid=0AAAAADM4HkFl1coi3UBfxSz2Gee7tcZ36&gclid=EAIaIQobChMIsMnYhqr_lAMV8HR_AB1hNQ5tEAAYASAAEgKWvvD_BwE HTTP/1.1" 200 31127 "https://www.google.com/" "Mozilla/5.0 (Windows NT 10.0; Win64; x64) AppleWebKit/537.36 (KHTML, like Gecko) Chrome/149.0.0.0 Safari/537.36"
144.217.238.152 - - [11/Jun/2026:07:49:29 -0600] "POST /wp-cron.php?doing_wp_cron=1781185769.1633529663085937500000 HTTP/1.1" 200 - "-" "WordPress/7.0; https://sportmaster.mx"
54.173.62.181 - - [11/Jun/2026:07:49:31 -0600] "GET /wp-content/uploads/campo-de-golf-pasto-sintetico-1024x683.jpg HTTP/1.1" 200 88191 "-" "Mozilla/5.0 (X11; Ubuntu; Linux x86_64; rv:72.0) Gecko/20100101 Firefox/72.0 (compatible; img2dataset; +https://github.com/rom1504/img2dataset)"
222.254.62.188 - - [11/Jun/2026:07:50:28 -0600] "GET /category/gradas-techadas/ HTTP/1.1" 200 32020 "-" "Mozilla/5.0 (Macintosh; Intel Mac OS X 10_15_7) AppleWebKit/537.36 (KHTML, like Gecko) Chrome/123.0.0.0 Safari/537.36"
66.29.156.133 - - [11/Jun/2026:07:50:46 -0600] "GET /wp-login.php HTTP/1.1" 200 3687 "-" "Mozilla/5.0 (Windows NT 10.0; WOW64) AppleWebKit/537.36 (KHTML, like Gecko) Chrome/133.0.0.0 Safari/537.36"
66.29.156.133 - - [11/Jun/2026:07:50:47 -0600] "POST /wp-login.php HTTP/1.1" 200 3782 "https://sportmaster.mx/wp-login.php" "Mozilla/5.0 (Windows NT 10.0; WOW64) AppleWebKit/537.36 (KHTML, like Gecko) Chrome/133.0.0.0 Safari/537.36"
193.186.4.182 - - [11/Jun/2026:07:50:58 -0600] "GET /contactanos/ HTTP/1.1" 200 57780 "https://www.google.com/" "Mozilla/5.0 (Linux; Android 10; K) AppleWebKit/537.36 (KHTML, like Gecko) Chrome/149.0.0.0 Safari/537.36"
182.2.184.250 - - [11/Jun/2026:07:51:01 -0600] "GET /8o_WIVtDvvijSGt_4XpcywCOztnADo8ivKHfgpWNDi_q96nSoMpDkRYtqO4c_uYFgYhQ86ozhJ7hkU45D_YVaBeozX9g-mPY_bscwnM3d1EV4ofWVKigSaQ4beEfoP9_NlDCyGPSbLWu3LwdjI2ktHiPr4CkuDCY1ioBl0cVR2Jz_l-W0yuMjfoAEjuyJiQFU9a3GuUIl7nxQawaBkB6N6TrCzJIY2oLtusFyYXl-7XECa85uRABXBIp83ME2FjYbC6iKMll8vYiWXiIdAJmFwDF1cfuHAy3dVE2-w_lJj9CHfYBADemq073roR10VZjKkh7lL0dmwKqmfpXRlY4Nph2gzeReQ38KOsH8tzEqAdBT8JScwo8pRZsQzdqcyj7WGyOjICSlzkjfeEOKJ_QpassNPdJCmncVNc7eIOBJizGrL9m4ZAWjons-IlEnziCLyLYrAjzqA HTTP/1.1" 404 29386 "https://sportmaster.mx/contactanos/" "Mozilla/5.0 (Linux; Android 10; K) AppleWebKit/537.36 (KHTML, like Gecko) Chrome/149.0.0.0 Safari/537.36"
182.2.184.250 - - [11/Jun/2026:07:51:42 -0600] "POST /cdn-cgi/rum? HTTP/1.1" 404 28549 "https://sportmaster.mx/contactanos/" "Mozilla/5.0 (Linux; Android 10; K) AppleWebKit/537.36 (KHTML, like Gecko) Chrome/149.0.0.0 Safari/537.36"
85.208.96.195 - - [11/Jun/2026:07:52:25 -0600] "GET /robots.txt HTTP/1.1" 200 125 "-" "Mozilla/5.0 (compatible; SemrushBot/7~bl; +http://www.semrush.com/bot.html)"
185.191.171.13 - - [11/Jun/2026:07:52:26 -0600] "GET /precio-cancha-de-futbol/ HTTP/1.1" 200 32787 "-" "Mozilla/5.0 (compatible; SemrushBot/7~bl; +http://www.semrush.com/bot.html)"
142.44.220.25 - - [11/Jun/2026:07:52:44 -0600] "GET /wp-content/uploads/restauracion-pintura-canchas-tenis-basquet.jpg HTTP/1.1" 200 69632 "-" "Mozilla/5.0 (compatible; AhrefsBot/7.0; +http://ahrefs.com/robot/)"
116.109.72.65 - - [11/Jun/2026:07:53:38 -0600] "GET /Astros-World-Series-2022-Blue-Jacket-1268-94758 HTTP/1.1" 404 28689 "-" "Mozilla/5.0 (Windows NT 10.0; Win64; x64) AppleWebKit/537.36 (KHTML, like Gecko) Chrome/117.0.0.0 Safari/537.36"
