189.217.200.103 - - [11/Jun/2026:06:36:37 -0600] "GET /8o_WIVtDvvijSGt_4XpcywCOztnADo8ivKHfgpWNDi_q96nSoMpDkRYtqO4c_uYFgYhQ86ozhJ7hkU45D_YVaBeozX9g-mPY_bscwnM3d1EV4ofWVKigSaQ4beEfoP9_NlDCyGPSbLWu3LwdjI2ktHiPr4CkuDCY1ioBl0cVR2Jz_l-W0yuMjfoAEjuyJiQFU9a3GuUIl7nxQawaBkB6N6TrCzJIY2oLtusFyYXl-7XECa85uRABXBIp83ME2FjYbC6iKMll8vYiWXiIdAJmFwDF1cfuHAy3dVE2-w_lJj9CHfYBADemq073roR10VZjKkh7lL0dmwKqmfpXRlY4Nph2gzeReQ38KOsH8tzEqAdBT8JScwo8pRZsQzdqcyj7WGyOjICSlzkjfeEOKJ_QpassNPdJCmncVNc7eIOBJizGrL9m4ZAWjons-IlEnziCLyLYrAjzqA HTTP/1.1" 404 29372 "https://sportmaster.mx/contactanos/" "Mozilla/5.0 (Windows NT 10.0; Win64; x64) AppleWebKit/537.36 (KHTML, like Gecko) Chrome/149.0.0.0 Safari/537.36 Edg/149.0.0.0"
189.217.200.103 - - [11/Jun/2026:06:36:37 -0600] "POST /cdn-cgi/rum? HTTP/1.1" 404 28113 "https://sportmaster.mx/contactanos/" "Mozilla/5.0 (Windows NT 10.0; Win64; x64) AppleWebKit/537.36 (KHTML, like Gecko) Chrome/149.0.0.0 Safari/537.36 Edg/149.0.0.0"
189.217.200.103 - - [11/Jun/2026:06:36:39 -0600] "POST /cdn-cgi/rum? HTTP/1.1" 404 28112 "https://sportmaster.mx/contactanos/" "Mozilla/5.0 (Windows NT 10.0; Win64; x64) AppleWebKit/537.36 (KHTML, like Gecko) Chrome/149.0.0.0 Safari/537.36 Edg/149.0.0.0"
189.217.200.103 - - [11/Jun/2026:06:36:42 -0600] "POST /cdn-cgi/rum? HTTP/1.1" 404 28113 "https://sportmaster.mx/contactanos/" "Mozilla/5.0 (Windows NT 10.0; Win64; x64) AppleWebKit/537.36 (KHTML, like Gecko) Chrome/149.0.0.0 Safari/537.36 Edg/149.0.0.0"
189.217.200.103 - - [11/Jun/2026:06:36:46 -0600] "GET / HTTP/1.1" 200 44510 "https://www.bing.com/" "Mozilla/5.0 (Windows NT 10.0; Win64; x64) AppleWebKit/537.36 (KHTML, like Gecko) Chrome/149.0.0.0 Safari/537.36 Edg/149.0.0.0"
189.217.200.103 - - [11/Jun/2026:06:36:48 -0600] "POST /wp-json/pys-facebook/v1/event HTTP/1.1" 200 16 "https://sportmaster.mx/" "Mozilla/5.0 (Windows NT 10.0; Win64; x64) AppleWebKit/537.36 (KHTML, like Gecko) Chrome/149.0.0.0 Safari/537.36 Edg/149.0.0.0"
189.217.200.103 - - [11/Jun/2026:06:36:50 -0600] "POST /wp-json/pys-facebook/v1/event HTTP/1.1" 200 16 "https://sportmaster.mx/" "Mozilla/5.0 (Windows NT 10.0; Win64; x64) AppleWebKit/537.36 (KHTML, like Gecko) Chrome/149.0.0.0 Safari/537.36 Edg/149.0.0.0"
189.217.200.103 - - [11/Jun/2026:06:36:57 -0600] "GET /contactanos/ HTTP/1.1" 200 57780 "https://sportmaster.mx/" "Mozilla/5.0 (Windows NT 10.0; Win64; x64) AppleWebKit/537.36 (KHTML, like Gecko) Chrome/149.0.0.0 Safari/537.36 Edg/149.0.0.0"
189.217.200.103 - - [11/Jun/2026:06:36:57 -0600] "GET /8o_WIVtDvvijSGt_4XpcywCOztnADo8ivKHfgpWNDi_q96nSoMpDkRYtqO4c_uYFgYhQ86ozhJ7hkU45D_YVaBeozX9g-mPY_bscwnM3d1EV4ofWVKigSaQ4beEfoP9_NlDCyGPSbLWu3LwdjI2ktHiPr4CkuDCY1ioBl0cVR2Jz_l-W0yuMjfoAEjuyJiQFU9a3GuUIl7nxQawaBkB6N6TrCzJIY2oLtusFyYXl-7XECa85uRABXBIp83ME2FjYbC6iKMll8vYiWXiIdAJmFwDF1cfuHAy3dVE2-w_lJj9CHfYBADemq073roR10VZjKkh7lL0dmwKqmfpXRlY4Nph2gzeReQ38KOsH8tzEqAdBT8JScwo8pRZsQzdqcyj7WGyOjICSlzkjfeEOKJ_QpassNPdJCmncVNc7eIOBJizGrL9m4ZAWjons-IlEnziCLyLYrAjzqA HTTP/1.1" 404 29375 "https://sportmaster.mx/contactanos/" "Mozilla/5.0 (Windows NT 10.0; Win64; x64) AppleWebKit/537.36 (KHTML, like Gecko) Chrome/149.0.0.0 Safari/537.36 Edg/149.0.0.0"
189.217.200.103 - - [11/Jun/2026:06:37:00 -0600] "POST /cdn-cgi/rum? HTTP/1.1" 404 28112 "https://sportmaster.mx/contactanos/" "Mozilla/5.0 (Windows NT 10.0; Win64; x64) AppleWebKit/537.36 (KHTML, like Gecko) Chrome/149.0.0.0 Safari/537.36 Edg/149.0.0.0"
189.217.200.103 - - [11/Jun/2026:06:37:03 -0600] "GET / HTTP/1.1" 200 44504 "https://www.bing.com/" "Mozilla/5.0 (Windows NT 10.0; Win64; x64) AppleWebKit/537.36 (KHTML, like Gecko) Chrome/149.0.0.0 Safari/537.36 Edg/149.0.0.0"
189.217.200.103 - - [11/Jun/2026:06:37:05 -0600] "POST /cdn-cgi/rum? HTTP/1.1" 404 28111 "https://sportmaster.mx/contactanos/" "Mozilla/5.0 (Windows NT 10.0; Win64; x64) AppleWebKit/537.36 (KHTML, like Gecko) Chrome/149.0.0.0 Safari/537.36 Edg/149.0.0.0"
189.217.200.103 - - [11/Jun/2026:06:37:05 -0600] "POST /wp-json/pys-facebook/v1/event HTTP/1.1" 200 16 "https://sportmaster.mx/" "Mozilla/5.0 (Windows NT 10.0; Win64; x64) AppleWebKit/537.36 (KHTML, like Gecko) Chrome/149.0.0.0 Safari/537.36 Edg/149.0.0.0"
189.217.200.103 - - [11/Jun/2026:06:37:08 -0600] "POST /wp-json/pys-facebook/v1/event HTTP/1.1" 200 16 "https://sportmaster.mx/" "Mozilla/5.0 (Windows NT 10.0; Win64; x64) AppleWebKit/537.36 (KHTML, like Gecko) Chrome/149.0.0.0 Safari/537.36 Edg/149.0.0.0"
189.217.200.103 - - [11/Jun/2026:06:37:11 -0600] "GET /tipos-de-pasto/ HTTP/1.1" 301 - "https://sportmaster.mx/" "Mozilla/5.0 (Windows NT 10.0; Win64; x64) AppleWebKit/537.36 (KHTML, like Gecko) Chrome/149.0.0.0 Safari/537.36 Edg/149.0.0.0"
189.217.200.103 - - [11/Jun/2026:06:37:12 -0600] "POST /wp-json/pys-facebook/v1/event HTTP/1.1" 200 16 "https://sportmaster.mx/" "Mozilla/5.0 (Windows NT 10.0; Win64; x64) AppleWebKit/537.36 (KHTML, like Gecko) Chrome/149.0.0.0 Safari/537.36 Edg/149.0.0.0"
189.217.200.103 - - [11/Jun/2026:06:37:12 -0600] "GET /tipos-de-pasto-sintetico/ HTTP/1.1" 200 37612 "https://sportmaster.mx/" "Mozilla/5.0 (Windows NT 10.0; Win64; x64) AppleWebKit/537.36 (KHTML, like Gecko) Chrome/149.0.0.0 Safari/537.36 Edg/149.0.0.0"
189.217.200.103 - - [11/Jun/2026:06:37:13 -0600] "GET /wp-content/plugins/elementor-pro/assets/css/widget-breadcrumbs.min.css?ver=4.1.0 HTTP/1.1" 200 119 "https://sportmaster.mx/tipos-de-pasto-sintetico/" "Mozilla/5.0 (Windows NT 10.0; Win64; x64) AppleWebKit/537.36 (KHTML, like Gecko) Chrome/149.0.0.0 Safari/537.36 Edg/149.0.0.0"
189.217.200.103 - - [11/Jun/2026:06:37:14 -0600] "GET /wp-content/plugins/elementor/assets/lib/animations/styles/e-animation-grow.min.css?ver=4.1.2 HTTP/1.1" 200 118 "https://sportmaster.mx/tipos-de-pasto-sintetico/" "Mozilla/5.0 (Windows NT 10.0; Win64; x64) AppleWebKit/537.36 (KHTML, like Gecko) Chrome/149.0.0.0 Safari/537.36 Edg/149.0.0.0"
189.217.200.103 - - [11/Jun/2026:06:37:14 -0600] "GET /wp-content/plugins/elementor/assets/css/widget-menu-anchor.min.css?ver=4.1.2 HTTP/1.1" 200 78 "https://sportmaster.mx/tipos-de-pasto-sintetico/" "Mozilla/5.0 (Windows NT 10.0; Win64; x64) AppleWebKit/537.36 (KHTML, like Gecko) Chrome/149.0.0.0 Safari/537.36 Edg/149.0.0.0"
189.217.200.103 - - [11/Jun/2026:06:37:14 -0600] "GET /wp-content/plugins/elementor-pro/assets/css/widget-media-carousel.min.css?ver=4.1.0 HTTP/1.1" 200 466 "https://sportmaster.mx/tipos-de-pasto-sintetico/" "Mozilla/5.0 (Windows NT 10.0; Win64; x64) AppleWebKit/537.36 (KHTML, like Gecko) Chrome/149.0.0.0 Safari/537.36 Edg/149.0.0.0"
189.217.200.103 - - [11/Jun/2026:06:37:14 -0600] "GET /wp-content/plugins/elementor-pro/assets/css/widget-slides.min.css?ver=4.1.0 HTTP/1.1" 200 622 "https://sportmaster.mx/tipos-de-pasto-sintetico/" "Mozilla/5.0 (Windows NT 10.0; Win64; x64) AppleWebKit/537.36 (KHTML, like Gecko) Chrome/149.0.0.0 Safari/537.36 Edg/149.0.0.0"
189.217.200.103 - - [11/Jun/2026:06:37:14 -0600] "GET /wp-content/uploads/elementor/css/post-268.css?ver=1781096919 HTTP/1.1" 200 2010 "https://sportmaster.mx/tipos-de-pasto-sintetico/" "Mozilla/5.0 (Windows NT 10.0; Win64; x64) AppleWebKit/537.36 (KHTML, like Gecko) Chrome/149.0.0.0 Safari/537.36 Edg/149.0.0.0"
189.217.200.103 - - [11/Jun/2026:06:37:14 -0600] "GET /wp-content/plugins/elementor-pro/assets/css/widget-carousel-module-base.min.css?ver=4.1.0 HTTP/1.1" 200 670 "https://sportmaster.mx/tipos-de-pasto-sintetico/" "Mozilla/5.0 (Windows NT 10.0; Win64; x64) AppleWebKit/537.36 (KHTML, like Gecko) Chrome/149.0.0.0 Safari/537.36 Edg/149.0.0.0"
189.217.200.103 - - [11/Jun/2026:06:37:14 -0600] "GET /wp-content/uploads/elementor/css/post-226.css?ver=1781095950 HTTP/1.1" 200 1500 "https://sportmaster.mx/tipos-de-pasto-sintetico/" "Mozilla/5.0 (Windows NT 10.0; Win64; x64) AppleWebKit/537.36 (KHTML, like Gecko) Chrome/149.0.0.0 Safari/537.36 Edg/149.0.0.0"
189.217.200.103 - - [11/Jun/2026:06:37:14 -0600] "GET /wp-content/uploads/elementor/google-fonts/css/bebasneue.css?ver=1742268725 HTTP/1.1" 200 389 "https://sportmaster.mx/tipos-de-pasto-sintetico/" "Mozilla/5.0 (Windows NT 10.0; Win64; x64) AppleWebKit/537.36 (KHTML, like Gecko) Chrome/149.0.0.0 Safari/537.36 Edg/149.0.0.0"
189.217.200.103 - - [11/Jun/2026:06:37:14 -0600] "GET /wp-includes/js/imagesloaded.min.js?ver=5.0.0 HTTP/1.1" 200 1803 "https://sportmaster.mx/tipos-de-pasto-sintetico/" "Mozilla/5.0 (Windows NT 10.0; Win64; x64) AppleWebKit/537.36 (KHTML, like Gecko) Chrome/149.0.0.0 Safari/537.36 Edg/149.0.0.0"
189.217.200.103 - - [11/Jun/2026:06:37:14 -0600] "GET /wp-content/uploads/jugador-futbol.png HTTP/1.1" 200 16291 "https://sportmaster.mx/tipos-de-pasto-sintetico/" "Mozilla/5.0 (Windows NT 10.0; Win64; x64) AppleWebKit/537.36 (KHTML, like Gecko) Chrome/149.0.0.0 Safari/537.36 Edg/149.0.0.0"
189.217.200.103 - - [11/Jun/2026:06:37:14 -0600] "GET /wp-content/plugins/elementor/assets/mask-shapes/circle.svg HTTP/1.1" 200 104 "https://sportmaster.mx/wp-content/uploads/elementor/css/post-268.css?ver=1781096919" "Mozilla/5.0 (Windows NT 10.0; Win64; x64) AppleWebKit/537.36 (KHTML, like Gecko) Chrome/149.0.0.0 Safari/537.36 Edg/149.0.0.0"
125.161.67.144 - - [11/Jun/2026:06:37:14 -0600] "GET /wp-content/plugins/content-views-query-and-display-post-page/public/assets/css/cv.css?ver=4.3 HTTP/1.1" 200 13295 "-" "Mozilla/5.0 (Linux; Android 10; K) AppleWebKit/537.36 (KHTML, like Gecko) Chrome/149.0.0.0 Mobile Safari/537.36"
189.217.200.103 - - [11/Jun/2026:06:37:14 -0600] "GET /wp-content/uploads/elementor/google-fonts/fonts/bebasneue-jtusjig69ck48gw7pxoo9wlhyw.woff2 HTTP/1.1" 200 13843 "https://sportmaster.mx/wp-content/uploads/elementor/google-fonts/css/bebasneue.css?ver=1742268725" "Mozilla/5.0 (Windows NT 10.0; Win64; x64) AppleWebKit/537.36 (KHTML, like Gecko) Chrome/149.0.0.0 Safari/537.36 Edg/149.0.0.0"
189.217.200.103 - - [11/Jun/2026:06:37:14 -0600] "GET /wp-content/uploads/venta-de-pasto-fibrilado-tencate-mexico.jpg HTTP/1.1" 200 130916 "https://sportmaster.mx/tipos-de-pasto-sintetico/" "Mozilla/5.0 (Windows NT 10.0; Win64; x64) AppleWebKit/537.36 (KHTML, like Gecko) Chrome/149.0.0.0 Safari/537.36 Edg/149.0.0.0"
189.217.200.103 - - [11/Jun/2026:06:37:14 -0600] "GET /wp-content/uploads/elementor/google-fonts/fonts/roboto-kfo7cnqeu92fr1me7ksn66agldtyluama3yuba.woff2 HTTP/1.1" 200 40156 "https://sportmaster.mx/wp-content/uploads/elementor/google-fonts/css/roboto.css?ver=1742255997" "Mozilla/5.0 (Windows NT 10.0; Win64; x64) AppleWebKit/537.36 (KHTML, like Gecko) Chrome/149.0.0.0 Safari/537.36 Edg/149.0.0.0"
189.217.200.103 - - [11/Jun/2026:06:37:15 -0600] "GET /wp-content/plugins/elementor-pro/assets/js/media-carousel.87c2cf115553a2c4f709.bundle.min.js HTTP/1.1" 200 2067 "https://sportmaster.mx/tipos-de-pasto-sintetico/" "Mozilla/5.0 (Windows NT 10.0; Win64; x64) AppleWebKit/537.36 (KHTML, like Gecko) Chrome/149.0.0.0 Safari/537.36 Edg/149.0.0.0"
189.217.200.103 - - [11/Jun/2026:06:37:14 -0600] "GET /wp-content/plugins/elementor/assets/lib/font-awesome/webfonts/fa-brands-400.woff2 HTTP/1.1" 200 81604 "https://sportmaster.mx/wp-content/plugins/elementor/assets/lib/font-awesome/css/all.min.css?ver=4.1.2" "Mozilla/5.0 (Windows NT 10.0; Win64; x64) AppleWebKit/537.36 (KHTML, like Gecko) Chrome/149.0.0.0 Safari/537.36 Edg/149.0.0.0"
189.217.200.103 - - [11/Jun/2026:06:37:14 -0600] "GET /wp-content/uploads/pasto-sintetico-monofilamento-mundial.png HTTP/1.1" 200 1176467 "https://sportmaster.mx/tipos-de-pasto-sintetico/" "Mozilla/5.0 (Windows NT 10.0; Win64; x64) AppleWebKit/537.36 (KHTML, like Gecko) Chrome/149.0.0.0 Safari/537.36 Edg/149.0.0.0"
189.217.200.103 - - [11/Jun/2026:06:37:15 -0600] "GET /wp-content/plugins/elementor-pro/assets/js/slides.8e9b74f1b31471377df8.bundle.min.js HTTP/1.1" 200 1465 "https://sportmaster.mx/tipos-de-pasto-sintetico/" "Mozilla/5.0 (Windows NT 10.0; Win64; x64) AppleWebKit/537.36 (KHTML, like Gecko) Chrome/149.0.0.0 Safari/537.36 Edg/149.0.0.0"
189.217.200.103 - - [11/Jun/2026:06:37:15 -0600] "GET /wp-content/uploads/venta-de-pasto-monofilamento-tencate-mexico.jpg HTTP/1.1" 200 109100 "https://sportmaster.mx/tipos-de-pasto-sintetico/" "Mozilla/5.0 (Windows NT 10.0; Win64; x64) AppleWebKit/537.36 (KHTML, like Gecko) Chrome/149.0.0.0 Safari/537.36 Edg/149.0.0.0"
189.217.200.103 - - [11/Jun/2026:06:37:14 -0600] "GET /wp-content/uploads/pasto-sintetico-fibrilado-mundial.png HTTP/1.1" 200 1258137 "https://sportmaster.mx/tipos-de-pasto-sintetico/" "Mozilla/5.0 (Windows NT 10.0; Win64; x64) AppleWebKit/537.36 (KHTML, like Gecko) Chrome/149.0.0.0 Safari/537.36 Edg/149.0.0.0"
189.217.200.103 - - [11/Jun/2026:06:37:15 -0600] "GET /wp-content/uploads/pasto-fibrilado-tencate.jpg HTTP/1.1" 200 130916 "https://sportmaster.mx/tipos-de-pasto-sintetico/" "Mozilla/5.0 (Windows NT 10.0; Win64; x64) AppleWebKit/537.36 (KHTML, like Gecko) Chrome/149.0.0.0 Safari/537.36 Edg/149.0.0.0"
189.217.200.103 - - [11/Jun/2026:06:37:15 -0600] "GET /wp-content/uploads/pasto-monofilamento-tencate.jpg HTTP/1.1" 200 109100 "https://sportmaster.mx/tipos-de-pasto-sintetico/" "Mozilla/5.0 (Windows NT 10.0; Win64; x64) AppleWebKit/537.36 (KHTML, like Gecko) Chrome/149.0.0.0 Safari/537.36 Edg/149.0.0.0"
189.217.200.103 - - [11/Jun/2026:06:37:14 -0600] "GET /wp-content/uploads/pasto-sintetico-hibrido-mundial.png HTTP/1.1" 200 1083080 "https://sportmaster.mx/tipos-de-pasto-sintetico/" "Mozilla/5.0 (Windows NT 10.0; Win64; x64) AppleWebKit/537.36 (KHTML, like Gecko) Chrome/149.0.0.0 Safari/537.36 Edg/149.0.0.0"
189.217.200.103 - - [11/Jun/2026:06:37:15 -0600] "GET /wp-content/uploads/pasto-hibrido-mundial-futbol.png HTTP/1.1" 200 749600 "https://sportmaster.mx/tipos-de-pasto-sintetico/" "Mozilla/5.0 (Windows NT 10.0; Win64; x64) AppleWebKit/537.36 (KHTML, like Gecko) Chrome/149.0.0.0 Safari/537.36 Edg/149.0.0.0"
189.217.200.103 - - [11/Jun/2026:06:37:15 -0600] "GET /wp-content/uploads/venta-pasto-sintetico-de-colores.jpg HTTP/1.1" 200 69645 "https://sportmaster.mx/tipos-de-pasto-sintetico/" "Mozilla/5.0 (Windows NT 10.0; Win64; x64) AppleWebKit/537.36 (KHTML, like Gecko) Chrome/149.0.0.0 Safari/537.36 Edg/149.0.0.0"
125.161.67.144 - - [11/Jun/2026:06:37:11 -0600] "GET /contactanos/ HTTP/1.1" 200 57780 "https://www.google.com/" "Mozilla/5.0 (Linux; Android 10; K) AppleWebKit/537.36 (KHTML, like Gecko) Chrome/149.0.0.0 Mobile Safari/537.36"
189.217.200.103 - - [11/Jun/2026:06:37:15 -0600] "POST /wp-json/pys-facebook/v1/event HTTP/1.1" 200 16 "https://sportmaster.mx/tipos-de-pasto-sintetico/" "Mozilla/5.0 (Windows NT 10.0; Win64; x64) AppleWebKit/537.36 (KHTML, like Gecko) Chrome/149.0.0.0 Safari/537.36 Edg/149.0.0.0"
125.161.67.144 - - [11/Jun/2026:06:37:15 -0600] "GET /8o_WIVtDvvijSGt_4XpcywCOztnADo8ivKHfgpWNDi_q96nSoMpDkRYtqO4c_uYFgYhQ86ozhJ7hkU45D_YVaBeozX9g-mPY_bscwnM3d1EV4ofWVKigSaQ4beEfoP9_NlDCyGPSbLWu3LwdjI2ktHiPr4CkuDCY1ioBl0cVR2Jz_l-W0yuMjfoAEjuyJiQFU9a3GuUIl7nxQawaBkB6N6TrCzJIY2oLtusFyYXl-7XECa85uRABXBIp83ME2FjYbC6iKMll8vYiWXiIdAJmFwDF1cfuHAy3dVE2-w_lJj9CHfYBADemq073roR10VZjKkh7lL0dmwKqmfpXRlY4Nph2gzeReQ38KOsH8tzEqAdBT8JScwo8pRZsQzdqcyj7WGyOjICSlzkjfeEOKJ_QpassNPdJCmncVNc7eIOBJizGrL9m4ZAWjons-IlEnziCLyLYrAjzqA HTTP/1.1" 404 29395 "https://sportmaster.mx/contactanos/" "Mozilla/5.0 (Linux; Android 10; K) AppleWebKit/537.36 (KHTML, like Gecko) Chrome/149.0.0.0 Mobile Safari/537.36"
189.217.200.103 - - [11/Jun/2026:06:37:15 -0600] "POST /wp-json/pys-facebook/v1/event HTTP/1.1" 200 16 "https://sportmaster.mx/tipos-de-pasto-sintetico/" "Mozilla/5.0 (Windows NT 10.0; Win64; x64) AppleWebKit/537.36 (KHTML, like Gecko) Chrome/149.0.0.0 Safari/537.36 Edg/149.0.0.0"
125.161.67.144 - - [11/Jun/2026:06:37:17 -0600] "GET /wp-content/plugins/pt-content-views-pro-mp5.3.4.3/public/assets/css/cvpro.min.css?ver=5.3.4.3 HTTP/1.1" 200 20533 "-" "Mozilla/5.0 (Linux; Android 10; K) AppleWebKit/537.36 (KHTML, like Gecko) Chrome/149.0.0.0 Mobile Safari/537.36"
125.161.67.144 - - [11/Jun/2026:06:37:14 -0600] "GET /contactanos/ HTTP/1.1" 200 57780 "https://www.google.com/" "Mozilla/5.0 (Linux; Android 10; K) AppleWebKit/537.36 (KHTML, like Gecko) Chrome/149.0.0.0 Mobile Safari/537.36"
125.161.67.144 - - [11/Jun/2026:06:37:20 -0600] "GET /8o_WIVtDvvijSGt_4XpcywCOztnADo8ivKHfgpWNDi_q96nSoMpDkRYtqO4c_uYFgYhQ86ozhJ7hkU45D_YVaBeozX9g-mPY_bscwnM3d1EV4ofWVKigSaQ4beEfoP9_NlDCyGPSbLWu3LwdjI2ktHiPr4CkuDCY1ioBl0cVR2Jz_l-W0yuMjfoAEjuyJiQFU9a3GuUIl7nxQawaBkB6N6TrCzJIY2oLtusFyYXl-7XECa85uRABXBIp83ME2FjYbC6iKMll8vYiWXiIdAJmFwDF1cfuHAy3dVE2-w_lJj9CHfYBADemq073roR10VZjKkh7lL0dmwKqmfpXRlY4Nph2gzeReQ38KOsH8tzEqAdBT8JScwo8pRZsQzdqcyj7WGyOjICSlzkjfeEOKJ_QpassNPdJCmncVNc7eIOBJizGrL9m4ZAWjons-IlEnziCLyLYrAjzqA HTTP/1.1" 404 29392 "https://sportmaster.mx/contactanos/" "Mozilla/5.0 (Linux; Android 10; K) AppleWebKit/537.36 (KHTML, like Gecko) Chrome/149.0.0.0 Mobile Safari/537.36"
144.217.238.152 - - [11/Jun/2026:06:37:46 -0600] "POST /wp-cron.php?doing_wp_cron=1781181466.0056290626525878906250 HTTP/1.1" 200 - "-" "WordPress/7.0; https://sportmaster.mx"
189.217.200.103 - - [11/Jun/2026:06:37:44 -0600] "POST /wp-json/pys-facebook/v1/event HTTP/1.1" 200 16 "https://sportmaster.mx/tipos-de-pasto-sintetico/" "Mozilla/5.0 (Windows NT 10.0; Win64; x64) AppleWebKit/537.36 (KHTML, like Gecko) Chrome/149.0.0.0 Safari/537.36 Edg/149.0.0.0"
216.73.216.104 - - [11/Jun/2026:06:38:10 -0600] "GET /robots.txt HTTP/1.1" 200 125 "-" "Mozilla/5.0 AppleWebKit/537.36 (KHTML, like Gecko; compatible; ClaudeBot/1.0; +claudebot@anthropic.com)"
144.217.238.152 - - [11/Jun/2026:06:38:12 -0600] "POST /wp-cron.php?doing_wp_cron=1781181491.6467590332031250000000 HTTP/1.1" 200 - "-" "WordPress/7.0; https://sportmaster.mx"
216.73.216.104 - - [11/Jun/2026:06:38:13 -0600] "GET /sitemap_index.xml HTTP/1.1" 200 315 "-" "Mozilla/5.0 AppleWebKit/537.36 (KHTML, like Gecko; compatible; ClaudeBot/1.0; +claudebot@anthropic.com)"
103.30.88.218 - - [11/Jun/2026:06:39:33 -0600] "POST /xmlrpc.php HTTP/1.1" 200 416 "-" "Jetpack by WordPress.com"
103.30.88.218 - - [11/Jun/2026:06:39:43 -0600] "POST /xmlrpc.php HTTP/1.1" 200 416 "-" "WordPress.com; https://wordpress.com"
125.165.191.127 - - [11/Jun/2026:06:39:46 -0600] "GET /contactanos/ HTTP/1.1" 200 57780 "-" "Mozilla/5.0 (Linux; Android 12; V2120 Build/SP1A.210812.003) AppleWebKit/537.36 (KHTML, like Gecko) Chrome/148.0.7778.217 Mobile Safari/537.36"
125.165.191.127 - - [11/Jun/2026:06:39:46 -0600] "GET /8o_WIVtDvvijSGt_4XpcywCOztnADo8ivKHfgpWNDi_q96nSoMpDkRYtqO4c_uYFgYhQ86ozhJ7hkU45D_YVaBeozX9g-mPY_bscwnM3d1EV4ofWVKigSaQ4beEfoP9_NlDCyGPSbLWu3LwdjI2ktHiPr4CkuDCY1ioBl0cVR2Jz_l-W0yuMjfoAEjuyJiQFU9a3GuUIl7nxQawaBkB6N6TrCzJIY2oLtusFyYXl-7XECa85uRABXBIp83ME2FjYbC6iKMll8vYiWXiIdAJmFwDF1cfuHAy3dVE2-w_lJj9CHfYBADemq073roR10VZjKkh7lL0dmwKqmfpXRlY4Nph2gzeReQ38KOsH8tzEqAdBT8JScwo8pRZsQzdqcyj7WGyOjICSlzkjfeEOKJ_QpassNPdJCmncVNc7eIOBJizGrL9m4ZAWjons-IlEnziCLyLYrAjzqA HTTP/1.1" 404 29394 "https://sportmaster.mx/contactanos/" "Mozilla/5.0 (Linux; Android 12; V2120 Build/SP1A.210812.003) AppleWebKit/537.36 (KHTML, like Gecko) Chrome/148.0.7778.217 Mobile Safari/537.36"
125.165.191.127 - - [11/Jun/2026:06:39:52 -0600] "POST /cdn-cgi/rum? HTTP/1.1" 404 28559 "https://sportmaster.mx/contactanos/" "Mozilla/5.0 (Linux; Android 12; V2120 Build/SP1A.210812.003) AppleWebKit/537.36 (KHTML, like Gecko) Chrome/148.0.7778.217 Mobile Safari/537.36"
125.165.191.127 - - [11/Jun/2026:06:39:55 -0600] "POST /cdn-cgi/rum? HTTP/1.1" 404 28562 "https://sportmaster.mx/contactanos/" "Mozilla/5.0 (Linux; Android 12; V2120 Build/SP1A.210812.003) AppleWebKit/537.36 (KHTML, like Gecko) Chrome/148.0.7778.217 Mobile Safari/537.36"
103.30.88.218 - - [11/Jun/2026:06:39:55 -0600] "POST /xmlrpc.php HTTP/1.1" 200 416 "-" "Jetpack by WordPress.com"
103.30.88.218 - - [11/Jun/2026:06:40:05 -0600] "POST /xmlrpc.php HTTP/1.1" 200 416 "-" "Jetpack by WordPress.com (Jetpack 13.0; WordPress 6.3)"
40.77.167.154 - - [11/Jun/2026:06:40:08 -0600] "GET /jersey-orlando-pirates-new-kit-144098 HTTP/1.1" 404 28666 "-" "Mozilla/5.0 AppleWebKit/537.36 (KHTML, like Gecko; compatible; bingbot/2.0; +http://www.bing.com/bingbot.htm) Chrome/116.0.1938.76 Safari/537.36"
40.77.167.154 - - [11/Jun/2026:06:40:10 -0600] "GET /staten-island-ferryhawks-stadium-122203 HTTP/1.1" 404 28668 "-" "Mozilla/5.0 AppleWebKit/537.36 (KHTML, like Gecko; compatible; bingbot/2.0; +http://www.bing.com/bingbot.htm) Chrome/116.0.1938.76 Safari/537.36"
103.30.88.218 - - [11/Jun/2026:06:40:15 -0600] "POST /xmlrpc.php HTTP/1.1" 200 416 "-" "Jetpack/12.5; WordPress/6.2; http://site70547380.com"
40.77.167.73 - - [11/Jun/2026:06:40:18 -0600] "GET /Charboneau-Obituary-Stephen-C-Gregory-and-Son-Cremation-2538-124612 HTTP/1.1" 404 28707 "-" "Mozilla/5.0 AppleWebKit/537.36 (KHTML, like Gecko; compatible; bingbot/2.0; +http://www.bing.com/bingbot.htm) Chrome/116.0.1938.76 Safari/537.36"
103.30.88.218 - - [11/Jun/2026:06:40:26 -0600] "POST /xmlrpc.php HTTP/1.1" 200 416 "-" "Jetpack/12.0; WordPress/6.3; http://site65621098.com"
161.132.210.118 - - [11/Jun/2026:06:40:28 -0600] "GET /wp-content/uploads/Fabricacion-e-instalacion-de-gradas-metalicas-para-canchas-deportivas.png HTTP/1.1" 200 438670 "https://www.google.com/" "Mozilla/5.0 (X11; CrOS x86_64 14541.0.0) AppleWebKit/537.36 (KHTML, like Gecko) Chrome/148.0.0.0 Safari/537.36"
103.30.88.218 - - [11/Jun/2026:06:40:37 -0600] "POST /xmlrpc.php HTTP/1.1" 200 416 "-" "Jetpack/13.0; WordPress/6.2; http://site93826370.com"
186.158.30.57 - - [11/Jun/2026:06:40:39 -0600] "GET /wp-content/uploads/como-se-divide-la-cancha-de-futbol.jpg HTTP/1.1" 200 38279 "https://www.google.com/" "Mozilla/5.0 (Windows NT 10.0; Win64; x64) AppleWebKit/537.36 (KHTML, like Gecko) Chrome/149.0.0.0 Safari/537.36"
103.30.88.218 - - [11/Jun/2026:06:40:48 -0600] "POST /xmlrpc.php HTTP/1.1" 200 416 "-" "Jetpack by WordPress.com (Jetpack 12.0; WordPress 6.3)"
103.30.88.218 - - [11/Jun/2026:06:40:58 -0600] "POST /xmlrpc.php HTTP/1.1" 200 416 "-" "Jetpack/12.1; WordPress/6.2; http://site71053688.com"
103.30.88.218 - - [11/Jun/2026:06:41:09 -0600] "POST /xmlrpc.php HTTP/1.1" 200 416 "-" "Jetpack/13.0; WordPress/6.1; http://site14420828.com"
113.172.14.47 - - [11/Jun/2026:06:41:13 -0600] "GET /gradas-de-futbol-el-secreto-para-canchas-profesionales-y-aficionados-felices/ HTTP/1.1" 200 33712 "-" "Mozilla/5.0 (Windows NT 10.0; Win64; x64) AppleWebKit/537.36 (KHTML, like Gecko) Chrome/99.0.4844.51 Safari/537.36"
103.30.88.218 - - [11/Jun/2026:06:41:22 -0600] "POST /xmlrpc.php HTTP/1.1" 200 416 "-" "Jetpack by WordPress.com (Jetpack 12.5; WordPress 6.3)"
103.30.88.218 - - [11/Jun/2026:06:41:31 -0600] "POST /xmlrpc.php HTTP/1.1" 200 416 "-" "WordPress.com; https://wordpress.com"
114.10.71.172 - - [11/Jun/2026:06:41:35 -0600] "GET /wp-content/plugins/pt-content-views-pro-mp5.3.4.3/public/assets/css/cvpro.min.css?ver=5.3.4.3 HTTP/1.1" 200 20533 "-" "Mozilla/5.0 (Linux; Android 10; K) AppleWebKit/537.36 (KHTML, like Gecko) Chrome/148.0.0.0 Mobile Safari/537.36"
114.10.71.172 - - [11/Jun/2026:06:41:35 -0600] "GET /wp-content/plugins/content-views-query-and-display-post-page/public/assets/css/cv.css?ver=4.3 HTTP/1.1" 200 13295 "-" "Mozilla/5.0 (Linux; Android 10; K) AppleWebKit/537.36 (KHTML, like Gecko) Chrome/148.0.0.0 Mobile Safari/537.36"
114.10.71.172 - - [11/Jun/2026:06:41:36 -0600] "GET /wp-content/plugins/click-to-chat-for-whatsapp/new/inc/assets/css/main.css?ver=4.37 HTTP/1.1" 200 1037 "-" "Mozilla/5.0 (Linux; Android 10; K) AppleWebKit/537.36 (KHTML, like Gecko) Chrome/148.0.0.0 Mobile Safari/537.36"
114.10.71.172 - - [11/Jun/2026:06:41:36 -0600] "GET /wp-content/plugins/cookie-notice/css/front.min.css?ver=2.5.14 HTTP/1.1" 200 1247 "-" "Mozilla/5.0 (Linux; Android 10; K) AppleWebKit/537.36 (KHTML, like Gecko) Chrome/148.0.0.0 Mobile Safari/537.36"
114.10.71.172 - - [11/Jun/2026:06:41:37 -0600] "GET /wp-content/plugins/formularios-de-contacto-salesup/helpers/izitoast/css/iziToast.min.css?ver=1.0.14 HTTP/1.1" 200 10437 "-" "Mozilla/5.0 (Linux; Android 10; K) AppleWebKit/537.36 (KHTML, like Gecko) Chrome/148.0.0.0 Mobile Safari/537.36"
114.10.71.172 - - [11/Jun/2026:06:41:37 -0600] "GET /wp-content/plugins/formularios-de-contacto-salesup/helpers/jquery-ui-1.12.1/jquery-ui.min.css?ver=1.0.14 HTTP/1.1" 200 7901 "-" "Mozilla/5.0 (Linux; Android 10; K) AppleWebKit/537.36 (KHTML, like Gecko) Chrome/148.0.0.0 Mobile Safari/537.36"
114.10.71.172 - - [11/Jun/2026:06:41:35 -0600] "GET /contactanos/ HTTP/1.1" 200 57780 "https://www.google.com/" "Mozilla/5.0 (Linux; Android 10; K) AppleWebKit/537.36 (KHTML, like Gecko) Chrome/148.0.0.0 Mobile Safari/537.36"
114.10.71.172 - - [11/Jun/2026:06:41:37 -0600] "GET /wp-content/themes/generatepress/assets/css/unsemantic-grid.min.css?ver=3.6.0 HTTP/1.1" 200 2216 "-" "Mozilla/5.0 (Linux; Android 10; K) AppleWebKit/537.36 (KHTML, like Gecko) Chrome/148.0.0.0 Mobile Safari/537.36"
114.10.71.172 - - [11/Jun/2026:06:41:37 -0600] "GET /wp-content/themes/generatepress/assets/css/style.min.css?ver=3.6.0 HTTP/1.1" 200 5109 "-" "Mozilla/5.0 (Linux; Android 10; K) AppleWebKit/537.36 (KHTML, like Gecko) Chrome/148.0.0.0 Mobile Safari/537.36"
114.10.71.172 - - [11/Jun/2026:06:41:37 -0600] "GET /8o_WIVtDvvijSGt_4XpcywCOztnADo8ivKHfgpWNDi_q96nSoMpDkRYtqO4c_uYFgYhQ86ozhJ7hkU45D_YVaBeozX9g-mPY_bscwnM3d1EV4ofWVKigSaQ4beEfoP9_NlDCyGPSbLWu3LwdjI2ktHiPr4CkuDCY1ioBl0cVR2Jz_l-W0yuMjfoAEjuyJiQFU9a3GuUIl7nxQawaBkB6N6TrCzJIY2oLtusFyYXl-7XECa85uRABXBIp83ME2FjYbC6iKMll8vYiWXiIdAJmFwDF1cfuHAy3dVE2-w_lJj9CHfYBADemq073roR10VZjKkh7lL0dmwKqmfpXRlY4Nph2gzeReQ38KOsH8tzEqAdBT8JScwo8pRZsQzdqcyj7WGyOjICSlzkjfeEOKJ_QpassNPdJCmncVNc7eIOBJizGrL9m4ZAWjons-IlEnziCLyLYrAjzqA HTTP/1.1" 404 29394 "https://sportmaster.mx/contactanos/" "Mozilla/5.0 (Linux; Android 10; K) AppleWebKit/537.36 (KHTML, like Gecko) Chrome/148.0.0.0 Mobile Safari/537.36"
103.30.88.218 - - [11/Jun/2026:06:41:41 -0600] "POST /xmlrpc.php HTTP/1.1" 200 416 "-" "Jetpack by WordPress.com (Jetpack 12.1; WordPress 6.2)"
114.10.71.172 - - [11/Jun/2026:06:41:43 -0600] "POST /cdn-cgi/rum? HTTP/1.1" 404 28565 "https://sportmaster.mx/contactanos/" "Mozilla/5.0 (Linux; Android 10; K) AppleWebKit/537.36 (KHTML, like Gecko) Chrome/148.0.0.0 Mobile Safari/537.36"
114.10.71.172 - - [11/Jun/2026:06:41:47 -0600] "POST /cdn-cgi/rum? HTTP/1.1" 404 28560 "https://sportmaster.mx/contactanos/" "Mozilla/5.0 (Linux; Android 10; K) AppleWebKit/537.36 (KHTML, like Gecko) Chrome/148.0.0.0 Mobile Safari/537.36"
103.30.88.218 - - [11/Jun/2026:06:41:55 -0600] "POST /xmlrpc.php HTTP/1.1" 200 416 "-" "Jetpack by WordPress.com (Jetpack 12.5; WordPress 6.2)"
14.243.130.34 - - [11/Jun/2026:06:42:00 -0600] "GET /category/futbol-7/page/2/ HTTP/1.1" 200 34714 "-" "Mozilla/5.0 (Macintosh; Intel Mac OS X 10_15_7) AppleWebKit/537.36 (KHTML, like Gecko) Chrome/136.0.0.0 Safari/537.36"
57.141.0.43 - - [11/Jun/2026:06:42:00 -0600] "GET /pasto-sintetico-hibrido-mundial/ HTTP/1.1" 200 146455 "-" "meta-externalagent/1.1 (+https://developers.facebook.com/docs/sharing/webmasters/crawler)"
103.30.88.218 - - [11/Jun/2026:06:42:03 -0600] "POST /xmlrpc.php HTTP/1.1" 200 416 "-" "Jetpack/12.0; WordPress/6.1; http://site53230733.com"
103.30.88.218 - - [11/Jun/2026:06:42:14 -0600] "POST /xmlrpc.php HTTP/1.1" 200 416 "-" "Jetpack by WordPress.com"
112.215.245.53 - - [11/Jun/2026:06:42:23 -0600] "GET /contactanos/ HTTP/1.1" 200 57780 "https://www.google.com/" "Mozilla/5.0 (Linux; Android 10; K) AppleWebKit/537.36 (KHTML, like Gecko) Chrome/148.0.0.0 Mobile Safari/537.36"
103.30.88.218 - - [11/Jun/2026:06:42:23 -0600] "POST /xmlrpc.php HTTP/1.1" 200 416 "-" "Jetpack by WordPress.com (Jetpack 13.0; WordPress 6.3)"
112.215.245.53 - - [11/Jun/2026:06:42:23 -0600] "GET /8o_WIVtDvvijSGt_4XpcywCOztnADo8ivKHfgpWNDi_q96nSoMpDkRYtqO4c_uYFgYhQ86ozhJ7hkU45D_YVaBeozX9g-mPY_bscwnM3d1EV4ofWVKigSaQ4beEfoP9_NlDCyGPSbLWu3LwdjI2ktHiPr4CkuDCY1ioBl0cVR2Jz_l-W0yuMjfoAEjuyJiQFU9a3GuUIl7nxQawaBkB6N6TrCzJIY2oLtusFyYXl-7XECa85uRABXBIp83ME2FjYbC6iKMll8vYiWXiIdAJmFwDF1cfuHAy3dVE2-w_lJj9CHfYBADemq073roR10VZjKkh7lL0dmwKqmfpXRlY4Nph2gzeReQ38KOsH8tzEqAdBT8JScwo8pRZsQzdqcyj7WGyOjICSlzkjfeEOKJ_QpassNPdJCmncVNc7eIOBJizGrL9m4ZAWjons-IlEnziCLyLYrAjzqA HTTP/1.1" 404 29394 "https://sportmaster.mx/contactanos/" "Mozilla/5.0 (Linux; Android 10; K) AppleWebKit/537.36 (KHTML, like Gecko) Chrome/148.0.0.0 Mobile Safari/537.36"
103.30.88.218 - - [11/Jun/2026:06:42:34 -0600] "POST /xmlrpc.php HTTP/1.1" 200 416 "-" "Jetpack/13.0; WordPress/6.3; http://site60329678.com"
103.30.88.218 - - [11/Jun/2026:06:42:45 -0600] "POST /xmlrpc.php HTTP/1.1" 200 416 "-" "Jetpack/12.1; WordPress/6.1; http://site72453487.com"
144.217.238.152 - - [11/Jun/2026:06:42:45 -0600] "POST /wp-cron.php?doing_wp_cron=1781181765.8676099777221679687500 HTTP/1.1" 200 - "-" "WordPress/7.0; https://sportmaster.mx"
103.30.88.218 - - [11/Jun/2026:06:42:55 -0600] "POST /xmlrpc.php HTTP/1.1" 200 416 "-" "Jetpack by WordPress.com"
103.30.88.218 - - [11/Jun/2026:06:43:06 -0600] "POST /xmlrpc.php HTTP/1.1" 200 416 "-" "Jetpack by WordPress.com"
189.156.227.173 - - [11/Jun/2026:06:43:08 -0600] "GET /sportmasterlp/?gad_source=1&gad_campaignid=23399349318&gclid=Cj0KCQjwlqTRBhCBARIsANrkrxi-ryEUphfiD9v6fF8DZcFwhWLrsi7MOaJdfxZIHunTHidNGh4hZiUaAjApEALw_wcB HTTP/1.1" 200 31124 "https://www.google.com/" "Mozilla/5.0 (iPhone; CPU iPhone OS 26_5_0 like Mac OS X) AppleWebKit/605.1.15 (KHTML, like Gecko) CriOS/149.0.7827.45 Mobile/15E148 Safari/604.1"
189.156.227.173 - - [11/Jun/2026:06:43:12 -0600] "GET /wp-admin/admin-ajax.php?action=pys_get_pbid HTTP/1.1" 200 115 "https://sportmaster.mx/sportmasterlp/?gad_source=1&gad_campaignid=23399349318&gclid=Cj0KCQjwlqTRBhCBARIsANrkrxi-ryEUphfiD9v6fF8DZcFwhWLrsi7MOaJdfxZIHunTHidNGh4hZiUaAjApEALw_wcB" "Mozilla/5.0 (iPhone; CPU iPhone OS 26_5_0 like Mac OS X) AppleWebKit/605.1.15 (KHTML, like Gecko) CriOS/149.0.7827.45 Mobile/15E148 Safari/604.1"
189.156.227.173 - - [11/Jun/2026:06:43:12 -0600] "POST /wp-json/pys-facebook/v1/event HTTP/1.1" 200 16 "https://sportmaster.mx/sportmasterlp/?gad_source=1&gad_campaignid=23399349318&gclid=Cj0KCQjwlqTRBhCBARIsANrkrxi-ryEUphfiD9v6fF8DZcFwhWLrsi7MOaJdfxZIHunTHidNGh4hZiUaAjApEALw_wcB" "Mozilla/5.0 (iPhone; CPU iPhone OS 26_5_0 like Mac OS X) AppleWebKit/605.1.15 (KHTML, like Gecko) CriOS/149.0.7827.45 Mobile/15E148 Safari/604.1"
144.217.238.152 - - [11/Jun/2026:06:43:10 -0600] "POST /wp-cron.php?doing_wp_cron=1781181790.5739450454711914062500 HTTP/1.1" 200 - "-" "WordPress/7.0; https://sportmaster.mx"
103.30.88.218 - - [11/Jun/2026:06:43:16 -0600] "POST /xmlrpc.php HTTP/1.1" 200 416 "-" "WordPress.com; https://wordpress.com"
103.30.88.218 - - [11/Jun/2026:06:43:27 -0600] "POST /xmlrpc.php HTTP/1.1" 200 416 "-" "WordPress.com; https://wordpress.com"
103.30.88.218 - - [11/Jun/2026:06:43:38 -0600] "POST /xmlrpc.php HTTP/1.1" 200 416 "-" "WordPress.com; https://wordpress.com"
103.30.88.218 - - [11/Jun/2026:06:43:48 -0600] "POST /xmlrpc.php HTTP/1.1" 200 416 "-" "Jetpack by WordPress.com"
36.75.3.202 - - [11/Jun/2026:06:43:50 -0600] "GET /contactanos/ HTTP/1.1" 200 57780 "-" "Mozilla/5.0 (Linux; Android 15; Infinix X6725 Build/AP3A.240905.015.A2) AppleWebKit/537.36 (KHTML, like Gecko) Chrome/148.0.7778.215 Mobile Safari/537.36"
36.75.3.202 - - [11/Jun/2026:06:43:51 -0600] "GET /8o_WIVtDvvijSGt_4XpcywCOztnADo8ivKHfgpWNDi_q96nSoMpDkRYtqO4c_uYFgYhQ86ozhJ7hkU45D_YVaBeozX9g-mPY_bscwnM3d1EV4ofWVKigSaQ4beEfoP9_NlDCyGPSbLWu3LwdjI2ktHiPr4CkuDCY1ioBl0cVR2Jz_l-W0yuMjfoAEjuyJiQFU9a3GuUIl7nxQawaBkB6N6TrCzJIY2oLtusFyYXl-7XECa85uRABXBIp83ME2FjYbC6iKMll8vYiWXiIdAJmFwDF1cfuHAy3dVE2-w_lJj9CHfYBADemq073roR10VZjKkh7lL0dmwKqmfpXRlY4Nph2gzeReQ38KOsH8tzEqAdBT8JScwo8pRZsQzdqcyj7WGyOjICSlzkjfeEOKJ_QpassNPdJCmncVNc7eIOBJizGrL9m4ZAWjons-IlEnziCLyLYrAjzqA HTTP/1.1" 404 29390 "https://sportmaster.mx/contactanos/" "Mozilla/5.0 (Linux; Android 15; Infinix X6725 Build/AP3A.240905.015.A2) AppleWebKit/537.36 (KHTML, like Gecko) Chrome/148.0.7778.215 Mobile Safari/537.36"
103.30.88.218 - - [11/Jun/2026:06:43:59 -0600] "POST /xmlrpc.php HTTP/1.1" 200 416 "-" "Jetpack by WordPress.com"
173.236.215.92 - - [11/Jun/2026:06:44:01 -0600] "GET /wp-login.php HTTP/1.1" 200 3687 "-" "Mozilla/5.0 (Macintosh; Intel Mac OS X 11_7_10) AppleWebKit/537.36 (KHTML, like Gecko) Chrome/133.0.0.0 Safari/537.36"
173.236.215.92 - - [11/Jun/2026:06:44:06 -0600] "POST /wp-login.php HTTP/1.1" 200 3782 "https://sportmaster.mx/wp-login.php" "Mozilla/5.0 (Macintosh; Intel Mac OS X 11_7_10) AppleWebKit/537.36 (KHTML, like Gecko) Chrome/133.0.0.0 Safari/537.36"
103.30.88.218 - - [11/Jun/2026:06:44:11 -0600] "POST /xmlrpc.php HTTP/1.1" 200 416 "-" "WordPress.com; https://wordpress.com"
103.30.88.218 - - [11/Jun/2026:06:44:20 -0600] "POST /xmlrpc.php HTTP/1.1" 200 416 "-" "Jetpack/13.0; WordPress/6.3; http://site24714986.com"
103.30.88.218 - - [11/Jun/2026:06:44:31 -0600] "POST /xmlrpc.php HTTP/1.1" 200 416 "-" "Jetpack by WordPress.com (Jetpack 12.0; WordPress 6.4)"
203.78.124.134 - - [11/Jun/2026:06:44:36 -0600] "GET /contactanos/ HTTP/1.1" 200 57780 "-" "Mozilla/5.0 (Linux; Android 13; 23028RN4DG Build/TP1A.220624.014) AppleWebKit/537.36 (KHTML, like Gecko) Chrome/104.0.5112.97 Mobile Safari/537.36"
203.78.124.134 - - [11/Jun/2026:06:44:40 -0600] "GET /8o_WIVtDvvijSGt_4XpcywCOztnADo8ivKHfgpWNDi_q96nSoMpDkRYtqO4c_uYFgYhQ86ozhJ7hkU45D_YVaBeozX9g-mPY_bscwnM3d1EV4ofWVKigSaQ4beEfoP9_NlDCyGPSbLWu3LwdjI2ktHiPr4CkuDCY1ioBl0cVR2Jz_l-W0yuMjfoAEjuyJiQFU9a3GuUIl7nxQawaBkB6N6TrCzJIY2oLtusFyYXl-7XECa85uRABXBIp83ME2FjYbC6iKMll8vYiWXiIdAJmFwDF1cfuHAy3dVE2-w_lJj9CHfYBADemq073roR10VZjKkh7lL0dmwKqmfpXRlY4Nph2gzeReQ38KOsH8tzEqAdBT8JScwo8pRZsQzdqcyj7WGyOjICSlzkjfeEOKJ_QpassNPdJCmncVNc7eIOBJizGrL9m4ZAWjons-IlEnziCLyLYrAjzqA HTTP/1.1" 404 29393 "https://sportmaster.mx/contactanos/" "Mozilla/5.0 (Linux; Android 13; 23028RN4DG Build/TP1A.220624.014) AppleWebKit/537.36 (KHTML, like Gecko) Chrome/104.0.5112.97 Mobile Safari/537.36"
103.30.88.218 - - [11/Jun/2026:06:44:41 -0600] "POST /xmlrpc.php HTTP/1.1" 200 416 "-" "WordPress.com; https://wordpress.com"
203.78.124.134 - - [11/Jun/2026:06:44:52 -0600] "POST /cdn-cgi/rum? HTTP/1.1" 404 28559 "https://sportmaster.mx/contactanos/" "Mozilla/5.0 (Linux; Android 13; 23028RN4DG Build/TP1A.220624.014) AppleWebKit/537.36 (KHTML, like Gecko) Chrome/104.0.5112.97 Mobile Safari/537.36"
103.30.88.218 - - [11/Jun/2026:06:44:53 -0600] "POST /xmlrpc.php HTTP/1.1" 200 416 "-" "Jetpack by WordPress.com (Jetpack 12.0; WordPress 6.1)"
84.20.27.185 - - [11/Jun/2026:06:44:56 -0600] "GET /wp-content/uploads/como-se-divide-la-cancha-de-futbol.jpg HTTP/1.1" 200 38279 "https://www.google.com/" "Mozilla/5.0 (Linux; Android 16; 2409BRN2CL Build/BP2A.250605.031.A3; wv) AppleWebKit/537.36 (KHTML, like Gecko) Version/4.0 Chrome/148.0.7778.178 Mobile Safari/537.36 GoogleApp/17.26.25.ve.arm64"
103.30.88.218 - - [11/Jun/2026:06:45:03 -0600] "POST /xmlrpc.php HTTP/1.1" 200 416 "-" "Jetpack/13.0; WordPress/6.1; http://site97099370.com"
38.92.20.237 - - [11/Jun/2026:06:45:09 -0600] "GET /wp-content/uploads/como-se-divide-la-cancha-de-futbol.jpg HTTP/1.1" 200 38279 "https://www.google.com/" "Mozilla/5.0 (Linux; Android 13; TECNO BG7 Build/TP1A.220624.014; wv) AppleWebKit/537.36 (KHTML, like Gecko) Version/4.0 Chrome/148.0.7778.215 Mobile Safari/537.36 GoogleApp/17.28.32.ve.arm64"
103.30.88.218 - - [11/Jun/2026:06:45:13 -0600] "POST /xmlrpc.php HTTP/1.1" 200 416 "-" "Jetpack/12.5; WordPress/6.2; http://site85657537.com"
140.213.16.117 - - [11/Jun/2026:06:45:21 -0600] "GET /contactanos/ HTTP/1.1" 200 57780 "https://www.google.com/" "Mozilla/5.0 (Linux; Android 10; K) AppleWebKit/537.36 (KHTML, like Gecko) Chrome/148.0.0.0 Mobile Safari/537.36"
140.213.16.117 - - [11/Jun/2026:06:45:21 -0600] "GET /8o_WIVtDvvijSGt_4XpcywCOztnADo8ivKHfgpWNDi_q96nSoMpDkRYtqO4c_uYFgYhQ86ozhJ7hkU45D_YVaBeozX9g-mPY_bscwnM3d1EV4ofWVKigSaQ4beEfoP9_NlDCyGPSbLWu3LwdjI2ktHiPr4CkuDCY1ioBl0cVR2Jz_l-W0yuMjfoAEjuyJiQFU9a3GuUIl7nxQawaBkB6N6TrCzJIY2oLtusFyYXl-7XECa85uRABXBIp83ME2FjYbC6iKMll8vYiWXiIdAJmFwDF1cfuHAy3dVE2-w_lJj9CHfYBADemq073roR10VZjKkh7lL0dmwKqmfpXRlY4Nph2gzeReQ38KOsH8tzEqAdBT8JScwo8pRZsQzdqcyj7WGyOjICSlzkjfeEOKJ_QpassNPdJCmncVNc7eIOBJizGrL9m4ZAWjons-IlEnziCLyLYrAjzqA HTTP/1.1" 404 29390 "https://sportmaster.mx/contactanos/" "Mozilla/5.0 (Linux; Android 10; K) AppleWebKit/537.36 (KHTML, like Gecko) Chrome/148.0.0.0 Mobile Safari/537.36"
103.30.88.218 - - [11/Jun/2026:06:45:24 -0600] "POST /xmlrpc.php HTTP/1.1" 200 416 "-" "WordPress.com; https://wordpress.com"
140.213.16.117 - - [11/Jun/2026:06:45:26 -0600] "POST /cdn-cgi/rum? HTTP/1.1" 404 28561 "https://sportmaster.mx/contactanos/" "Mozilla/5.0 (Linux; Android 10; K) AppleWebKit/537.36 (KHTML, like Gecko) Chrome/148.0.0.0 Mobile Safari/537.36"
140.213.16.117 - - [11/Jun/2026:06:45:28 -0600] "POST /cdn-cgi/rum? HTTP/1.1" 404 28561 "https://sportmaster.mx/contactanos/" "Mozilla/5.0 (Linux; Android 10; K) AppleWebKit/537.36 (KHTML, like Gecko) Chrome/148.0.0.0 Mobile Safari/537.36"
103.30.88.218 - - [11/Jun/2026:06:45:34 -0600] "POST /xmlrpc.php HTTP/1.1" 200 416 "-" "WordPress.com; https://wordpress.com"
103.30.88.218 - - [11/Jun/2026:06:45:45 -0600] "POST /xmlrpc.php HTTP/1.1" 200 416 "-" "Jetpack by WordPress.com (Jetpack 12.1; WordPress 6.1)"
103.30.88.218 - - [11/Jun/2026:06:45:56 -0600] "POST /xmlrpc.php HTTP/1.1" 200 416 "-" "Jetpack/13.0; WordPress/6.1; http://site42062573.com"
103.30.88.218 - - [11/Jun/2026:06:46:07 -0600] "POST /xmlrpc.php HTTP/1.1" 200 416 "-" "Jetpack by WordPress.com (Jetpack 12.5; WordPress 6.1)"
103.30.88.218 - - [11/Jun/2026:06:46:17 -0600] "POST /xmlrpc.php HTTP/1.1" 200 416 "-" "WordPress.com; https://wordpress.com"
103.30.88.218 - - [11/Jun/2026:06:46:28 -0600] "POST /xmlrpc.php HTTP/1.1" 200 416 "-" "WordPress.com; https://wordpress.com"
103.30.88.218 - - [11/Jun/2026:06:46:38 -0600] "POST /xmlrpc.php HTTP/1.1" 200 416 "-" "WordPress.com; https://wordpress.com"
103.30.88.218 - - [11/Jun/2026:06:46:49 -0600] "POST /xmlrpc.php HTTP/1.1" 200 416 "-" "Jetpack/12.5; WordPress/6.1; http://site93970145.com"
114.122.43.178 - - [11/Jun/2026:06:46:50 -0600] "GET /contactanos/ HTTP/1.1" 200 57780 "https://www.google.com/" "Mozilla/5.0 (Linux; Android 10; K) AppleWebKit/537.36 (KHTML, like Gecko) Chrome/148.0.0.0 Mobile Safari/537.36"
114.122.43.178 - - [11/Jun/2026:06:46:55 -0600] "GET /8o_WIVtDvvijSGt_4XpcywCOztnADo8ivKHfgpWNDi_q96nSoMpDkRYtqO4c_uYFgYhQ86ozhJ7hkU45D_YVaBeozX9g-mPY_bscwnM3d1EV4ofWVKigSaQ4beEfoP9_NlDCyGPSbLWu3LwdjI2ktHiPr4CkuDCY1ioBl0cVR2Jz_l-W0yuMjfoAEjuyJiQFU9a3GuUIl7nxQawaBkB6N6TrCzJIY2oLtusFyYXl-7XECa85uRABXBIp83ME2FjYbC6iKMll8vYiWXiIdAJmFwDF1cfuHAy3dVE2-w_lJj9CHfYBADemq073roR10VZjKkh7lL0dmwKqmfpXRlY4Nph2gzeReQ38KOsH8tzEqAdBT8JScwo8pRZsQzdqcyj7WGyOjICSlzkjfeEOKJ_QpassNPdJCmncVNc7eIOBJizGrL9m4ZAWjons-IlEnziCLyLYrAjzqA HTTP/1.1" 404 29393 "https://sportmaster.mx/contactanos/" "Mozilla/5.0 (Linux; Android 10; K) AppleWebKit/537.36 (KHTML, like Gecko) Chrome/148.0.0.0 Mobile Safari/537.36"
103.30.88.218 - - [11/Jun/2026:06:47:00 -0600] "POST /xmlrpc.php HTTP/1.1" 200 416 "-" "Jetpack by WordPress.com (Jetpack 12.0; WordPress 6.3)"
114.122.43.178 - - [11/Jun/2026:06:47:04 -0600] "GET /contactanos/ HTTP/1.1" 200 57780 "https://www.google.com/" "Mozilla/5.0 (Linux; Android 10; K) AppleWebKit/537.36 (KHTML, like Gecko) Chrome/148.0.0.0 Mobile Safari/537.36"
114.122.43.178 - - [11/Jun/2026:06:47:05 -0600] "GET /8o_WIVtDvvijSGt_4XpcywCOztnADo8ivKHfgpWNDi_q96nSoMpDkRYtqO4c_uYFgYhQ86ozhJ7hkU45D_YVaBeozX9g-mPY_bscwnM3d1EV4ofWVKigSaQ4beEfoP9_NlDCyGPSbLWu3LwdjI2ktHiPr4CkuDCY1ioBl0cVR2Jz_l-W0yuMjfoAEjuyJiQFU9a3GuUIl7nxQawaBkB6N6TrCzJIY2oLtusFyYXl-7XECa85uRABXBIp83ME2FjYbC6iKMll8vYiWXiIdAJmFwDF1cfuHAy3dVE2-w_lJj9CHfYBADemq073roR10VZjKkh7lL0dmwKqmfpXRlY4Nph2gzeReQ38KOsH8tzEqAdBT8JScwo8pRZsQzdqcyj7WGyOjICSlzkjfeEOKJ_QpassNPdJCmncVNc7eIOBJizGrL9m4ZAWjons-IlEnziCLyLYrAjzqA HTTP/1.1" 404 29387 "https://sportmaster.mx/contactanos/" "Mozilla/5.0 (Linux; Android 10; K) AppleWebKit/537.36 (KHTML, like Gecko) Chrome/148.0.0.0 Mobile Safari/537.36"
103.30.88.218 - - [11/Jun/2026:06:47:10 -0600] "POST /xmlrpc.php HTTP/1.1" 200 416 "-" "Jetpack by WordPress.com"
114.122.43.178 - - [11/Jun/2026:06:47:16 -0600] "POST /cdn-cgi/rum? HTTP/1.1" 404 28561 "https://sportmaster.mx/contactanos/" "Mozilla/5.0 (Linux; Android 10; K) AppleWebKit/537.36 (KHTML, like Gecko) Chrome/148.0.0.0 Mobile Safari/537.36"
114.122.43.178 - - [11/Jun/2026:06:47:17 -0600] "GET /contactanos/ HTTP/1.1" 200 57780 "https://sportmaster.mx/contactanos/" "Mozilla/5.0 (Linux; Android 10; K) AppleWebKit/537.36 (KHTML, like Gecko) Chrome/148.0.0.0 Mobile Safari/537.36"
193.186.4.254 - - [11/Jun/2026:06:47:18 -0600] "GET /sportmasterlp/?gad_source=1&gad_campaignid=23399349318&gbraid=0AAAAADM4HkEXKhc_RZtiYHVKP28pCKiKU&gclid=Cj0KCQjwlqTRBhCBARIsANrkrxhWgSuTaNldJsP7e3J6v1wURpk8lMmJEcwDFLllrks25Nb8oMOLRKcaAscSEALw_wcB HTTP/1.1" 200 31125 "https://www.google.com/" "Mozilla/5.0 (Linux; Android 10; K) AppleWebKit/537.36 (KHTML, like Gecko) Chrome/148.0.0.0 Mobile Safari/537.36"
103.30.88.218 - - [11/Jun/2026:06:47:21 -0600] "POST /xmlrpc.php HTTP/1.1" 200 416 "-" "Jetpack/12.0; WordPress/6.3; http://site45499993.com"
114.122.43.178 - - [11/Jun/2026:06:47:20 -0600] "GET /8o_WIVtDvvijSGt_4XpcywCOztnADo8ivKHfgpWNDi_q96nSoMpDkRYtqO4c_uYFgYhQ86ozhJ7hkU45D_YVaBeozX9g-mPY_bscwnM3d1EV4ofWVKigSaQ4beEfoP9_NlDCyGPSbLWu3LwdjI2ktHiPr4CkuDCY1ioBl0cVR2Jz_l-W0yuMjfoAEjuyJiQFU9a3GuUIl7nxQawaBkB6N6TrCzJIY2oLtusFyYXl-7XECa85uRABXBIp83ME2FjYbC6iKMll8vYiWXiIdAJmFwDF1cfuHAy3dVE2-w_lJj9CHfYBADemq073roR10VZjKkh7lL0dmwKqmfpXRlY4Nph2gzeReQ38KOsH8tzEqAdBT8JScwo8pRZsQzdqcyj7WGyOjICSlzkjfeEOKJ_QpassNPdJCmncVNc7eIOBJizGrL9m4ZAWjons-IlEnziCLyLYrAjzqA HTTP/1.1" 404 29394 "https://sportmaster.mx/contactanos/" "Mozilla/5.0 (Linux; Android 10; K) AppleWebKit/537.36 (KHTML, like Gecko) Chrome/148.0.0.0 Mobile Safari/537.36"
114.122.43.178 - - [11/Jun/2026:06:47:20 -0600] "POST /cdn-cgi/rum? HTTP/1.1" 404 28559 "https://sportmaster.mx/contactanos/" "Mozilla/5.0 (Linux; Android 10; K) AppleWebKit/537.36 (KHTML, like Gecko) Chrome/148.0.0.0 Mobile Safari/537.36"
103.30.88.218 - - [11/Jun/2026:06:47:32 -0600] "POST /xmlrpc.php HTTP/1.1" 200 416 "-" "WordPress.com; https://wordpress.com"
114.122.43.178 - - [11/Jun/2026:06:47:34 -0600] "POST /cdn-cgi/rum? HTTP/1.1" 404 28556 "https://sportmaster.mx/contactanos/" "Mozilla/5.0 (Linux; Android 10; K) AppleWebKit/537.36 (KHTML, like Gecko) Chrome/148.0.0.0 Mobile Safari/537.36"
103.30.88.218 - - [11/Jun/2026:06:47:43 -0600] "POST /xmlrpc.php HTTP/1.1" 200 416 "-" "Jetpack/13.0; WordPress/6.4; http://site53797604.com"
144.217.238.152 - - [11/Jun/2026:06:47:44 -0600] "POST /wp-cron.php?doing_wp_cron=1781182063.7744829654693603515625 HTTP/1.1" 200 - "-" "WordPress/7.0; https://sportmaster.mx"
103.30.88.218 - - [11/Jun/2026:06:47:53 -0600] "POST /xmlrpc.php HTTP/1.1" 200 416 "-" "Jetpack/12.5; WordPress/6.3; http://site79950905.com"
103.30.88.218 - - [11/Jun/2026:06:48:04 -0600] "POST /xmlrpc.php HTTP/1.1" 200 416 "-" "WordPress.com; https://wordpress.com"
103.30.88.218 - - [11/Jun/2026:06:48:15 -0600] "POST /xmlrpc.php HTTP/1.1" 200 416 "-" "Jetpack/12.0; WordPress/6.3; http://site67167034.com"
144.217.238.152 - - [11/Jun/2026:06:48:16 -0600] "POST /wp-cron.php?doing_wp_cron=1781182096.0695428848266601562500 HTTP/1.1" 200 - "-" "WordPress/7.0; https://sportmaster.mx"
103.30.88.218 - - [11/Jun/2026:06:48:26 -0600] "POST /xmlrpc.php HTTP/1.1" 200 416 "-" "Jetpack by WordPress.com"
103.30.88.218 - - [11/Jun/2026:06:48:37 -0600] "POST /xmlrpc.php HTTP/1.1" 200 416 "-" "WordPress.com; https://wordpress.com"
103.30.88.218 - - [11/Jun/2026:06:48:47 -0600] "POST /xmlrpc.php HTTP/1.1" 200 416 "-" "Jetpack by WordPress.com"
103.30.88.218 - - [11/Jun/2026:06:48:59 -0600] "POST /xmlrpc.php HTTP/1.1" 200 416 "-" "WordPress.com; https://wordpress.com"
103.30.88.218 - - [11/Jun/2026:06:49:09 -0600] "POST /xmlrpc.php HTTP/1.1" 200 416 "-" "Jetpack/12.0; WordPress/6.2; http://site73819045.com"
103.30.88.218 - - [11/Jun/2026:06:49:20 -0600] "POST /xmlrpc.php HTTP/1.1" 200 416 "-" "Jetpack by WordPress.com (Jetpack 13.0; WordPress 6.1)"
103.30.88.218 - - [11/Jun/2026:06:49:31 -0600] "POST /xmlrpc.php HTTP/1.1" 200 416 "-" "Jetpack by WordPress.com"
112.215.211.43 - - [11/Jun/2026:06:49:39 -0600] "GET /contactanos/ HTTP/1.1" 200 57780 "-" "Mozilla/5.0 (Linux; Android 13; 23028RN4DG Build/TP1A.220624.014) AppleWebKit/537.36 (KHTML, like Gecko) Chrome/104.0.5112.97 Mobile Safari/537.36"
112.215.211.43 - - [11/Jun/2026:06:49:39 -0600] "GET /8o_WIVtDvvijSGt_4XpcywCOztnADo8ivKHfgpWNDi_q96nSoMpDkRYtqO4c_uYFgYhQ86ozhJ7hkU45D_YVaBeozX9g-mPY_bscwnM3d1EV4ofWVKigSaQ4beEfoP9_NlDCyGPSbLWu3LwdjI2ktHiPr4CkuDCY1ioBl0cVR2Jz_l-W0yuMjfoAEjuyJiQFU9a3GuUIl7nxQawaBkB6N6TrCzJIY2oLtusFyYXl-7XECa85uRABXBIp83ME2FjYbC6iKMll8vYiWXiIdAJmFwDF1cfuHAy3dVE2-w_lJj9CHfYBADemq073roR10VZjKkh7lL0dmwKqmfpXRlY4Nph2gzeReQ38KOsH8tzEqAdBT8JScwo8pRZsQzdqcyj7WGyOjICSlzkjfeEOKJ_QpassNPdJCmncVNc7eIOBJizGrL9m4ZAWjons-IlEnziCLyLYrAjzqA HTTP/1.1" 404 29389 "https://sportmaster.mx/contactanos/" "Mozilla/5.0 (Linux; Android 13; 23028RN4DG Build/TP1A.220624.014) AppleWebKit/537.36 (KHTML, like Gecko) Chrome/104.0.5112.97 Mobile Safari/537.36"
20.169.73.35 - - [11/Jun/2026:06:49:42 -0600] "GET / HTTP/1.1" 200 44506 "-" "Mozilla/5.0 AppleWebKit/537.36 (KHTML, like Gecko); compatible; ChatGPT-User/1.0; +https://openai.com/bot"
103.30.88.218 - - [11/Jun/2026:06:49:42 -0600] "POST /xmlrpc.php HTTP/1.1" 200 416 "-" "WordPress.com; https://wordpress.com"
57.141.0.40 - - [11/Jun/2026:06:49:44 -0600] "GET /pages/business-solutions HTTP/1.1" 404 120759 "-" "meta-externalagent/1.1 (+https://developers.facebook.com/docs/sharing/webmasters/crawler)"
103.30.88.218 - - [11/Jun/2026:06:49:52 -0600] "POST /xmlrpc.php HTTP/1.1" 200 416 "-" "WordPress.com; https://wordpress.com"
140.213.31.161 - - [11/Jun/2026:06:49:56 -0600] "GET /wp-content/plugins/content-views-query-and-display-post-page/public/assets/css/cv.css?ver=4.3 HTTP/1.1" 200 13295 "-" "Mozilla/5.0 (Linux; Android 10; K) AppleWebKit/537.36 (KHTML, like Gecko) Chrome/149.0.0.0 Mobile Safari/537.36"
140.213.31.161 - - [11/Jun/2026:06:49:56 -0600] "GET /wp-content/plugins/pt-content-views-pro-mp5.3.4.3/public/assets/css/cvpro.min.css?ver=5.3.4.3 HTTP/1.1" 200 20533 "-" "Mozilla/5.0 (Linux; Android 10; K) AppleWebKit/537.36 (KHTML, like Gecko) Chrome/149.0.0.0 Mobile Safari/537.36"
140.213.31.161 - - [11/Jun/2026:06:49:56 -0600] "GET /wp-content/plugins/click-to-chat-for-whatsapp/new/inc/assets/css/main.css?ver=4.37 HTTP/1.1" 200 1037 "-" "Mozilla/5.0 (Linux; Android 10; K) AppleWebKit/537.36 (KHTML, like Gecko) Chrome/149.0.0.0 Mobile Safari/537.36"
140.213.31.161 - - [11/Jun/2026:06:49:56 -0600] "GET /contactanos/ HTTP/1.1" 200 57780 "https://www.google.com/" "Mozilla/5.0 (Linux; Android 10; K) AppleWebKit/537.36 (KHTML, like Gecko) Chrome/149.0.0.0 Mobile Safari/537.36"
140.213.31.161 - - [11/Jun/2026:06:49:57 -0600] "GET /wp-content/plugins/cookie-notice/css/front.min.css?ver=2.5.14 HTTP/1.1" 200 1247 "-" "Mozilla/5.0 (Linux; Android 10; K) AppleWebKit/537.36 (KHTML, like Gecko) Chrome/149.0.0.0 Mobile Safari/537.36"
140.213.31.161 - - [11/Jun/2026:06:49:57 -0600] "GET /wp-content/plugins/formularios-de-contacto-salesup/helpers/izitoast/css/iziToast.min.css?ver=1.0.14 HTTP/1.1" 200 10437 "-" "Mozilla/5.0 (Linux; Android 10; K) AppleWebKit/537.36 (KHTML, like Gecko) Chrome/149.0.0.0 Mobile Safari/537.36"
140.213.31.161 - - [11/Jun/2026:06:49:57 -0600] "GET /wp-content/plugins/formularios-de-contacto-salesup/helpers/jquery-ui-1.12.1/jquery-ui.min.css?ver=1.0.14 HTTP/1.1" 200 7901 "-" "Mozilla/5.0 (Linux; Android 10; K) AppleWebKit/537.36 (KHTML, like Gecko) Chrome/149.0.0.0 Mobile Safari/537.36"
140.213.31.161 - - [11/Jun/2026:06:49:57 -0600] "GET /wp-content/themes/generatepress/assets/css/unsemantic-grid.min.css?ver=3.6.0 HTTP/1.1" 200 2216 "-" "Mozilla/5.0 (Linux; Android 10; K) AppleWebKit/537.36 (KHTML, like Gecko) Chrome/149.0.0.0 Mobile Safari/537.36"
140.213.31.161 - - [11/Jun/2026:06:49:57 -0600] "GET /wp-content/themes/generatepress/assets/css/style.min.css?ver=3.6.0 HTTP/1.1" 200 5109 "-" "Mozilla/5.0 (Linux; Android 10; K) AppleWebKit/537.36 (KHTML, like Gecko) Chrome/149.0.0.0 Mobile Safari/537.36"
140.213.31.161 - - [11/Jun/2026:06:49:56 -0600] "GET /8o_WIVtDvvijSGt_4XpcywCOztnADo8ivKHfgpWNDi_q96nSoMpDkRYtqO4c_uYFgYhQ86ozhJ7hkU45D_YVaBeozX9g-mPY_bscwnM3d1EV4ofWVKigSaQ4beEfoP9_NlDCyGPSbLWu3LwdjI2ktHiPr4CkuDCY1ioBl0cVR2Jz_l-W0yuMjfoAEjuyJiQFU9a3GuUIl7nxQawaBkB6N6TrCzJIY2oLtusFyYXl-7XECa85uRABXBIp83ME2FjYbC6iKMll8vYiWXiIdAJmFwDF1cfuHAy3dVE2-w_lJj9CHfYBADemq073roR10VZjKkh7lL0dmwKqmfpXRlY4Nph2gzeReQ38KOsH8tzEqAdBT8JScwo8pRZsQzdqcyj7WGyOjICSlzkjfeEOKJ_QpassNPdJCmncVNc7eIOBJizGrL9m4ZAWjons-IlEnziCLyLYrAjzqA HTTP/1.1" 404 29391 "https://sportmaster.mx/contactanos/" "Mozilla/5.0 (Linux; Android 10; K) AppleWebKit/537.36 (KHTML, like Gecko) Chrome/149.0.0.0 Mobile Safari/537.36"
103.30.88.218 - - [11/Jun/2026:06:50:03 -0600] "POST /xmlrpc.php HTTP/1.1" 200 416 "-" "Jetpack/12.5; WordPress/6.4; http://site97686756.com"
103.30.88.218 - - [11/Jun/2026:06:50:14 -0600] "POST /xmlrpc.php HTTP/1.1" 200 416 "-" "Jetpack/12.1; WordPress/6.3; http://site26504819.com"
103.30.88.218 - - [11/Jun/2026:06:50:24 -0600] "POST /xmlrpc.php HTTP/1.1" 200 416 "-" "Jetpack by WordPress.com (Jetpack 13.0; WordPress 6.3)"
103.30.88.218 - - [11/Jun/2026:06:50:35 -0600] "POST /xmlrpc.php HTTP/1.1" 200 416 "-" "Jetpack by WordPress.com"
103.30.88.218 - - [11/Jun/2026:06:50:46 -0600] "POST /xmlrpc.php HTTP/1.1" 200 416 "-" "WordPress.com; https://wordpress.com"
52.200.54.136 - - [11/Jun/2026:06:50:47 -0600] "GET /bagage-avion-Canada-k.html HTTP/1.1" 404 28660 "-" "Mozilla/5.0 AppleWebKit/537.36 (KHTML, like Gecko; compatible; Amazonbot/0.1; +https://developer.amazon.com/support/amazonbot) Chrome/119.0.6045.214 Safari/537.36"
54.159.18.27 - - [11/Jun/2026:06:50:52 -0600] "GET /calculer-taux-Canada-k.html HTTP/1.1" 404 28660 "-" "Mozilla/5.0 AppleWebKit/537.36 (KHTML, like Gecko; compatible; Amazonbot/0.1; +https://developer.amazon.com/support/amazonbot) Chrome/119.0.6045.214 Safari/537.36"
