103.30.88.218 - - [11/Jun/2026:06:50:56 -0600] "POST /xmlrpc.php HTTP/1.1" 200 416 "-" "WordPress.com; https://wordpress.com"
3.89.176.255 - - [11/Jun/2026:06:50:57 -0600] "GET /milwaukee-scie-onglet-Canada-k.html HTTP/1.1" 404 28668 "-" "Mozilla/5.0 AppleWebKit/537.36 (KHTML, like Gecko; compatible; Amazonbot/0.1; +https://developer.amazon.com/support/amazonbot) Chrome/119.0.6045.214 Safari/537.36"
209.14.102.13 - - [11/Jun/2026:06:51:01 -0600] "GET /wp-content/uploads/como-se-divide-la-cancha-de-futbol.jpg HTTP/1.1" 200 38279 "https://www.google.com/" "Mozilla/5.0 (Linux; Android 10; K) AppleWebKit/537.36 (KHTML, like Gecko) Chrome/149.0.0.0 Mobile Safari/537.36"
103.30.88.218 - - [11/Jun/2026:06:51:08 -0600] "POST /xmlrpc.php HTTP/1.1" 200 416 "-" "Jetpack/13.0; WordPress/6.1; http://site50867593.com"
193.186.4.243 - - [11/Jun/2026:06:51:10 -0600] "GET /tipos-de-canchas/canchas-de-futbol-rapido/ HTTP/1.1" 200 35828 "https://www.google.com/" "Mozilla/5.0 (Macintosh; Intel Mac OS X 10_15_7) AppleWebKit/537.36 (KHTML, like Gecko) Chrome/149.0.0.0 Safari/537.36"
181.191.217.233 - - [11/Jun/2026:06:51:14 -0600] "GET /category-sitemap.xml HTTP/1.1" 200 722 "-" "Mozilla/5.0 (Macintosh; Intel Mac OS X 13.6; rv:134.0) Gecko/20100101 Firefox/134.0"
103.30.88.218 - - [11/Jun/2026:06:51:18 -0600] "POST /xmlrpc.php HTTP/1.1" 200 416 "-" "WordPress.com; https://wordpress.com"
103.30.88.218 - - [11/Jun/2026:06:51:29 -0600] "POST /xmlrpc.php HTTP/1.1" 200 416 "-" "Jetpack by WordPress.com"
103.30.88.218 - - [11/Jun/2026:06:51:39 -0600] "POST /xmlrpc.php HTTP/1.1" 200 416 "-" "Jetpack by WordPress.com (Jetpack 12.1; WordPress 6.4)"
114.10.102.54 - - [11/Jun/2026:06:51:40 -0600] "GET /contactanos/ HTTP/1.1" 200 57780 "https://www.google.com/" "Mozilla/5.0 (Linux; Android 10; K) AppleWebKit/537.36 (KHTML, like Gecko) Chrome/147.0.0.0 Mobile Safari/537.36"
114.10.102.54 - - [11/Jun/2026:06:51:40 -0600] "GET /8o_WIVtDvvijSGt_4XpcywCOztnADo8ivKHfgpWNDi_q96nSoMpDkRYtqO4c_uYFgYhQ86ozhJ7hkU45D_YVaBeozX9g-mPY_bscwnM3d1EV4ofWVKigSaQ4beEfoP9_NlDCyGPSbLWu3LwdjI2ktHiPr4CkuDCY1ioBl0cVR2Jz_l-W0yuMjfoAEjuyJiQFU9a3GuUIl7nxQawaBkB6N6TrCzJIY2oLtusFyYXl-7XECa85uRABXBIp83ME2FjYbC6iKMll8vYiWXiIdAJmFwDF1cfuHAy3dVE2-w_lJj9CHfYBADemq073roR10VZjKkh7lL0dmwKqmfpXRlY4Nph2gzeReQ38KOsH8tzEqAdBT8JScwo8pRZsQzdqcyj7WGyOjICSlzkjfeEOKJ_QpassNPdJCmncVNc7eIOBJizGrL9m4ZAWjons-IlEnziCLyLYrAjzqA HTTP/1.1" 404 29390 "https://sportmaster.mx/contactanos/" "Mozilla/5.0 (Linux; Android 10; K) AppleWebKit/537.36 (KHTML, like Gecko) Chrome/147.0.0.0 Mobile Safari/537.36"
114.10.102.54 - - [11/Jun/2026:06:51:45 -0600] "POST /cdn-cgi/rum? HTTP/1.1" 404 28561 "https://sportmaster.mx/contactanos/" "Mozilla/5.0 (Linux; Android 10; K) AppleWebKit/537.36 (KHTML, like Gecko) Chrome/147.0.0.0 Mobile Safari/537.36"
103.30.88.218 - - [11/Jun/2026:06:51:50 -0600] "POST /xmlrpc.php HTTP/1.1" 200 416 "-" "Jetpack by WordPress.com (Jetpack 13.0; WordPress 6.2)"
45.61.185.47 - - [11/Jun/2026:06:51:53 -0600] "GET /wp-login.php HTTP/1.1" 200 11815 "-" "Mozilla/5.0 (Macintosh; Intel Mac OS X 10_14_6) AppleWebKit/537.36 (KHTML, like Gecko) Chrome/117.0.0.0 Safari/537.36"
45.61.185.47 - - [11/Jun/2026:06:51:54 -0600] "POST /wp-login.php HTTP/1.1" 200 11838 "-" "Mozilla/5.0 (Macintosh; Intel Mac OS X 10_14_6) AppleWebKit/537.36 (KHTML, like Gecko) Chrome/117.0.0.0 Safari/537.36"
103.30.88.218 - - [11/Jun/2026:06:52:01 -0600] "POST /xmlrpc.php HTTP/1.1" 200 416 "-" "Jetpack by WordPress.com (Jetpack 12.0; WordPress 6.4)"
103.30.88.218 - - [11/Jun/2026:06:52:13 -0600] "POST /xmlrpc.php HTTP/1.1" 200 416 "-" "WordPress.com; https://wordpress.com"
103.30.88.218 - - [11/Jun/2026:06:52:22 -0600] "POST /xmlrpc.php HTTP/1.1" 200 416 "-" "Jetpack by WordPress.com"
103.30.88.218 - - [11/Jun/2026:06:52:32 -0600] "POST /xmlrpc.php HTTP/1.1" 200 416 "-" "Jetpack by WordPress.com (Jetpack 13.0; WordPress 6.1)"
182.2.82.25 - - [11/Jun/2026:06:52:45 -0600] "GET /wp-content/plugins/pt-content-views-pro-mp5.3.4.3/public/assets/css/cvpro.min.css?ver=5.3.4.3 HTTP/1.1" 200 20533 "-" "Mozilla/5.0 (Linux; Android 10; K) AppleWebKit/537.36 (KHTML, like Gecko) Chrome/149.0.0.0 Mobile Safari/537.36"
103.30.88.218 - - [11/Jun/2026:06:52:43 -0600] "POST /xmlrpc.php HTTP/1.1" 200 416 "-" "Jetpack/13.0; WordPress/6.2; http://site78975911.com"
144.217.238.152 - - [11/Jun/2026:06:52:44 -0600] "POST /wp-cron.php?doing_wp_cron=1781182364.3755860328674316406250 HTTP/1.1" 200 - "-" "WordPress/7.0; https://sportmaster.mx"
182.2.82.25 - - [11/Jun/2026:06:52:46 -0600] "GET /wp-content/plugins/click-to-chat-for-whatsapp/new/inc/assets/css/main.css?ver=4.37 HTTP/1.1" 200 1037 "-" "Mozilla/5.0 (Linux; Android 10; K) AppleWebKit/537.36 (KHTML, like Gecko) Chrome/149.0.0.0 Mobile Safari/537.36"
182.2.82.25 - - [11/Jun/2026:06:52:46 -0600] "GET /wp-content/plugins/content-views-query-and-display-post-page/public/assets/css/cv.css?ver=4.3 HTTP/1.1" 200 13295 "-" "Mozilla/5.0 (Linux; Android 10; K) AppleWebKit/537.36 (KHTML, like Gecko) Chrome/149.0.0.0 Mobile Safari/537.36"
182.2.82.25 - - [11/Jun/2026:06:52:47 -0600] "GET /wp-content/plugins/cookie-notice/css/front.min.css?ver=2.5.14 HTTP/1.1" 200 1247 "-" "Mozilla/5.0 (Linux; Android 10; K) AppleWebKit/537.36 (KHTML, like Gecko) Chrome/149.0.0.0 Mobile Safari/537.36"
182.2.82.25 - - [11/Jun/2026:06:52:47 -0600] "GET /wp-content/plugins/formularios-de-contacto-salesup/helpers/izitoast/css/iziToast.min.css?ver=1.0.14 HTTP/1.1" 200 10437 "-" "Mozilla/5.0 (Linux; Android 10; K) AppleWebKit/537.36 (KHTML, like Gecko) Chrome/149.0.0.0 Mobile Safari/537.36"
182.2.82.25 - - [11/Jun/2026:06:52:47 -0600] "GET /wp-content/plugins/formularios-de-contacto-salesup/helpers/jquery-ui-1.12.1/jquery-ui.min.css?ver=1.0.14 HTTP/1.1" 200 7901 "-" "Mozilla/5.0 (Linux; Android 10; K) AppleWebKit/537.36 (KHTML, like Gecko) Chrome/149.0.0.0 Mobile Safari/537.36"
182.2.82.25 - - [11/Jun/2026:06:52:48 -0600] "GET /wp-content/themes/generatepress/assets/css/unsemantic-grid.min.css?ver=3.6.0 HTTP/1.1" 200 2216 "-" "Mozilla/5.0 (Linux; Android 10; K) AppleWebKit/537.36 (KHTML, like Gecko) Chrome/149.0.0.0 Mobile Safari/537.36"
182.2.82.25 - - [11/Jun/2026:06:52:48 -0600] "GET /wp-content/themes/generatepress/assets/css/style.min.css?ver=3.6.0 HTTP/1.1" 200 5109 "-" "Mozilla/5.0 (Linux; Android 10; K) AppleWebKit/537.36 (KHTML, like Gecko) Chrome/149.0.0.0 Mobile Safari/537.36"
182.2.82.25 - - [11/Jun/2026:06:52:49 -0600] "GET /8o_WIVtDvvijSGt_4XpcywCOztnADo8ivKHfgpWNDi_q96nSoMpDkRYtqO4c_uYFgYhQ86ozhJ7hkU45D_YVaBeozX9g-mPY_bscwnM3d1EV4ofWVKigSaQ4beEfoP9_NlDCyGPSbLWu3LwdjI2ktHiPr4CkuDCY1ioBl0cVR2Jz_l-W0yuMjfoAEjuyJiQFU9a3GuUIl7nxQawaBkB6N6TrCzJIY2oLtusFyYXl-7XECa85uRABXBIp83ME2FjYbC6iKMll8vYiWXiIdAJmFwDF1cfuHAy3dVE2-w_lJj9CHfYBADemq073roR10VZjKkh7lL0dmwKqmfpXRlY4Nph2gzeReQ38KOsH8tzEqAdBT8JScwo8pRZsQzdqcyj7WGyOjICSlzkjfeEOKJ_QpassNPdJCmncVNc7eIOBJizGrL9m4ZAWjons-IlEnziCLyLYrAjzqA HTTP/1.1" 404 29390 "https://sportmaster.mx/contactanos/" "Mozilla/5.0 (Linux; Android 10; K) AppleWebKit/537.36 (KHTML, like Gecko) Chrome/149.0.0.0 Mobile Safari/537.36"
182.2.82.25 - - [11/Jun/2026:06:52:46 -0600] "GET /contactanos/ HTTP/1.1" 200 57780 "https://www.google.com/" "Mozilla/5.0 (Linux; Android 10; K) AppleWebKit/537.36 (KHTML, like Gecko) Chrome/149.0.0.0 Mobile Safari/537.36"
103.30.88.218 - - [11/Jun/2026:06:52:54 -0600] "POST /xmlrpc.php HTTP/1.1" 200 416 "-" "Jetpack by WordPress.com"
78.142.18.172 - - [11/Jun/2026:06:53:00 -0600] "GET /wp-login.php HTTP/1.1" 200 3776 "-" "Mozilla/5.0 (X11; Linux x86_64) AppleWebKit/537.36 (KHTML, like Gecko) Chrome/133.0.0.0 Safari/537.36 Edg/133.0.0.0"
78.142.18.172 - - [11/Jun/2026:06:53:01 -0600] "POST /wp-login.php HTTP/1.1" 200 3784 "https://sportmaster.mx/wp-login.php" "Mozilla/5.0 (X11; Linux x86_64) AppleWebKit/537.36 (KHTML, like Gecko) Chrome/133.0.0.0 Safari/537.36 Edg/133.0.0.0"
103.30.88.218 - - [11/Jun/2026:06:53:05 -0600] "POST /xmlrpc.php HTTP/1.1" 200 416 "-" "Jetpack/12.5; WordPress/6.4; http://site42630725.com"
144.217.238.152 - - [11/Jun/2026:06:53:09 -0600] "POST /wp-cron.php?doing_wp_cron=1781182389.4939999580383300781250 HTTP/1.1" 200 - "-" "WordPress/7.0; https://sportmaster.mx"
182.2.82.25 - - [11/Jun/2026:06:53:07 -0600] "POST /cdn-cgi/rum? HTTP/1.1" 404 28559 "https://sportmaster.mx/contactanos/" "Mozilla/5.0 (Linux; Android 10; K) AppleWebKit/537.36 (KHTML, like Gecko) Chrome/149.0.0.0 Mobile Safari/537.36"
209.74.93.184 - - [11/Jun/2026:06:53:14 -0600] "GET /wp-login.php HTTP/1.1" 200 3687 "-" "Mozilla/5.0 (X11; Fedora; Linux x86_64) AppleWebKit/537.36 (KHTML, like Gecko) Chrome/133.0.0.0 Safari/537.36"
103.30.88.218 - - [11/Jun/2026:06:53:16 -0600] "POST /xmlrpc.php HTTP/1.1" 200 416 "-" "Jetpack by WordPress.com (Jetpack 13.0; WordPress 6.2)"
209.74.93.184 - - [11/Jun/2026:06:53:19 -0600] "POST /wp-login.php HTTP/1.1" 200 3782 "https://sportmaster.mx/wp-login.php" "Mozilla/5.0 (X11; Fedora; Linux x86_64) AppleWebKit/537.36 (KHTML, like Gecko) Chrome/133.0.0.0 Safari/537.36"
103.30.88.218 - - [11/Jun/2026:06:53:26 -0600] "POST /xmlrpc.php HTTP/1.1" 200 416 "-" "Jetpack/12.0; WordPress/6.1; http://site76110454.com"
103.30.88.218 - - [11/Jun/2026:06:53:37 -0600] "POST /xmlrpc.php HTTP/1.1" 200 416 "-" "Jetpack by WordPress.com"
182.2.82.25 - - [11/Jun/2026:06:53:37 -0600] "POST /cdn-cgi/rum? HTTP/1.1" 404 28558 "https://sportmaster.mx/contactanos/" "Mozilla/5.0 (Linux; Android 10; K) AppleWebKit/537.36 (KHTML, like Gecko) Chrome/149.0.0.0 Mobile Safari/537.36"
182.2.82.25 - - [11/Jun/2026:06:53:36 -0600] "GET /contactanos/ HTTP/1.1" 200 57780 "https://www.google.com/" "Mozilla/5.0 (Linux; Android 10; K) AppleWebKit/537.36 (KHTML, like Gecko) Chrome/149.0.0.0 Mobile Safari/537.36"
182.2.82.25 - - [11/Jun/2026:06:53:44 -0600] "GET /8o_WIVtDvvijSGt_4XpcywCOztnADo8ivKHfgpWNDi_q96nSoMpDkRYtqO4c_uYFgYhQ86ozhJ7hkU45D_YVaBeozX9g-mPY_bscwnM3d1EV4ofWVKigSaQ4beEfoP9_NlDCyGPSbLWu3LwdjI2ktHiPr4CkuDCY1ioBl0cVR2Jz_l-W0yuMjfoAEjuyJiQFU9a3GuUIl7nxQawaBkB6N6TrCzJIY2oLtusFyYXl-7XECa85uRABXBIp83ME2FjYbC6iKMll8vYiWXiIdAJmFwDF1cfuHAy3dVE2-w_lJj9CHfYBADemq073roR10VZjKkh7lL0dmwKqmfpXRlY4Nph2gzeReQ38KOsH8tzEqAdBT8JScwo8pRZsQzdqcyj7WGyOjICSlzkjfeEOKJ_QpassNPdJCmncVNc7eIOBJizGrL9m4ZAWjons-IlEnziCLyLYrAjzqA HTTP/1.1" 404 29391 "https://sportmaster.mx/contactanos/" "Mozilla/5.0 (Linux; Android 10; K) AppleWebKit/537.36 (KHTML, like Gecko) Chrome/149.0.0.0 Mobile Safari/537.36"
103.30.88.218 - - [11/Jun/2026:06:53:47 -0600] "POST /xmlrpc.php HTTP/1.1" 200 416 "-" "Jetpack by WordPress.com"
162.120.185.225 - - [11/Jun/2026:06:53:52 -0600] "GET /tipos-de-canchas/canchas-de-futbol-rapido/ HTTP/1.1" 200 35831 "https://www.google.com/" "Mozilla/5.0 (Macintosh; Intel Mac OS X 10_15_7) AppleWebKit/537.36 (KHTML, like Gecko) Chrome/149.0.0.0 Safari/537.36"
103.30.88.218 - - [11/Jun/2026:06:53:58 -0600] "POST /xmlrpc.php HTTP/1.1" 200 416 "-" "Jetpack/13.0; WordPress/6.3; http://site13099487.com"
182.2.82.25 - - [11/Jun/2026:06:53:58 -0600] "POST /cdn-cgi/rum? HTTP/1.1" 404 28557 "https://sportmaster.mx/contactanos/" "Mozilla/5.0 (Linux; Android 10; K) AppleWebKit/537.36 (KHTML, like Gecko) Chrome/149.0.0.0 Mobile Safari/537.36"
182.2.82.25 - - [11/Jun/2026:06:54:08 -0600] "POST /cdn-cgi/rum? HTTP/1.1" 404 28552 "https://sportmaster.mx/contactanos/" "Mozilla/5.0 (Linux; Android 10; K) AppleWebKit/537.36 (KHTML, like Gecko) Chrome/149.0.0.0 Mobile Safari/537.36"
103.30.88.218 - - [11/Jun/2026:06:54:09 -0600] "POST /xmlrpc.php HTTP/1.1" 200 416 "-" "Jetpack by WordPress.com"
103.30.88.218 - - [11/Jun/2026:06:54:20 -0600] "POST /xmlrpc.php HTTP/1.1" 200 416 "-" "WordPress.com; https://wordpress.com"
103.30.88.218 - - [11/Jun/2026:06:54:31 -0600] "POST /xmlrpc.php HTTP/1.1" 200 416 "-" "Jetpack by WordPress.com (Jetpack 12.0; WordPress 6.3)"
38.49.209.74 - - [11/Jun/2026:06:54:36 -0600] "GET /wp-content/uploads/mina-penasquito-150x150.png HTTP/1.1" 200 3669 "-" "Mozilla/5.0 (Macintosh; Intel Mac OS X 10_15_7) AppleWebKit/537.36 (KHTML, like Gecko) Chrome/146.0.0.0 Safari/537.36"
103.30.88.218 - - [11/Jun/2026:06:54:42 -0600] "POST /xmlrpc.php HTTP/1.1" 200 416 "-" "WordPress.com; https://wordpress.com"
103.30.88.218 - - [11/Jun/2026:06:54:52 -0600] "POST /xmlrpc.php HTTP/1.1" 200 416 "-" "Jetpack by WordPress.com"
103.30.88.218 - - [11/Jun/2026:06:55:03 -0600] "POST /xmlrpc.php HTTP/1.1" 200 416 "-" "Jetpack/13.0; WordPress/6.1; http://site73056744.com"
103.30.88.218 - - [11/Jun/2026:06:55:13 -0600] "POST /xmlrpc.php HTTP/1.1" 200 416 "-" "WordPress.com; https://wordpress.com"
180.252.235.176 - - [11/Jun/2026:06:55:14 -0600] "GET /8o_WIVtDvvijSGt_4XpcywCOztnADo8ivKHfgpWNDi_q96nSoMpDkRYtqO4c_uYFgYhQ86ozhJ7hkU45D_YVaBeozX9g-mPY_bscwnM3d1EV4ofWVKigSaQ4beEfoP9_NlDCyGPSbLWu3LwdjI2ktHiPr4CkuDCY1ioBl0cVR2Jz_l-W0yuMjfoAEjuyJiQFU9a3GuUIl7nxQawaBkB6N6TrCzJIY2oLtusFyYXl-7XECa85uRABXBIp83ME2FjYbC6iKMll8vYiWXiIdAJmFwDF1cfuHAy3dVE2-w_lJj9CHfYBADemq073roR10VZjKkh7lL0dmwKqmfpXRlY4Nph2gzeReQ38KOsH8tzEqAdBT8JScwo8pRZsQzdqcyj7WGyOjICSlzkjfeEOKJ_QpassNPdJCmncVNc7eIOBJizGrL9m4ZAWjons-IlEnziCLyLYrAjzqA HTTP/1.1" 404 29392 "https://sportmaster.mx/contactanos/" "Mozilla/5.0 (Linux; Android 10; Infinix X657C Build/QP1A.190711.020) AppleWebKit/537.36 (KHTML, like Gecko) Chrome/148.0.7778.215 Mobile Safari/537.36"
180.252.235.176 - - [11/Jun/2026:06:55:11 -0600] "GET /contactanos/ HTTP/1.1" 200 57780 "-" "Mozilla/5.0 (Linux; Android 10; Infinix X657C Build/QP1A.190711.020) AppleWebKit/537.36 (KHTML, like Gecko) Chrome/148.0.7778.215 Mobile Safari/537.36"
103.30.88.218 - - [11/Jun/2026:06:55:24 -0600] "POST /xmlrpc.php HTTP/1.1" 200 416 "-" "Jetpack/13.0; WordPress/6.1; http://site73433326.com"
103.30.88.218 - - [11/Jun/2026:06:55:36 -0600] "POST /xmlrpc.php HTTP/1.1" 200 416 "-" "Jetpack/12.5; WordPress/6.3; http://site88305048.com"
180.252.235.176 - - [11/Jun/2026:06:55:36 -0600] "GET /contactanos/ HTTP/1.1" 200 57780 "-" "Mozilla/5.0 (Linux; Android 10; Infinix X657C Build/QP1A.190711.020) AppleWebKit/537.36 (KHTML, like Gecko) Chrome/148.0.7778.215 Mobile Safari/537.36"
103.30.88.218 - - [11/Jun/2026:06:55:47 -0600] "POST /xmlrpc.php HTTP/1.1" 200 416 "-" "Jetpack by WordPress.com (Jetpack 12.1; WordPress 6.4)"
103.30.88.218 - - [11/Jun/2026:06:55:59 -0600] "POST /xmlrpc.php HTTP/1.1" 200 416 "-" "WordPress.com; https://wordpress.com"
209.141.44.113 - - [11/Jun/2026:06:56:03 -0600] "GET /wp-login.php HTTP/1.1" 200 11543 "-" "Mozilla/5.0 (Linux; Android 16; SM-A346E) AppleWebKit/537.36 (KHTML, like Gecko) Chrome/130.0.0.0 Mobile Safari/537.36"
209.141.44.113 - - [11/Jun/2026:06:56:05 -0600] "POST /wp-login.php HTTP/1.1" 200 11817 "-" "Mozilla/5.0 (Linux; Android 16; SM-A346E) AppleWebKit/537.36 (KHTML, like Gecko) Chrome/130.0.0.0 Mobile Safari/537.36"
103.30.88.218 - - [11/Jun/2026:06:56:09 -0600] "POST /xmlrpc.php HTTP/1.1" 200 416 "-" "Jetpack/12.0; WordPress/6.2; http://site79825793.com"
103.30.88.218 - - [11/Jun/2026:06:56:20 -0600] "POST /xmlrpc.php HTTP/1.1" 200 416 "-" "Jetpack by WordPress.com"
103.30.88.218 - - [11/Jun/2026:06:56:32 -0600] "POST /xmlrpc.php HTTP/1.1" 200 416 "-" "Jetpack/13.0; WordPress/6.3; http://site85000608.com"
103.30.88.218 - - [11/Jun/2026:06:56:43 -0600] "POST /xmlrpc.php HTTP/1.1" 200 416 "-" "Jetpack/13.0; WordPress/6.2; http://site87040403.com"
144.217.238.152 - - [11/Jun/2026:06:56:54 -0600] "POST /wp-admin/admin-ajax.php?action=elementor_1_elementor_updater&nonce=b30029c2fb HTTP/1.1" 400 1 "-" "WordPress/7.0; https://sportmaster.mx"
103.30.88.218 - - [11/Jun/2026:06:56:53 -0600] "POST /xmlrpc.php HTTP/1.1" 200 416 "-" "Jetpack by WordPress.com (Jetpack 12.1; WordPress 6.2)"
114.5.216.110 - - [11/Jun/2026:06:56:57 -0600] "GET /contactanos/ HTTP/1.1" 200 57780 "https://www.google.com/" "Mozilla/5.0 (Linux; Android 10; K) AppleWebKit/537.36 (KHTML, like Gecko) Chrome/143.0.0.0 Mobile Safari/537.36"
114.5.216.110 - - [11/Jun/2026:06:56:59 -0600] "GET /8o_WIVtDvvijSGt_4XpcywCOztnADo8ivKHfgpWNDi_q96nSoMpDkRYtqO4c_uYFgYhQ86ozhJ7hkU45D_YVaBeozX9g-mPY_bscwnM3d1EV4ofWVKigSaQ4beEfoP9_NlDCyGPSbLWu3LwdjI2ktHiPr4CkuDCY1ioBl0cVR2Jz_l-W0yuMjfoAEjuyJiQFU9a3GuUIl7nxQawaBkB6N6TrCzJIY2oLtusFyYXl-7XECa85uRABXBIp83ME2FjYbC6iKMll8vYiWXiIdAJmFwDF1cfuHAy3dVE2-w_lJj9CHfYBADemq073roR10VZjKkh7lL0dmwKqmfpXRlY4Nph2gzeReQ38KOsH8tzEqAdBT8JScwo8pRZsQzdqcyj7WGyOjICSlzkjfeEOKJ_QpassNPdJCmncVNc7eIOBJizGrL9m4ZAWjons-IlEnziCLyLYrAjzqA HTTP/1.1" 404 29392 "https://sportmaster.mx/contactanos/" "Mozilla/5.0 (Linux; Android 10; K) AppleWebKit/537.36 (KHTML, like Gecko) Chrome/143.0.0.0 Mobile Safari/537.36"
144.217.238.152 - - [11/Jun/2026:06:57:05 -0600] "POST /wp-admin/admin-ajax.php?action=elementor_1_elementor_pro_updater&nonce=6bd630cd8d HTTP/1.1" 400 1 "-" "WordPress/7.0; https://sportmaster.mx"
103.30.88.218 - - [11/Jun/2026:06:57:04 -0600] "POST /xmlrpc.php HTTP/1.1" 200 416 "-" "Jetpack/12.5; WordPress/6.3; http://site17950149.com"
144.217.238.152 - - [11/Jun/2026:06:57:05 -0600] "POST /wp-cron.php?doing_wp_cron=1781182625.8228209018707275390625 HTTP/1.1" 200 - "-" "WordPress/7.0; https://sportmaster.mx"
144.217.238.152 - - [11/Jun/2026:06:57:16 -0600] "POST /wp-cron.php?doing_wp_cron=1781182635.9728150367736816406250 HTTP/1.1" 200 - "-" "WordPress/7.0; https://sportmaster.mx"
103.30.88.218 - - [11/Jun/2026:06:57:15 -0600] "POST /xmlrpc.php HTTP/1.1" 200 416 "-" "WordPress.com; https://wordpress.com"
144.217.238.152 - - [11/Jun/2026:06:57:16 -0600] "POST /wp-cron.php?doing_wp_cron=1781182635.9728860855102539062500 HTTP/1.1" 200 - "-" "WordPress/7.0; https://sportmaster.mx"
209.141.37.7 - - [11/Jun/2026:06:57:19 -0600] "GET /wp-login.php HTTP/1.1" 200 11543 "-" "Mozilla/5.0 (Macintosh; Intel Mac OS X 10_15_7) AppleWebKit/537.36 (KHTML, like Gecko) Chrome/145.0.0.0 Safari/537.36"
103.30.88.218 - - [11/Jun/2026:06:57:25 -0600] "POST /xmlrpc.php HTTP/1.1" 200 416 "-" "Jetpack/12.0; WordPress/6.3; http://site18262837.com"
114.4.83.243 - - [11/Jun/2026:06:57:36 -0600] "GET /wp-content/plugins/pt-content-views-pro-mp5.3.4.3/public/assets/css/cvpro.min.css?ver=5.3.4.3 HTTP/1.1" 200 20533 "-" "Mozilla/5.0 (Linux; Android 10; K) AppleWebKit/537.36 (KHTML, like Gecko) Chrome/148.0.0.0 Mobile Safari/537.36"
114.4.83.243 - - [11/Jun/2026:06:57:36 -0600] "GET /wp-content/plugins/content-views-query-and-display-post-page/public/assets/css/cv.css?ver=4.3 HTTP/1.1" 200 13295 "-" "Mozilla/5.0 (Linux; Android 10; K) AppleWebKit/537.36 (KHTML, like Gecko) Chrome/148.0.0.0 Mobile Safari/537.36"
114.4.83.243 - - [11/Jun/2026:06:57:36 -0600] "GET /wp-content/plugins/click-to-chat-for-whatsapp/new/inc/assets/css/main.css?ver=4.37 HTTP/1.1" 200 1037 "-" "Mozilla/5.0 (Linux; Android 10; K) AppleWebKit/537.36 (KHTML, like Gecko) Chrome/148.0.0.0 Mobile Safari/537.36"
114.4.83.243 - - [11/Jun/2026:06:57:36 -0600] "GET /contactanos/ HTTP/1.1" 200 57780 "https://www.google.com/" "Mozilla/5.0 (Linux; Android 10; K) AppleWebKit/537.36 (KHTML, like Gecko) Chrome/148.0.0.0 Mobile Safari/537.36"
103.30.88.218 - - [11/Jun/2026:06:57:36 -0600] "POST /xmlrpc.php HTTP/1.1" 200 416 "-" "Jetpack by WordPress.com"
114.4.83.243 - - [11/Jun/2026:06:57:37 -0600] "GET /wp-content/plugins/cookie-notice/css/front.min.css?ver=2.5.14 HTTP/1.1" 200 1247 "-" "Mozilla/5.0 (Linux; Android 10; K) AppleWebKit/537.36 (KHTML, like Gecko) Chrome/148.0.0.0 Mobile Safari/537.36"
114.4.83.243 - - [11/Jun/2026:06:57:37 -0600] "GET /wp-content/plugins/formularios-de-contacto-salesup/helpers/izitoast/css/iziToast.min.css?ver=1.0.14 HTTP/1.1" 200 10437 "-" "Mozilla/5.0 (Linux; Android 10; K) AppleWebKit/537.36 (KHTML, like Gecko) Chrome/148.0.0.0 Mobile Safari/537.36"
114.4.83.243 - - [11/Jun/2026:06:57:37 -0600] "GET /wp-content/plugins/formularios-de-contacto-salesup/helpers/jquery-ui-1.12.1/jquery-ui.min.css?ver=1.0.14 HTTP/1.1" 200 7901 "-" "Mozilla/5.0 (Linux; Android 10; K) AppleWebKit/537.36 (KHTML, like Gecko) Chrome/148.0.0.0 Mobile Safari/537.36"
114.4.83.243 - - [11/Jun/2026:06:57:37 -0600] "GET /wp-content/themes/generatepress/assets/css/unsemantic-grid.min.css?ver=3.6.0 HTTP/1.1" 200 2216 "-" "Mozilla/5.0 (Linux; Android 10; K) AppleWebKit/537.36 (KHTML, like Gecko) Chrome/148.0.0.0 Mobile Safari/537.36"
114.4.83.243 - - [11/Jun/2026:06:57:37 -0600] "GET /wp-content/themes/generatepress/assets/css/style.min.css?ver=3.6.0 HTTP/1.1" 200 5109 "-" "Mozilla/5.0 (Linux; Android 10; K) AppleWebKit/537.36 (KHTML, like Gecko) Chrome/148.0.0.0 Mobile Safari/537.36"
114.4.83.243 - - [11/Jun/2026:06:57:37 -0600] "GET /8o_WIVtDvvijSGt_4XpcywCOztnADo8ivKHfgpWNDi_q96nSoMpDkRYtqO4c_uYFgYhQ86ozhJ7hkU45D_YVaBeozX9g-mPY_bscwnM3d1EV4ofWVKigSaQ4beEfoP9_NlDCyGPSbLWu3LwdjI2ktHiPr4CkuDCY1ioBl0cVR2Jz_l-W0yuMjfoAEjuyJiQFU9a3GuUIl7nxQawaBkB6N6TrCzJIY2oLtusFyYXl-7XECa85uRABXBIp83ME2FjYbC6iKMll8vYiWXiIdAJmFwDF1cfuHAy3dVE2-w_lJj9CHfYBADemq073roR10VZjKkh7lL0dmwKqmfpXRlY4Nph2gzeReQ38KOsH8tzEqAdBT8JScwo8pRZsQzdqcyj7WGyOjICSlzkjfeEOKJ_QpassNPdJCmncVNc7eIOBJizGrL9m4ZAWjons-IlEnziCLyLYrAjzqA HTTP/1.1" 404 29393 "https://sportmaster.mx/contactanos/" "Mozilla/5.0 (Linux; Android 10; K) AppleWebKit/537.36 (KHTML, like Gecko) Chrome/148.0.0.0 Mobile Safari/537.36"
144.217.238.152 - - [11/Jun/2026:06:57:40 -0600] "POST /wp-cron.php?doing_wp_cron=1781182660.3946850299835205078125 HTTP/1.1" 200 - "-" "WordPress/7.0; https://sportmaster.mx"
180.251.154.13 - - [11/Jun/2026:06:57:39 -0600] "GET /canchas-de-futbol-rapido-con-pasto-sintetico-innovacion-y-eficiencia-en-el-deporte-mexicano/ HTTP/1.1" 200 33610 "-" "Mozilla/5.0 (Macintosh; Intel Mac OS X 10_15_7) AppleWebKit/537.36 (KHTML, like Gecko) Chrome/120.0.0.0 Safari/537.36"
114.4.83.243 - - [11/Jun/2026:06:57:41 -0600] "POST /cdn-cgi/rum? HTTP/1.1" 404 28559 "https://sportmaster.mx/contactanos/" "Mozilla/5.0 (Linux; Android 10; K) AppleWebKit/537.36 (KHTML, like Gecko) Chrome/148.0.0.0 Mobile Safari/537.36"
103.30.88.218 - - [11/Jun/2026:06:57:47 -0600] "POST /xmlrpc.php HTTP/1.1" 200 416 "-" "WordPress.com; https://wordpress.com"
114.4.83.243 - - [11/Jun/2026:06:57:49 -0600] "POST /cdn-cgi/rum? HTTP/1.1" 404 28553 "https://sportmaster.mx/contactanos/" "Mozilla/5.0 (Linux; Android 10; K) AppleWebKit/537.36 (KHTML, like Gecko) Chrome/148.0.0.0 Mobile Safari/537.36"
209.141.37.7 - - [11/Jun/2026:06:57:49 -0600] "POST /wp-login.php HTTP/1.1" 200 11817 "-" "Mozilla/5.0 (Macintosh; Intel Mac OS X 10_15_7) AppleWebKit/537.36 (KHTML, like Gecko) Chrome/145.0.0.0 Safari/537.36"
103.30.88.218 - - [11/Jun/2026:06:57:58 -0600] "POST /xmlrpc.php HTTP/1.1" 200 416 "-" "WordPress.com; https://wordpress.com"
144.217.238.152 - - [11/Jun/2026:06:58:09 -0600] "POST /wp-cron.php?doing_wp_cron=1781182689.1213619709014892578125 HTTP/1.1" 200 - "-" "WordPress/7.0; https://sportmaster.mx"
103.30.88.218 - - [11/Jun/2026:06:58:08 -0600] "POST /xmlrpc.php HTTP/1.1" 200 416 "-" "Jetpack by WordPress.com (Jetpack 12.1; WordPress 6.3)"
103.30.88.218 - - [11/Jun/2026:06:58:19 -0600] "POST /xmlrpc.php HTTP/1.1" 200 416 "-" "Jetpack by WordPress.com (Jetpack 12.0; WordPress 6.3)"
112.215.211.43 - - [11/Jun/2026:06:58:28 -0600] "GET /contactanos/ HTTP/1.1" 200 57780 "-" "Mozilla/5.0 (Linux; Android 13; 23028RN4DG Build/TP1A.220624.014) AppleWebKit/537.36 (KHTML, like Gecko) Chrome/104.0.5112.97 Mobile Safari/537.36"
103.30.88.218 - - [11/Jun/2026:06:58:29 -0600] "POST /xmlrpc.php HTTP/1.1" 200 416 "-" "Jetpack by WordPress.com (Jetpack 12.0; WordPress 6.3)"
112.215.211.43 - - [11/Jun/2026:06:58:29 -0600] "GET /8o_WIVtDvvijSGt_4XpcywCOztnADo8ivKHfgpWNDi_q96nSoMpDkRYtqO4c_uYFgYhQ86ozhJ7hkU45D_YVaBeozX9g-mPY_bscwnM3d1EV4ofWVKigSaQ4beEfoP9_NlDCyGPSbLWu3LwdjI2ktHiPr4CkuDCY1ioBl0cVR2Jz_l-W0yuMjfoAEjuyJiQFU9a3GuUIl7nxQawaBkB6N6TrCzJIY2oLtusFyYXl-7XECa85uRABXBIp83ME2FjYbC6iKMll8vYiWXiIdAJmFwDF1cfuHAy3dVE2-w_lJj9CHfYBADemq073roR10VZjKkh7lL0dmwKqmfpXRlY4Nph2gzeReQ38KOsH8tzEqAdBT8JScwo8pRZsQzdqcyj7WGyOjICSlzkjfeEOKJ_QpassNPdJCmncVNc7eIOBJizGrL9m4ZAWjons-IlEnziCLyLYrAjzqA HTTP/1.1" 404 29393 "https://sportmaster.mx/contactanos/" "Mozilla/5.0 (Linux; Android 13; 23028RN4DG Build/TP1A.220624.014) AppleWebKit/537.36 (KHTML, like Gecko) Chrome/104.0.5112.97 Mobile Safari/537.36"
103.30.88.218 - - [11/Jun/2026:06:58:40 -0600] "POST /xmlrpc.php HTTP/1.1" 200 416 "-" "Jetpack by WordPress.com"
203.78.124.134 - - [11/Jun/2026:06:58:42 -0600] "POST /cdn-cgi/rum? HTTP/1.1" 404 28557 "https://sportmaster.mx/contactanos/" "Mozilla/5.0 (Linux; Android 13; 23028RN4DG Build/TP1A.220624.014) AppleWebKit/537.36 (KHTML, like Gecko) Chrome/104.0.5112.97 Mobile Safari/537.36"
203.78.124.134 - - [11/Jun/2026:06:58:43 -0600] "POST /cdn-cgi/rum? HTTP/1.1" 404 28554 "https://sportmaster.mx/contactanos/" "Mozilla/5.0 (Linux; Android 13; 23028RN4DG Build/TP1A.220624.014) AppleWebKit/537.36 (KHTML, like Gecko) Chrome/104.0.5112.97 Mobile Safari/537.36"
103.30.88.218 - - [11/Jun/2026:06:58:51 -0600] "POST /xmlrpc.php HTTP/1.1" 200 416 "-" "WordPress.com; https://wordpress.com"
103.30.88.218 - - [11/Jun/2026:06:59:01 -0600] "POST /xmlrpc.php HTTP/1.1" 200 416 "-" "WordPress.com; https://wordpress.com"
103.30.88.218 - - [11/Jun/2026:06:59:16 -0600] "POST /xmlrpc.php HTTP/1.1" 200 416 "-" "Jetpack by WordPress.com (Jetpack 12.1; WordPress 6.1)"
140.213.171.232 - - [11/Jun/2026:06:59:20 -0600] "GET /wp-content/plugins/content-views-query-and-display-post-page/public/assets/css/cv.css?ver=4.3 HTTP/1.1" 200 13295 "-" "Mozilla/5.0 (Linux; Android 10; K) AppleWebKit/537.36 (KHTML, like Gecko) Chrome/148.0.0.0 Mobile Safari/537.36"
140.213.161.212 - - [11/Jun/2026:06:59:20 -0600] "GET /wp-content/plugins/pt-content-views-pro-mp5.3.4.3/public/assets/css/cvpro.min.css?ver=5.3.4.3 HTTP/1.1" 200 20533 "-" "Mozilla/5.0 (Linux; Android 10; K) AppleWebKit/537.36 (KHTML, like Gecko) Chrome/148.0.0.0 Mobile Safari/537.36"
140.213.161.212 - - [11/Jun/2026:06:59:20 -0600] "GET /contactanos/ HTTP/1.1" 200 57780 "https://www.google.com/" "Mozilla/5.0 (Linux; Android 10; K) AppleWebKit/537.36 (KHTML, like Gecko) Chrome/148.0.0.0 Mobile Safari/537.36"
140.213.161.212 - - [11/Jun/2026:06:59:20 -0600] "GET /wp-content/plugins/click-to-chat-for-whatsapp/new/inc/assets/css/main.css?ver=4.37 HTTP/1.1" 200 1037 "-" "Mozilla/5.0 (Linux; Android 10; K) AppleWebKit/537.36 (KHTML, like Gecko) Chrome/148.0.0.0 Mobile Safari/537.36"
140.213.161.212 - - [11/Jun/2026:06:59:21 -0600] "GET /wp-content/plugins/cookie-notice/css/front.min.css?ver=2.5.14 HTTP/1.1" 200 1247 "-" "Mozilla/5.0 (Linux; Android 10; K) AppleWebKit/537.36 (KHTML, like Gecko) Chrome/148.0.0.0 Mobile Safari/537.36"
140.213.171.232 - - [11/Jun/2026:06:59:21 -0600] "GET /wp-content/plugins/formularios-de-contacto-salesup/helpers/jquery-ui-1.12.1/jquery-ui.min.css?ver=1.0.14 HTTP/1.1" 200 7901 "-" "Mozilla/5.0 (Linux; Android 10; K) AppleWebKit/537.36 (KHTML, like Gecko) Chrome/148.0.0.0 Mobile Safari/537.36"
140.213.161.212 - - [11/Jun/2026:06:59:21 -0600] "GET /wp-content/plugins/formularios-de-contacto-salesup/helpers/izitoast/css/iziToast.min.css?ver=1.0.14 HTTP/1.1" 200 10437 "-" "Mozilla/5.0 (Linux; Android 10; K) AppleWebKit/537.36 (KHTML, like Gecko) Chrome/148.0.0.0 Mobile Safari/537.36"
140.213.161.212 - - [11/Jun/2026:06:59:21 -0600] "GET /wp-content/themes/generatepress/assets/css/unsemantic-grid.min.css?ver=3.6.0 HTTP/1.1" 200 2216 "-" "Mozilla/5.0 (Linux; Android 10; K) AppleWebKit/537.36 (KHTML, like Gecko) Chrome/148.0.0.0 Mobile Safari/537.36"
140.213.171.232 - - [11/Jun/2026:06:59:21 -0600] "GET /wp-content/themes/generatepress/assets/css/style.min.css?ver=3.6.0 HTTP/1.1" 200 5109 "-" "Mozilla/5.0 (Linux; Android 10; K) AppleWebKit/537.36 (KHTML, like Gecko) Chrome/148.0.0.0 Mobile Safari/537.36"
140.213.171.232 - - [11/Jun/2026:06:59:21 -0600] "GET /8o_WIVtDvvijSGt_4XpcywCOztnADo8ivKHfgpWNDi_q96nSoMpDkRYtqO4c_uYFgYhQ86ozhJ7hkU45D_YVaBeozX9g-mPY_bscwnM3d1EV4ofWVKigSaQ4beEfoP9_NlDCyGPSbLWu3LwdjI2ktHiPr4CkuDCY1ioBl0cVR2Jz_l-W0yuMjfoAEjuyJiQFU9a3GuUIl7nxQawaBkB6N6TrCzJIY2oLtusFyYXl-7XECa85uRABXBIp83ME2FjYbC6iKMll8vYiWXiIdAJmFwDF1cfuHAy3dVE2-w_lJj9CHfYBADemq073roR10VZjKkh7lL0dmwKqmfpXRlY4Nph2gzeReQ38KOsH8tzEqAdBT8JScwo8pRZsQzdqcyj7WGyOjICSlzkjfeEOKJ_QpassNPdJCmncVNc7eIOBJizGrL9m4ZAWjons-IlEnziCLyLYrAjzqA HTTP/1.1" 404 29391 "https://sportmaster.mx/contactanos/" "Mozilla/5.0 (Linux; Android 10; K) AppleWebKit/537.36 (KHTML, like Gecko) Chrome/148.0.0.0 Mobile Safari/537.36"
103.30.88.218 - - [11/Jun/2026:06:59:23 -0600] "POST /xmlrpc.php HTTP/1.1" 200 416 "-" "Jetpack by WordPress.com"
140.213.171.232 - - [11/Jun/2026:06:59:33 -0600] "POST /cdn-cgi/rum? HTTP/1.1" 404 28556 "https://sportmaster.mx/contactanos/" "Mozilla/5.0 (Linux; Android 10; K) AppleWebKit/537.36 (KHTML, like Gecko) Chrome/148.0.0.0 Mobile Safari/537.36"
103.30.88.218 - - [11/Jun/2026:06:59:34 -0600] "POST /xmlrpc.php HTTP/1.1" 200 416 "-" "WordPress.com; https://wordpress.com"
140.213.171.232 - - [11/Jun/2026:06:59:39 -0600] "POST /cdn-cgi/rum? HTTP/1.1" 404 28556 "https://sportmaster.mx/contactanos/" "Mozilla/5.0 (Linux; Android 10; K) AppleWebKit/537.36 (KHTML, like Gecko) Chrome/148.0.0.0 Mobile Safari/537.36"
103.30.88.218 - - [11/Jun/2026:06:59:45 -0600] "POST /xmlrpc.php HTTP/1.1" 200 416 "-" "Jetpack by WordPress.com"
40.77.167.35 - - [11/Jun/2026:06:59:49 -0600] "GET /Jerseys-Whether-You-Want-To-or-Not-10-3484-78664 HTTP/1.1" 301 - "-" "Mozilla/5.0 AppleWebKit/537.36 (KHTML, like Gecko; compatible; bingbot/2.0; +http://www.bing.com/bingbot.htm) Chrome/116.0.1938.76 Safari/537.36"
103.30.88.218 - - [11/Jun/2026:06:59:57 -0600] "POST /xmlrpc.php HTTP/1.1" 200 416 "-" "Jetpack by WordPress.com"
103.30.88.218 - - [11/Jun/2026:07:00:08 -0600] "POST /xmlrpc.php HTTP/1.1" 200 416 "-" "Jetpack/12.5; WordPress/6.3; http://site26354111.com"
103.30.88.218 - - [11/Jun/2026:07:00:18 -0600] "POST /xmlrpc.php HTTP/1.1" 200 416 "-" "Jetpack/13.0; WordPress/6.3; http://site49962373.com"
103.30.88.218 - - [11/Jun/2026:07:00:29 -0600] "POST /xmlrpc.php HTTP/1.1" 200 416 "-" "Jetpack by WordPress.com (Jetpack 12.1; WordPress 6.3)"
189.179.184.54 - - [11/Jun/2026:07:00:31 -0600] "GET /wp-content/uploads/como-se-divide-la-cancha-de-futbol.jpg HTTP/1.1" 200 38279 "https://www.google.com/" "Mozilla/5.0 (Windows NT 10.0; Win64; x64) AppleWebKit/537.36 (KHTML, like Gecko) Chrome/149.0.0.0 Safari/537.36"
103.30.88.218 - - [11/Jun/2026:07:00:40 -0600] "POST /xmlrpc.php HTTP/1.1" 200 416 "-" "Jetpack by WordPress.com"
103.30.88.218 - - [11/Jun/2026:07:00:51 -0600] "POST /xmlrpc.php HTTP/1.1" 200 416 "-" "Jetpack by WordPress.com (Jetpack 13.0; WordPress 6.2)"
182.3.102.150 - - [11/Jun/2026:07:00:55 -0600] "GET /wp-content/plugins/pt-content-views-pro-mp5.3.4.3/public/assets/css/cvpro.min.css?ver=5.3.4.3 HTTP/1.1" 200 20533 "-" "Mozilla/5.0 (Linux; Android 10; K) AppleWebKit/537.36 (KHTML, like Gecko) Chrome/138.0.0.0 Mobile Safari/537.36"
182.3.102.150 - - [11/Jun/2026:07:00:55 -0600] "GET /wp-content/plugins/content-views-query-and-display-post-page/public/assets/css/cv.css?ver=4.3 HTTP/1.1" 200 13295 "-" "Mozilla/5.0 (Linux; Android 10; K) AppleWebKit/537.36 (KHTML, like Gecko) Chrome/138.0.0.0 Mobile Safari/537.36"
182.3.102.150 - - [11/Jun/2026:07:00:55 -0600] "GET /contactanos/ HTTP/1.1" 200 57780 "https://www.google.com/" "Mozilla/5.0 (Linux; Android 10; K) AppleWebKit/537.36 (KHTML, like Gecko) Chrome/138.0.0.0 Mobile Safari/537.36"
182.3.102.150 - - [11/Jun/2026:07:00:56 -0600] "GET /wp-content/plugins/click-to-chat-for-whatsapp/new/inc/assets/css/main.css?ver=4.37 HTTP/1.1" 200 1037 "-" "Mozilla/5.0 (Linux; Android 10; K) AppleWebKit/537.36 (KHTML, like Gecko) Chrome/138.0.0.0 Mobile Safari/537.36"
182.3.102.150 - - [11/Jun/2026:07:00:56 -0600] "GET /wp-content/plugins/cookie-notice/css/front.min.css?ver=2.5.14 HTTP/1.1" 200 1247 "-" "Mozilla/5.0 (Linux; Android 10; K) AppleWebKit/537.36 (KHTML, like Gecko) Chrome/138.0.0.0 Mobile Safari/537.36"
182.3.102.150 - - [11/Jun/2026:07:00:56 -0600] "GET /wp-content/plugins/formularios-de-contacto-salesup/helpers/izitoast/css/iziToast.min.css?ver=1.0.14 HTTP/1.1" 200 10437 "-" "Mozilla/5.0 (Linux; Android 10; K) AppleWebKit/537.36 (KHTML, like Gecko) Chrome/138.0.0.0 Mobile Safari/537.36"
182.3.102.150 - - [11/Jun/2026:07:00:56 -0600] "GET /wp-content/plugins/formularios-de-contacto-salesup/helpers/jquery-ui-1.12.1/jquery-ui.min.css?ver=1.0.14 HTTP/1.1" 200 7901 "-" "Mozilla/5.0 (Linux; Android 10; K) AppleWebKit/537.36 (KHTML, like Gecko) Chrome/138.0.0.0 Mobile Safari/537.36"
182.3.102.150 - - [11/Jun/2026:07:00:56 -0600] "GET /wp-content/themes/generatepress/assets/css/unsemantic-grid.min.css?ver=3.6.0 HTTP/1.1" 200 2216 "-" "Mozilla/5.0 (Linux; Android 10; K) AppleWebKit/537.36 (KHTML, like Gecko) Chrome/138.0.0.0 Mobile Safari/537.36"
182.3.102.150 - - [11/Jun/2026:07:00:57 -0600] "GET /wp-content/themes/generatepress/assets/css/style.min.css?ver=3.6.0 HTTP/1.1" 200 5109 "-" "Mozilla/5.0 (Linux; Android 10; K) AppleWebKit/537.36 (KHTML, like Gecko) Chrome/138.0.0.0 Mobile Safari/537.36"
182.3.102.150 - - [11/Jun/2026:07:00:56 -0600] "GET /8o_WIVtDvvijSGt_4XpcywCOztnADo8ivKHfgpWNDi_q96nSoMpDkRYtqO4c_uYFgYhQ86ozhJ7hkU45D_YVaBeozX9g-mPY_bscwnM3d1EV4ofWVKigSaQ4beEfoP9_NlDCyGPSbLWu3LwdjI2ktHiPr4CkuDCY1ioBl0cVR2Jz_l-W0yuMjfoAEjuyJiQFU9a3GuUIl7nxQawaBkB6N6TrCzJIY2oLtusFyYXl-7XECa85uRABXBIp83ME2FjYbC6iKMll8vYiWXiIdAJmFwDF1cfuHAy3dVE2-w_lJj9CHfYBADemq073roR10VZjKkh7lL0dmwKqmfpXRlY4Nph2gzeReQ38KOsH8tzEqAdBT8JScwo8pRZsQzdqcyj7WGyOjICSlzkjfeEOKJ_QpassNPdJCmncVNc7eIOBJizGrL9m4ZAWjons-IlEnziCLyLYrAjzqA HTTP/1.1" 404 29387 "https://sportmaster.mx/contactanos/" "Mozilla/5.0 (Linux; Android 10; K) AppleWebKit/537.36 (KHTML, like Gecko) Chrome/138.0.0.0 Mobile Safari/537.36"
103.30.88.218 - - [11/Jun/2026:07:01:01 -0600] "POST /xmlrpc.php HTTP/1.1" 200 416 "-" "Jetpack by WordPress.com"
103.30.88.218 - - [11/Jun/2026:07:01:12 -0600] "POST /xmlrpc.php HTTP/1.1" 200 416 "-" "Jetpack by WordPress.com"
114.10.147.136 - - [11/Jun/2026:07:01:10 -0600] "GET /contactanos/ HTTP/1.1" 200 57780 "https://www.google.com/" "Mozilla/5.0 (Linux; Android 10; K) AppleWebKit/537.36 (KHTML, like Gecko) Chrome/149.0.0.0 Mobile Safari/537.36"
114.10.147.136 - - [11/Jun/2026:07:01:14 -0600] "GET /8o_WIVtDvvijSGt_4XpcywCOztnADo8ivKHfgpWNDi_q96nSoMpDkRYtqO4c_uYFgYhQ86ozhJ7hkU45D_YVaBeozX9g-mPY_bscwnM3d1EV4ofWVKigSaQ4beEfoP9_NlDCyGPSbLWu3LwdjI2ktHiPr4CkuDCY1ioBl0cVR2Jz_l-W0yuMjfoAEjuyJiQFU9a3GuUIl7nxQawaBkB6N6TrCzJIY2oLtusFyYXl-7XECa85uRABXBIp83ME2FjYbC6iKMll8vYiWXiIdAJmFwDF1cfuHAy3dVE2-w_lJj9CHfYBADemq073roR10VZjKkh7lL0dmwKqmfpXRlY4Nph2gzeReQ38KOsH8tzEqAdBT8JScwo8pRZsQzdqcyj7WGyOjICSlzkjfeEOKJ_QpassNPdJCmncVNc7eIOBJizGrL9m4ZAWjons-IlEnziCLyLYrAjzqA HTTP/1.1" 404 29395 "https://sportmaster.mx/contactanos/" "Mozilla/5.0 (Linux; Android 10; K) AppleWebKit/537.36 (KHTML, like Gecko) Chrome/149.0.0.0 Mobile Safari/537.36"
182.3.102.150 - - [11/Jun/2026:07:01:14 -0600] "POST /cdn-cgi/rum? HTTP/1.1" 404 28561 "https://sportmaster.mx/contactanos/" "Mozilla/5.0 (Linux; Android 10; K) AppleWebKit/537.36 (KHTML, like Gecko) Chrome/138.0.0.0 Mobile Safari/537.36"
189.169.120.247 - - [11/Jun/2026:07:01:16 -0600] "GET /sportmasterlp/?gad_source=1&gad_campaignid=23399349318&gclid=CjwKCAjwuanRBhBSEiwAY5y6VyvWaK8i4X7Mm-RgP-vZlipDoMCC0rxpTHu3Ibo_OXkHXriIbZoumBoC-1AQAvD_BwE HTTP/1.1" 200 31120 "https://www.google.com/" "Mozilla/5.0 (Linux; Android 10; K) AppleWebKit/537.36 (KHTML, like Gecko) Chrome/149.0.0.0 Mobile Safari/537.36"
189.169.120.247 - - [11/Jun/2026:07:01:18 -0600] "GET /wp-content/plugins/elementor/assets/css/frontend.min.css?ver=4.1.3 HTTP/1.1" 200 7271 "https://sportmaster.mx/sportmasterlp/?gad_source=1&gad_campaignid=23399349318&gclid=CjwKCAjwuanRBhBSEiwAY5y6VyvWaK8i4X7Mm-RgP-vZlipDoMCC0rxpTHu3Ibo_OXkHXriIbZoumBoC-1AQAvD_BwE" "Mozilla/5.0 (Linux; Android 10; K) AppleWebKit/537.36 (KHTML, like Gecko) Chrome/149.0.0.0 Mobile Safari/537.36"
189.169.120.247 - - [11/Jun/2026:07:01:19 -0600] "GET /wp-content/uploads/elementor/css/post-1100.css?ver=1781182658 HTTP/1.1" 200 383 "https://sportmaster.mx/sportmasterlp/?gad_source=1&gad_campaignid=23399349318&gclid=CjwKCAjwuanRBhBSEiwAY5y6VyvWaK8i4X7Mm-RgP-vZlipDoMCC0rxpTHu3Ibo_OXkHXriIbZoumBoC-1AQAvD_BwE" "Mozilla/5.0 (Linux; Android 10; K) AppleWebKit/537.36 (KHTML, like Gecko) Chrome/149.0.0.0 Mobile Safari/537.36"
189.169.120.247 - - [11/Jun/2026:07:01:19 -0600] "GET /wp-content/plugins/elementor/assets/css/widget-image.min.css?ver=4.1.3 HTTP/1.1" 200 135 "https://sportmaster.mx/sportmasterlp/?gad_source=1&gad_campaignid=23399349318&gclid=CjwKCAjwuanRBhBSEiwAY5y6VyvWaK8i4X7Mm-RgP-vZlipDoMCC0rxpTHu3Ibo_OXkHXriIbZoumBoC-1AQAvD_BwE" "Mozilla/5.0 (Linux; Android 10; K) AppleWebKit/537.36 (KHTML, like Gecko) Chrome/149.0.0.0 Mobile Safari/537.36"
189.169.120.247 - - [11/Jun/2026:07:01:19 -0600] "GET /wp-content/plugins/elementor/assets/lib/font-awesome/css/all.min.css?ver=4.1.3 HTTP/1.1" 200 12869 "https://sportmaster.mx/sportmasterlp/?gad_source=1&gad_campaignid=23399349318&gclid=CjwKCAjwuanRBhBSEiwAY5y6VyvWaK8i4X7Mm-RgP-vZlipDoMCC0rxpTHu3Ibo_OXkHXriIbZoumBoC-1AQAvD_BwE" "Mozilla/5.0 (Linux; Android 10; K) AppleWebKit/537.36 (KHTML, like Gecko) Chrome/149.0.0.0 Mobile Safari/537.36"
189.169.120.247 - - [11/Jun/2026:07:01:19 -0600] "GET /wp-content/plugins/elementor/assets/lib/font-awesome/css/v4-shims.min.css?ver=4.1.3 HTTP/1.1" 200 4229 "https://sportmaster.mx/sportmasterlp/?gad_source=1&gad_campaignid=23399349318&gclid=CjwKCAjwuanRBhBSEiwAY5y6VyvWaK8i4X7Mm-RgP-vZlipDoMCC0rxpTHu3Ibo_OXkHXriIbZoumBoC-1AQAvD_BwE" "Mozilla/5.0 (Linux; Android 10; K) AppleWebKit/537.36 (KHTML, like Gecko) Chrome/149.0.0.0 Mobile Safari/537.36"
189.169.120.247 - - [11/Jun/2026:07:01:19 -0600] "GET /wp-content/plugins/elementor/assets/css/widget-heading.min.css?ver=4.1.3 HTTP/1.1" 200 160 "https://sportmaster.mx/sportmasterlp/?gad_source=1&gad_campaignid=23399349318&gclid=CjwKCAjwuanRBhBSEiwAY5y6VyvWaK8i4X7Mm-RgP-vZlipDoMCC0rxpTHu3Ibo_OXkHXriIbZoumBoC-1AQAvD_BwE" "Mozilla/5.0 (Linux; Android 10; K) AppleWebKit/537.36 (KHTML, like Gecko) Chrome/149.0.0.0 Mobile Safari/537.36"
189.169.120.247 - - [11/Jun/2026:07:01:19 -0600] "GET /wp-content/plugins/elementor-pro/assets/css/widget-form.min.css?ver=4.1.1 HTTP/1.1" 200 1579 "https://sportmaster.mx/sportmasterlp/?gad_source=1&gad_campaignid=23399349318&gclid=CjwKCAjwuanRBhBSEiwAY5y6VyvWaK8i4X7Mm-RgP-vZlipDoMCC0rxpTHu3Ibo_OXkHXriIbZoumBoC-1AQAvD_BwE" "Mozilla/5.0 (Linux; Android 10; K) AppleWebKit/537.36 (KHTML, like Gecko) Chrome/149.0.0.0 Mobile Safari/537.36"
189.169.120.247 - - [11/Jun/2026:07:01:19 -0600] "GET /wp-content/plugins/elementor/assets/css/conditionals/shapes.min.css?ver=4.1.3 HTTP/1.1" 200 288 "https://sportmaster.mx/sportmasterlp/?gad_source=1&gad_campaignid=23399349318&gclid=CjwKCAjwuanRBhBSEiwAY5y6VyvWaK8i4X7Mm-RgP-vZlipDoMCC0rxpTHu3Ibo_OXkHXriIbZoumBoC-1AQAvD_BwE" "Mozilla/5.0 (Linux; Android 10; K) AppleWebKit/537.36 (KHTML, like Gecko) Chrome/149.0.0.0 Mobile Safari/537.36"
189.169.120.247 - - [11/Jun/2026:07:01:19 -0600] "GET /wp-content/plugins/elementor-pro/assets/css/widget-call-to-action.min.css?ver=4.1.1 HTTP/1.1" 200 1336 "https://sportmaster.mx/sportmasterlp/?gad_source=1&gad_campaignid=23399349318&gclid=CjwKCAjwuanRBhBSEiwAY5y6VyvWaK8i4X7Mm-RgP-vZlipDoMCC0rxpTHu3Ibo_OXkHXriIbZoumBoC-1AQAvD_BwE" "Mozilla/5.0 (Linux; Android 10; K) AppleWebKit/537.36 (KHTML, like Gecko) Chrome/149.0.0.0 Mobile Safari/537.36"
189.169.120.247 - - [11/Jun/2026:07:01:19 -0600] "GET /wp-content/plugins/elementor-pro/assets/css/conditionals/transitions.min.css?ver=4.1.1 HTTP/1.1" 200 621 "https://sportmaster.mx/sportmasterlp/?gad_source=1&gad_campaignid=23399349318&gclid=CjwKCAjwuanRBhBSEiwAY5y6VyvWaK8i4X7Mm-RgP-vZlipDoMCC0rxpTHu3Ibo_OXkHXriIbZoumBoC-1AQAvD_BwE" "Mozilla/5.0 (Linux; Android 10; K) AppleWebKit/537.36 (KHTML, like Gecko) Chrome/149.0.0.0 Mobile Safari/537.36"
189.169.120.247 - - [11/Jun/2026:07:01:19 -0600] "GET /wp-content/plugins/elementor/assets/css/conditionals/e-swiper.min.css?ver=4.1.3 HTTP/1.1" 200 799 "https://sportmaster.mx/sportmasterlp/?gad_source=1&gad_campaignid=23399349318&gclid=CjwKCAjwuanRBhBSEiwAY5y6VyvWaK8i4X7Mm-RgP-vZlipDoMCC0rxpTHu3Ibo_OXkHXriIbZoumBoC-1AQAvD_BwE" "Mozilla/5.0 (Linux; Android 10; K) AppleWebKit/537.36 (KHTML, like Gecko) Chrome/149.0.0.0 Mobile Safari/537.36"
189.169.120.247 - - [11/Jun/2026:07:01:19 -0600] "GET /wp-content/plugins/elementor-pro/assets/css/widget-gallery.min.css?ver=4.1.1 HTTP/1.1" 200 1101 "https://sportmaster.mx/sportmasterlp/?gad_source=1&gad_campaignid=23399349318&gclid=CjwKCAjwuanRBhBSEiwAY5y6VyvWaK8i4X7Mm-RgP-vZlipDoMCC0rxpTHu3Ibo_OXkHXriIbZoumBoC-1AQAvD_BwE" "Mozilla/5.0 (Linux; Android 10; K) AppleWebKit/537.36 (KHTML, like Gecko) Chrome/149.0.0.0 Mobile Safari/537.36"
189.169.120.247 - - [11/Jun/2026:07:01:19 -0600] "GET /wp-content/plugins/elementor/assets/css/widget-icon-list.min.css?ver=4.1.3 HTTP/1.1" 200 1023 "https://sportmaster.mx/sportmasterlp/?gad_source=1&gad_campaignid=23399349318&gclid=CjwKCAjwuanRBhBSEiwAY5y6VyvWaK8i4X7Mm-RgP-vZlipDoMCC0rxpTHu3Ibo_OXkHXriIbZoumBoC-1AQAvD_BwE" "Mozilla/5.0 (Linux; Android 10; K) AppleWebKit/537.36 (KHTML, like Gecko) Chrome/149.0.0.0 Mobile Safari/537.36"
189.169.120.247 - - [11/Jun/2026:07:01:19 -0600] "GET /wp-content/plugins/elementor/assets/css/widget-image-carousel.min.css?ver=4.1.3 HTTP/1.1" 200 183 "https://sportmaster.mx/sportmasterlp/?gad_source=1&gad_campaignid=23399349318&gclid=CjwKCAjwuanRBhBSEiwAY5y6VyvWaK8i4X7Mm-RgP-vZlipDoMCC0rxpTHu3Ibo_OXkHXriIbZoumBoC-1AQAvD_BwE" "Mozilla/5.0 (Linux; Android 10; K) AppleWebKit/537.36 (KHTML, like Gecko) Chrome/149.0.0.0 Mobile Safari/537.36"
189.169.120.247 - - [11/Jun/2026:07:01:19 -0600] "GET /wp-content/uploads/elementor/css/post-3527.css?ver=1781182877 HTTP/1.1" 200 4415 "https://sportmaster.mx/sportmasterlp/?gad_source=1&gad_campaignid=23399349318&gclid=CjwKCAjwuanRBhBSEiwAY5y6VyvWaK8i4X7Mm-RgP-vZlipDoMCC0rxpTHu3Ibo_OXkHXriIbZoumBoC-1AQAvD_BwE" "Mozilla/5.0 (Linux; Android 10; K) AppleWebKit/537.36 (KHTML, like Gecko) Chrome/149.0.0.0 Mobile Safari/537.36"
189.169.120.247 - - [11/Jun/2026:07:01:19 -0600] "GET /wp-content/plugins/click-to-chat-for-whatsapp/new/inc/assets/css/main.css?ver=4.40 HTTP/1.1" 304 - "https://sportmaster.mx/sportmasterlp/?gad_source=1&gad_campaignid=23399349318&gclid=CjwKCAjwuanRBhBSEiwAY5y6VyvWaK8i4X7Mm-RgP-vZlipDoMCC0rxpTHu3Ibo_OXkHXriIbZoumBoC-1AQAvD_BwE" "Mozilla/5.0 (Linux; Android 10; K) AppleWebKit/537.36 (KHTML, like Gecko) Chrome/149.0.0.0 Mobile Safari/537.36"
189.169.120.247 - - [11/Jun/2026:07:01:19 -0600] "GET /wp-content/plugins/cookie-notice/css/front.min.css?ver=3.1.1 HTTP/1.1" 304 - "https://sportmaster.mx/sportmasterlp/?gad_source=1&gad_campaignid=23399349318&gclid=CjwKCAjwuanRBhBSEiwAY5y6VyvWaK8i4X7Mm-RgP-vZlipDoMCC0rxpTHu3Ibo_OXkHXriIbZoumBoC-1AQAvD_BwE" "Mozilla/5.0 (Linux; Android 10; K) AppleWebKit/537.36 (KHTML, like Gecko) Chrome/149.0.0.0 Mobile Safari/537.36"
189.169.120.247 - - [11/Jun/2026:07:01:19 -0600] "GET /wp-content/plugins/elementor/assets/lib/swiper/v8/css/swiper.min.css?ver=8.4.5 HTTP/1.1" 200 4583 "https://sportmaster.mx/sportmasterlp/?gad_source=1&gad_campaignid=23399349318&gclid=CjwKCAjwuanRBhBSEiwAY5y6VyvWaK8i4X7Mm-RgP-vZlipDoMCC0rxpTHu3Ibo_OXkHXriIbZoumBoC-1AQAvD_BwE" "Mozilla/5.0 (Linux; Android 10; K) AppleWebKit/537.36 (KHTML, like Gecko) Chrome/149.0.0.0 Mobile Safari/537.36"
189.169.120.247 - - [11/Jun/2026:07:01:19 -0600] "GET /wp-content/plugins/elementor/assets/lib/font-awesome/js/v4-shims.min.js?ver=4.1.3 HTTP/1.1" 200 4209 "https://sportmaster.mx/sportmasterlp/?gad_source=1&gad_campaignid=23399349318&gclid=CjwKCAjwuanRBhBSEiwAY5y6VyvWaK8i4X7Mm-RgP-vZlipDoMCC0rxpTHu3Ibo_OXkHXriIbZoumBoC-1AQAvD_BwE" "Mozilla/5.0 (Linux; Android 10; K) AppleWebKit/537.36 (KHTML, like Gecko) Chrome/149.0.0.0 Mobile Safari/537.36"
189.169.120.247 - - [11/Jun/2026:07:01:19 -0600] "GET /wp-content/plugins/elementor/assets/lib/e-gallery/css/e-gallery.min.css?ver=1.2.0 HTTP/1.1" 200 844 "https://sportmaster.mx/sportmasterlp/?gad_source=1&gad_campaignid=23399349318&gclid=CjwKCAjwuanRBhBSEiwAY5y6VyvWaK8i4X7Mm-RgP-vZlipDoMCC0rxpTHu3Ibo_OXkHXriIbZoumBoC-1AQAvD_BwE" "Mozilla/5.0 (Linux; Android 10; K) AppleWebKit/537.36 (KHTML, like Gecko) Chrome/149.0.0.0 Mobile Safari/537.36"
189.169.120.247 - - [11/Jun/2026:07:01:20 -0600] "GET /wp-content/plugins/cookie-notice/js/front.min.js?ver=3.1.1 HTTP/1.1" 304 - "https://sportmaster.mx/sportmasterlp/?gad_source=1&gad_campaignid=23399349318&gclid=CjwKCAjwuanRBhBSEiwAY5y6VyvWaK8i4X7Mm-RgP-vZlipDoMCC0rxpTHu3Ibo_OXkHXriIbZoumBoC-1AQAvD_BwE" "Mozilla/5.0 (Linux; Android 10; K) AppleWebKit/537.36 (KHTML, like Gecko) Chrome/149.0.0.0 Mobile Safari/537.36"
182.3.102.150 - - [11/Jun/2026:07:01:19 -0600] "POST /cdn-cgi/rum? HTTP/1.1" 404 28557 "https://sportmaster.mx/contactanos/" "Mozilla/5.0 (Linux; Android 10; K) AppleWebKit/537.36 (KHTML, like Gecko) Chrome/138.0.0.0 Mobile Safari/537.36"
189.169.120.247 - - [11/Jun/2026:07:01:21 -0600] "GET /wp-content/plugins/elementor/assets/js/webpack.runtime.min.js?ver=4.1.3 HTTP/1.1" 200 2539 "https://sportmaster.mx/sportmasterlp/?gad_source=1&gad_campaignid=23399349318&gclid=CjwKCAjwuanRBhBSEiwAY5y6VyvWaK8i4X7Mm-RgP-vZlipDoMCC0rxpTHu3Ibo_OXkHXriIbZoumBoC-1AQAvD_BwE" "Mozilla/5.0 (Linux; Android 10; K) AppleWebKit/537.36 (KHTML, like Gecko) Chrome/149.0.0.0 Mobile Safari/537.36"
189.169.120.247 - - [11/Jun/2026:07:01:21 -0600] "GET /wp-content/plugins/elementor/assets/js/frontend-modules.min.js?ver=4.1.3 HTTP/1.1" 200 15970 "https://sportmaster.mx/sportmasterlp/?gad_source=1&gad_campaignid=23399349318&gclid=CjwKCAjwuanRBhBSEiwAY5y6VyvWaK8i4X7Mm-RgP-vZlipDoMCC0rxpTHu3Ibo_OXkHXriIbZoumBoC-1AQAvD_BwE" "Mozilla/5.0 (Linux; Android 10; K) AppleWebKit/537.36 (KHTML, like Gecko) Chrome/149.0.0.0 Mobile Safari/537.36"
189.169.120.247 - - [11/Jun/2026:07:01:21 -0600] "GET /wp-content/plugins/elementor/assets/js/frontend.min.js?ver=4.1.3 HTTP/1.1" 200 10417 "https://sportmaster.mx/sportmasterlp/?gad_source=1&gad_campaignid=23399349318&gclid=CjwKCAjwuanRBhBSEiwAY5y6VyvWaK8i4X7Mm-RgP-vZlipDoMCC0rxpTHu3Ibo_OXkHXriIbZoumBoC-1AQAvD_BwE" "Mozilla/5.0 (Linux; Android 10; K) AppleWebKit/537.36 (KHTML, like Gecko) Chrome/149.0.0.0 Mobile Safari/537.36"
189.169.120.247 - - [11/Jun/2026:07:01:21 -0600] "GET /wp-content/plugins/elementor/assets/lib/e-gallery/js/e-gallery.min.js?ver=1.2.0 HTTP/1.1" 200 4609 "https://sportmaster.mx/sportmasterlp/?gad_source=1&gad_campaignid=23399349318&gclid=CjwKCAjwuanRBhBSEiwAY5y6VyvWaK8i4X7Mm-RgP-vZlipDoMCC0rxpTHu3Ibo_OXkHXriIbZoumBoC-1AQAvD_BwE" "Mozilla/5.0 (Linux; Android 10; K) AppleWebKit/537.36 (KHTML, like Gecko) Chrome/149.0.0.0 Mobile Safari/537.36"
189.169.120.247 - - [11/Jun/2026:07:01:21 -0600] "GET /wp-content/plugins/elementor-pro/assets/js/webpack-pro.runtime.min.js?ver=4.1.1 HTTP/1.1" 200 2829 "https://sportmaster.mx/sportmasterlp/?gad_source=1&gad_campaignid=23399349318&gclid=CjwKCAjwuanRBhBSEiwAY5y6VyvWaK8i4X7Mm-RgP-vZlipDoMCC0rxpTHu3Ibo_OXkHXriIbZoumBoC-1AQAvD_BwE" "Mozilla/5.0 (Linux; Android 10; K) AppleWebKit/537.36 (KHTML, like Gecko) Chrome/149.0.0.0 Mobile Safari/537.36"
189.169.120.247 - - [11/Jun/2026:07:01:21 -0600] "GET /wp-content/plugins/elementor/assets/lib/swiper/v8/swiper.min.js?ver=8.4.5 HTTP/1.1" 200 39695 "https://sportmaster.mx/sportmasterlp/?gad_source=1&gad_campaignid=23399349318&gclid=CjwKCAjwuanRBhBSEiwAY5y6VyvWaK8i4X7Mm-RgP-vZlipDoMCC0rxpTHu3Ibo_OXkHXriIbZoumBoC-1AQAvD_BwE" "Mozilla/5.0 (Linux; Android 10; K) AppleWebKit/537.36 (KHTML, like Gecko) Chrome/149.0.0.0 Mobile Safari/537.36"
189.169.120.247 - - [11/Jun/2026:07:01:21 -0600] "GET /wp-content/plugins/elementor-pro/assets/js/frontend.min.js?ver=4.1.1 HTTP/1.1" 200 6419 "https://sportmaster.mx/sportmasterlp/?gad_source=1&gad_campaignid=23399349318&gclid=CjwKCAjwuanRBhBSEiwAY5y6VyvWaK8i4X7Mm-RgP-vZlipDoMCC0rxpTHu3Ibo_OXkHXriIbZoumBoC-1AQAvD_BwE" "Mozilla/5.0 (Linux; Android 10; K) AppleWebKit/537.36 (KHTML, like Gecko) Chrome/149.0.0.0 Mobile Safari/537.36"
189.169.120.247 - - [11/Jun/2026:07:01:21 -0600] "GET /wp-content/plugins/elementor-pro/assets/js/elements-handlers.min.js?ver=4.1.1 HTTP/1.1" 200 10535 "https://sportmaster.mx/sportmasterlp/?gad_source=1&gad_campaignid=23399349318&gclid=CjwKCAjwuanRBhBSEiwAY5y6VyvWaK8i4X7Mm-RgP-vZlipDoMCC0rxpTHu3Ibo_OXkHXriIbZoumBoC-1AQAvD_BwE" "Mozilla/5.0 (Linux; Android 10; K) AppleWebKit/537.36 (KHTML, like Gecko) Chrome/149.0.0.0 Mobile Safari/537.36"
189.169.120.247 - - [11/Jun/2026:07:01:21 -0600] "GET /wp-content/plugins/click-to-chat-for-whatsapp/new/inc/assets/js/app.js?ver=4.40 HTTP/1.1" 304 - "https://sportmaster.mx/sportmasterlp/?gad_source=1&gad_campaignid=23399349318&gclid=CjwKCAjwuanRBhBSEiwAY5y6VyvWaK8i4X7Mm-RgP-vZlipDoMCC0rxpTHu3Ibo_OXkHXriIbZoumBoC-1AQAvD_BwE" "Mozilla/5.0 (Linux; Android 10; K) AppleWebKit/537.36 (KHTML, like Gecko) Chrome/149.0.0.0 Mobile Safari/537.36"
189.169.120.247 - - [11/Jun/2026:07:01:22 -0600] "GET /wp-content/plugins/elementor/assets/css/conditionals/dialog.min.css?ver=4.1.3 HTTP/1.1" 200 1578 "https://sportmaster.mx/sportmasterlp/?gad_source=1&gad_campaignid=23399349318&gclid=CjwKCAjwuanRBhBSEiwAY5y6VyvWaK8i4X7Mm-RgP-vZlipDoMCC0rxpTHu3Ibo_OXkHXriIbZoumBoC-1AQAvD_BwE" "Mozilla/5.0 (Linux; Android 10; K) AppleWebKit/537.36 (KHTML, like Gecko) Chrome/149.0.0.0 Mobile Safari/537.36"
189.169.120.247 - - [11/Jun/2026:07:01:22 -0600] "GET /wp-content/plugins/elementor/assets/lib/share-link/share-link.min.js?ver=4.1.3 HTTP/1.1" 200 1169 "https://sportmaster.mx/sportmasterlp/?gad_source=1&gad_campaignid=23399349318&gclid=CjwKCAjwuanRBhBSEiwAY5y6VyvWaK8i4X7Mm-RgP-vZlipDoMCC0rxpTHu3Ibo_OXkHXriIbZoumBoC-1AQAvD_BwE" "Mozilla/5.0 (Linux; Android 10; K) AppleWebKit/537.36 (KHTML, like Gecko) Chrome/149.0.0.0 Mobile Safari/537.36"
