74.7.242.37 - - [12/Jun/2026:06:13:55 -0600] "GET /index.php?path=//proc/self/root/var/softaculous/whmcs83/php56 HTTP/1.1" 200 3322 "https://sportmaster.mx/index.php?path=//proc/self/root/var/softaculous/whmcs83" "Mozilla/5.0 AppleWebKit/537.36 (KHTML, like Gecko; compatible; GPTBot/1.4; +https://openai.com/gptbot)"
74.7.242.37 - - [12/Jun/2026:06:13:56 -0600] "GET /index.php?path=//proc/self/root/var/softaculous/whmcs89/php53 HTTP/1.1" 200 3323 "https://sportmaster.mx/index.php?path=//proc/self/root/var/softaculous/whmcs89" "Mozilla/5.0 AppleWebKit/537.36 (KHTML, like Gecko; compatible; GPTBot/1.4; +https://openai.com/gptbot)"
36.72.203.67 - - [12/Jun/2026:06:13:56 -0600] "GET /wp-content/plugins/pt-content-views-pro-mp5.3.4.3/public/assets/css/cvpro.min.css?ver=5.3.4.3 HTTP/1.1" 200 20533 "-" "Mozilla/5.0 (Linux; Android 10; K) AppleWebKit/537.36 (KHTML, like Gecko) Chrome/149.0.0.0 Mobile Safari/537.36"
36.72.203.67 - - [12/Jun/2026:06:13:56 -0600] "GET /contactanos/ HTTP/1.1" 200 57780 "https://www.google.com/" "Mozilla/5.0 (Linux; Android 10; K) AppleWebKit/537.36 (KHTML, like Gecko) Chrome/149.0.0.0 Mobile Safari/537.36"
36.72.203.67 - - [12/Jun/2026:06:13:56 -0600] "GET /8o_WIVtDvvijSGt_4XpcywCOztnADo8ivKHfgpWNDi_q96nSoMpDkRYtqO4c_uYFgYhQ86ozhJ7hkU45D_YVaBeozX9g-mPY_bscwnM3d1EV4ofWVKigSaQ4beEfoP9_NlDCyGPSbLWu3LwdjI2ktHiPr4CkuDCY1ioBl0cVR2Jz_l-W0yuMjfoAEjuyJiQFU9a3GuUIl7nxQawaBkB6N6TrCzJIY2oLtusFyYXl-7XECa85uRABXBIp83ME2FjYbC6iKMll8vYiWXiIdAJmFwDF1cfuHAy3dVE2-w_lJj9CHfYBADemq073roR10VZjKkh7lL0dmwKqmfpXRlY4Nph2gzeReQ38KOsH8tzEqAdBT8JScwo8pRZsQzdqcyj7WGyOjICSlzkjfeEOKJ_QpassNPdJCmncVNc7eIOBJizGrL9m4ZAWjons-IlEnziCLyLYrAjzqA HTTP/1.1" 403 5149 "https://sportmaster.mx/contactanos/" "Mozilla/5.0 (Linux; Android 10; K) AppleWebKit/537.36 (KHTML, like Gecko) Chrome/149.0.0.0 Mobile Safari/537.36"
74.7.242.37 - - [12/Jun/2026:06:13:56 -0600] "GET /index.php?path=//proc/self/root/var/softaculous/whmcs83/php71 HTTP/1.1" 200 3321 "https://sportmaster.mx/index.php?path=//proc/self/root/var/softaculous/whmcs83" "Mozilla/5.0 AppleWebKit/537.36 (KHTML, like Gecko; compatible; GPTBot/1.4; +https://openai.com/gptbot)"
36.72.203.67 - - [12/Jun/2026:06:13:57 -0600] "GET /wp-content/plugins/cookie-notice/css/front.min.css?ver=2.5.14 HTTP/1.1" 200 1247 "-" "Mozilla/5.0 (Linux; Android 10; K) AppleWebKit/537.36 (KHTML, like Gecko) Chrome/149.0.0.0 Mobile Safari/537.36"
74.7.242.37 - - [12/Jun/2026:06:13:57 -0600] "GET /index.php?path=//proc/self/root/var/softaculous/whmcs89/php56 HTTP/1.1" 200 3320 "https://sportmaster.mx/index.php?path=//proc/self/root/var/softaculous/whmcs89" "Mozilla/5.0 AppleWebKit/537.36 (KHTML, like Gecko; compatible; GPTBot/1.4; +https://openai.com/gptbot)"
74.7.242.37 - - [12/Jun/2026:06:13:58 -0600] "GET /index.php?path=//proc/self/root/var/softaculous/zikula15/php56 HTTP/1.1" 200 3327 "https://sportmaster.mx/index.php?path=//proc/self/root/var/softaculous/zikula15" "Mozilla/5.0 AppleWebKit/537.36 (KHTML, like Gecko; compatible; GPTBot/1.4; +https://openai.com/gptbot)"
74.7.242.37 - - [12/Jun/2026:06:13:58 -0600] "GET /index.php?path=//proc/self/root/var/softaculous/zikula15/php53 HTTP/1.1" 200 3326 "https://sportmaster.mx/index.php?path=//proc/self/root/var/softaculous/zikula15" "Mozilla/5.0 AppleWebKit/537.36 (KHTML, like Gecko; compatible; GPTBot/1.4; +https://openai.com/gptbot)"
36.72.203.67 - - [12/Jun/2026:06:13:58 -0600] "GET /wp-content/plugins/click-to-chat-for-whatsapp/new/inc/assets/css/main.css?ver=4.37 HTTP/1.1" 200 1037 "-" "Mozilla/5.0 (Linux; Android 10; K) AppleWebKit/537.36 (KHTML, like Gecko) Chrome/149.0.0.0 Mobile Safari/537.36"
74.7.242.37 - - [12/Jun/2026:06:13:59 -0600] "GET /index.php?path=//proc/self/root/var/softaculous/whmcs82/php56 HTTP/1.1" 200 3320 "https://sportmaster.mx/index.php?path=//proc/self/root/var/softaculous/whmcs82" "Mozilla/5.0 AppleWebKit/537.36 (KHTML, like Gecko; compatible; GPTBot/1.4; +https://openai.com/gptbot)"
74.7.242.37 - - [12/Jun/2026:06:13:59 -0600] "GET /index.php?path=//proc/self/root/var/softaculous/vtiger72/php81 HTTP/1.1" 200 3324 "https://sportmaster.mx/index.php?path=//proc/self/root/var/softaculous/vtiger72" "Mozilla/5.0 AppleWebKit/537.36 (KHTML, like Gecko; compatible; GPTBot/1.4; +https://openai.com/gptbot)"
74.7.242.37 - - [12/Jun/2026:06:14:00 -0600] "GET /index.php?path=//proc/self/root/var/softaculous/vtiger72/php56 HTTP/1.1" 200 3327 "https://sportmaster.mx/index.php?path=//proc/self/root/var/softaculous/vtiger72" "Mozilla/5.0 AppleWebKit/537.36 (KHTML, like Gecko; compatible; GPTBot/1.4; +https://openai.com/gptbot)"
74.7.242.37 - - [12/Jun/2026:06:14:00 -0600] "GET /index.php?path=//proc/self/root/var/softaculous/vtiger72/php53 HTTP/1.1" 200 3323 "https://sportmaster.mx/index.php?path=//proc/self/root/var/softaculous/vtiger72" "Mozilla/5.0 AppleWebKit/537.36 (KHTML, like Gecko; compatible; GPTBot/1.4; +https://openai.com/gptbot)"
74.7.242.37 - - [12/Jun/2026:06:14:01 -0600] "GET /index.php?path=//proc/self/root/var/softaculous/whmcs82/php53 HTTP/1.1" 200 3324 "https://sportmaster.mx/index.php?path=//proc/self/root/var/softaculous/whmcs82" "Mozilla/5.0 AppleWebKit/537.36 (KHTML, like Gecko; compatible; GPTBot/1.4; +https://openai.com/gptbot)"
74.7.242.37 - - [12/Jun/2026:06:14:01 -0600] "GET /index.php?path=//proc/self/root/var/softaculous/zikula15/php71 HTTP/1.1" 200 3326 "https://sportmaster.mx/index.php?path=//proc/self/root/var/softaculous/zikula15" "Mozilla/5.0 AppleWebKit/537.36 (KHTML, like Gecko; compatible; GPTBot/1.4; +https://openai.com/gptbot)"
74.7.242.37 - - [12/Jun/2026:06:14:02 -0600] "GET /index.php?path=//proc/self/root/var/softaculous/whmcs82/php71 HTTP/1.1" 200 3320 "https://sportmaster.mx/index.php?path=//proc/self/root/var/softaculous/whmcs82" "Mozilla/5.0 AppleWebKit/537.36 (KHTML, like Gecko; compatible; GPTBot/1.4; +https://openai.com/gptbot)"
74.7.242.37 - - [12/Jun/2026:06:14:02 -0600] "GET /index.php?path=//proc/self/root/var/softaculous/magento17/php81 HTTP/1.1" 200 3323 "https://sportmaster.mx/index.php?path=//proc/self/root/var/softaculous/magento17" "Mozilla/5.0 AppleWebKit/537.36 (KHTML, like Gecko; compatible; GPTBot/1.4; +https://openai.com/gptbot)"
74.7.242.37 - - [12/Jun/2026:06:14:03 -0600] "GET /index.php?path=//proc/self/root/var/softaculous/magento18/php71 HTTP/1.1" 200 3329 "https://sportmaster.mx/index.php?path=//proc/self/root/var/softaculous/magento18" "Mozilla/5.0 AppleWebKit/537.36 (KHTML, like Gecko; compatible; GPTBot/1.4; +https://openai.com/gptbot)"
74.7.242.37 - - [12/Jun/2026:06:14:03 -0600] "GET /index.php?path=//proc/self/root/var/softaculous/magento18/php82 HTTP/1.1" 200 3329 "https://sportmaster.mx/index.php?path=//proc/self/root/var/softaculous/magento18" "Mozilla/5.0 AppleWebKit/537.36 (KHTML, like Gecko; compatible; GPTBot/1.4; +https://openai.com/gptbot)"
74.7.242.37 - - [12/Jun/2026:06:14:04 -0600] "GET /index.php?path=//proc/self/root/etc/alternatives/jre_11/legal/jdk.jdwp.agent HTTP/1.1" 200 3299 "https://sportmaster.mx/index.php?path=//proc/self/root/etc/alternatives/jre_11/legal" "Mozilla/5.0 AppleWebKit/537.36 (KHTML, like Gecko; compatible; GPTBot/1.4; +https://openai.com/gptbot)"
74.7.242.37 - - [12/Jun/2026:06:14:04 -0600] "GET /index.php?path=//proc/self/root/var/softaculous/suitecrm7/php56 HTTP/1.1" 200 3327 "https://sportmaster.mx/index.php?path=//proc/self/root/var/softaculous/suitecrm7" "Mozilla/5.0 AppleWebKit/537.36 (KHTML, like Gecko; compatible; GPTBot/1.4; +https://openai.com/gptbot)"
74.7.242.37 - - [12/Jun/2026:06:14:05 -0600] "GET /index.php?path=//proc/self/root/var/softaculous/presta178/images HTTP/1.1" 200 3166 "https://sportmaster.mx/index.php?path=//proc/self/root/var/softaculous/presta178" "Mozilla/5.0 AppleWebKit/537.36 (KHTML, like Gecko; compatible; GPTBot/1.4; +https://openai.com/gptbot)"
74.7.242.37 - - [12/Jun/2026:06:14:05 -0600] "GET /index.php?path=//proc/self/root/var/softaculous/suitecrm7/php53 HTTP/1.1" 200 3330 "https://sportmaster.mx/index.php?path=//proc/self/root/var/softaculous/suitecrm7" "Mozilla/5.0 AppleWebKit/537.36 (KHTML, like Gecko; compatible; GPTBot/1.4; +https://openai.com/gptbot)"
74.7.242.37 - - [12/Jun/2026:06:14:06 -0600] "GET /index.php?path=//proc/self/root/var/softaculous/magento17/images HTTP/1.1" 200 3185 "https://sportmaster.mx/index.php?path=//proc/self/root/var/softaculous/magento17" "Mozilla/5.0 AppleWebKit/537.36 (KHTML, like Gecko; compatible; GPTBot/1.4; +https://openai.com/gptbot)"
74.7.242.37 - - [12/Jun/2026:06:14:06 -0600] "GET /index.php?path=//proc/self/root/var/softaculous/magento18/images HTTP/1.1" 200 3167 "https://sportmaster.mx/index.php?path=//proc/self/root/var/softaculous/magento18" "Mozilla/5.0 AppleWebKit/537.36 (KHTML, like Gecko; compatible; GPTBot/1.4; +https://openai.com/gptbot)"
74.7.242.37 - - [12/Jun/2026:06:14:07 -0600] "GET /index.php?path=//proc/self/root/var/softaculous/magento24/images HTTP/1.1" 200 3167 "https://sportmaster.mx/index.php?path=//proc/self/root/var/softaculous/magento24" "Mozilla/5.0 AppleWebKit/537.36 (KHTML, like Gecko; compatible; GPTBot/1.4; +https://openai.com/gptbot)"
74.7.242.37 - - [12/Jun/2026:06:14:07 -0600] "GET /index.php?path=//proc/self/root/var/softaculous/suitecrm7/php81 HTTP/1.1" 200 3331 "https://sportmaster.mx/index.php?path=//proc/self/root/var/softaculous/suitecrm7" "Mozilla/5.0 AppleWebKit/537.36 (KHTML, like Gecko; compatible; GPTBot/1.4; +https://openai.com/gptbot)"
74.7.242.37 - - [12/Jun/2026:06:14:08 -0600] "GET /index.php?path=//proc/self/root/var/softaculous/suitecrm7/php82 HTTP/1.1" 200 3329 "https://sportmaster.mx/index.php?path=//proc/self/root/var/softaculous/suitecrm7" "Mozilla/5.0 AppleWebKit/537.36 (KHTML, like Gecko; compatible; GPTBot/1.4; +https://openai.com/gptbot)"
74.7.242.37 - - [12/Jun/2026:06:14:08 -0600] "GET /index.php?path=//proc/self/root/var/softaculous/moodle41/languages HTTP/1.1" 200 2787 "https://sportmaster.mx/index.php?path=//proc/self/root/var/softaculous/moodle41" "Mozilla/5.0 AppleWebKit/537.36 (KHTML, like Gecko; compatible; GPTBot/1.4; +https://openai.com/gptbot)"
74.7.242.37 - - [12/Jun/2026:06:14:09 -0600] "GET /index.php?path=//proc/self/root/var/softaculous/moodle42/images HTTP/1.1" 200 3162 "https://sportmaster.mx/index.php?path=//proc/self/root/var/softaculous/moodle42" "Mozilla/5.0 AppleWebKit/537.36 (KHTML, like Gecko; compatible; GPTBot/1.4; +https://openai.com/gptbot)"
36.72.203.67 - - [12/Jun/2026:06:14:09 -0600] "POST /cdn-cgi/rum? HTTP/1.1" 200 5149 "https://sportmaster.mx/contactanos/" "Mozilla/5.0 (Linux; Android 10; K) AppleWebKit/537.36 (KHTML, like Gecko) Chrome/149.0.0.0 Mobile Safari/537.36"
74.7.242.37 - - [12/Jun/2026:06:14:09 -0600] "GET /index.php?path=//proc/self/root/var/softaculous/joomla16/languages HTTP/1.1" 200 2787 "https://sportmaster.mx/index.php?path=//proc/self/root/var/softaculous/joomla16" "Mozilla/5.0 AppleWebKit/537.36 (KHTML, like Gecko; compatible; GPTBot/1.4; +https://openai.com/gptbot)"
74.7.242.37 - - [12/Jun/2026:06:14:10 -0600] "GET /index.php?path=//proc/self/root/var/softaculous/drupal89/images HTTP/1.1" 200 3162 "https://sportmaster.mx/index.php?path=//proc/self/root/var/softaculous/drupal89" "Mozilla/5.0 AppleWebKit/537.36 (KHTML, like Gecko; compatible; GPTBot/1.4; +https://openai.com/gptbot)"
74.7.242.37 - - [12/Jun/2026:06:14:11 -0600] "GET /index.php?path=//proc/self/root/var/softaculous/moodle28/images HTTP/1.1" 200 3168 "https://sportmaster.mx/index.php?path=//proc/self/root/var/softaculous/moodle28" "Mozilla/5.0 AppleWebKit/537.36 (KHTML, like Gecko; compatible; GPTBot/1.4; +https://openai.com/gptbot)"
74.7.242.37 - - [12/Jun/2026:06:14:11 -0600] "GET /index.php?path=//proc/self/root/var/softaculous/moodle20/images HTTP/1.1" 200 3166 "https://sportmaster.mx/index.php?path=//proc/self/root/var/softaculous/moodle20" "Mozilla/5.0 AppleWebKit/537.36 (KHTML, like Gecko; compatible; GPTBot/1.4; +https://openai.com/gptbot)"
74.7.242.37 - - [12/Jun/2026:06:14:12 -0600] "GET /index.php?path=//proc/self/root/var/softaculous/drupal10/images HTTP/1.1" 200 3162 "https://sportmaster.mx/index.php?path=//proc/self/root/var/softaculous/drupal10" "Mozilla/5.0 AppleWebKit/537.36 (KHTML, like Gecko; compatible; GPTBot/1.4; +https://openai.com/gptbot)"
74.7.242.37 - - [12/Jun/2026:06:14:12 -0600] "GET /index.php?path=//proc/self/root/var/softaculous/moodle28/languages HTTP/1.1" 200 2787 "https://sportmaster.mx/index.php?path=//proc/self/root/var/softaculous/moodle28" "Mozilla/5.0 AppleWebKit/537.36 (KHTML, like Gecko; compatible; GPTBot/1.4; +https://openai.com/gptbot)"
114.79.55.106 - - [12/Jun/2026:06:14:12 -0600] "GET /wp-content/plugins/content-views-query-and-display-post-page/public/assets/css/cv.css?ver=4.3 HTTP/1.1" 200 13295 "-" "Mozilla/5.0 (Linux; Android 10; K) AppleWebKit/537.36 (KHTML, like Gecko) Chrome/149.0.0.0 Mobile Safari/537.36"
114.79.55.106 - - [12/Jun/2026:06:14:12 -0600] "GET /wp-content/plugins/pt-content-views-pro-mp5.3.4.3/public/assets/css/cvpro.min.css?ver=5.3.4.3 HTTP/1.1" 200 20533 "-" "Mozilla/5.0 (Linux; Android 10; K) AppleWebKit/537.36 (KHTML, like Gecko) Chrome/149.0.0.0 Mobile Safari/537.36"
114.79.55.106 - - [12/Jun/2026:06:14:12 -0600] "GET /contactanos/ HTTP/1.1" 200 57780 "https://www.google.com/" "Mozilla/5.0 (Linux; Android 10; K) AppleWebKit/537.36 (KHTML, like Gecko) Chrome/149.0.0.0 Mobile Safari/537.36"
74.7.242.37 - - [12/Jun/2026:06:14:13 -0600] "GET /index.php?path=//proc/self/root/var/softaculous/moodle27/images HTTP/1.1" 200 3167 "https://sportmaster.mx/index.php?path=//proc/self/root/var/softaculous/moodle27" "Mozilla/5.0 AppleWebKit/537.36 (KHTML, like Gecko; compatible; GPTBot/1.4; +https://openai.com/gptbot)"
114.79.55.106 - - [12/Jun/2026:06:14:13 -0600] "GET /8o_WIVtDvvijSGt_4XpcywCOztnADo8ivKHfgpWNDi_q96nSoMpDkRYtqO4c_uYFgYhQ86ozhJ7hkU45D_YVaBeozX9g-mPY_bscwnM3d1EV4ofWVKigSaQ4beEfoP9_NlDCyGPSbLWu3LwdjI2ktHiPr4CkuDCY1ioBl0cVR2Jz_l-W0yuMjfoAEjuyJiQFU9a3GuUIl7nxQawaBkB6N6TrCzJIY2oLtusFyYXl-7XECa85uRABXBIp83ME2FjYbC6iKMll8vYiWXiIdAJmFwDF1cfuHAy3dVE2-w_lJj9CHfYBADemq073roR10VZjKkh7lL0dmwKqmfpXRlY4Nph2gzeReQ38KOsH8tzEqAdBT8JScwo8pRZsQzdqcyj7WGyOjICSlzkjfeEOKJ_QpassNPdJCmncVNc7eIOBJizGrL9m4ZAWjons-IlEnziCLyLYrAjzqA HTTP/1.1" 403 5149 "https://sportmaster.mx/contactanos/" "Mozilla/5.0 (Linux; Android 10; K) AppleWebKit/537.36 (KHTML, like Gecko) Chrome/149.0.0.0 Mobile Safari/537.36"
74.7.242.37 - - [12/Jun/2026:06:14:13 -0600] "GET /index.php?path=//proc/self/root/var/softaculous/joomla54/languages HTTP/1.1" 200 4488 "https://sportmaster.mx/index.php?path=//proc/self/root/var/softaculous/joomla54" "Mozilla/5.0 AppleWebKit/537.36 (KHTML, like Gecko; compatible; GPTBot/1.4; +https://openai.com/gptbot)"
74.7.242.37 - - [12/Jun/2026:06:14:14 -0600] "GET /index.php?path=//proc/self/root/var/softaculous/moodle45/images HTTP/1.1" 200 3165 "https://sportmaster.mx/index.php?path=//proc/self/root/var/softaculous/moodle45" "Mozilla/5.0 AppleWebKit/537.36 (KHTML, like Gecko; compatible; GPTBot/1.4; +https://openai.com/gptbot)"
74.7.242.37 - - [12/Jun/2026:06:14:14 -0600] "GET /index.php?path=//proc/self/root/var/softaculous/moodle30/languages HTTP/1.1" 200 2785 "https://sportmaster.mx/index.php?path=//proc/self/root/var/softaculous/moodle30" "Mozilla/5.0 AppleWebKit/537.36 (KHTML, like Gecko; compatible; GPTBot/1.4; +https://openai.com/gptbot)"
74.7.242.37 - - [12/Jun/2026:06:14:15 -0600] "GET /index.php?path=//proc/self/root/var/softaculous/moodle29/languages HTTP/1.1" 200 2787 "https://sportmaster.mx/index.php?path=//proc/self/root/var/softaculous/moodle29" "Mozilla/5.0 AppleWebKit/537.36 (KHTML, like Gecko; compatible; GPTBot/1.4; +https://openai.com/gptbot)"
74.7.242.37 - - [12/Jun/2026:06:14:15 -0600] "GET /index.php?path=//proc/self/root/var/softaculous/goffice62/images HTTP/1.1" 200 3177 "https://sportmaster.mx/index.php?path=//proc/self/root/var/softaculous/goffice62" "Mozilla/5.0 AppleWebKit/537.36 (KHTML, like Gecko; compatible; GPTBot/1.4; +https://openai.com/gptbot)"
66.249.64.110 - - [12/Jun/2026:06:14:15 -0600] "GET /tipos-de-canchas/tochito-bandera/?viewfile=/home/sportmx/public_html/pasto-sintetico-fibrilado-choice-30-800.pdf&path=/home/sportmx/public_html HTTP/1.1" 200 2809624 "-" "Mozilla/5.0 (Linux; Android 6.0.1; Nexus 5X Build/MMB29P) AppleWebKit/537.36 (KHTML, like Gecko) Chrome/148.0.7778.96 Mobile Safari/537.36 (compatible; GoogleOther)"
74.7.242.37 - - [12/Jun/2026:06:14:16 -0600] "GET /index.php?path=//proc/self/root/etc/alternatives/jre_11_openjdk/bin HTTP/1.1" 200 3452 "https://sportmaster.mx/index.php?path=//proc/self/root/etc/alternatives/jre_11_openjdk" "Mozilla/5.0 AppleWebKit/537.36 (KHTML, like Gecko; compatible; GPTBot/1.4; +https://openai.com/gptbot)"
66.249.64.110 - - [12/Jun/2026:06:14:16 -0600] "GET /bancas-para-jugadores-de-futbol-confort-y-proteccion-sportmaster/?path=/home/sportmx/.cpaddons HTTP/1.1" 200 3053 "-" "Mozilla/5.0 (Linux; Android 6.0.1; Nexus 5X Build/MMB29P) AppleWebKit/537.36 (KHTML, like Gecko) Chrome/148.0.7778.96 Mobile Safari/537.36 (compatible; GoogleOther)"
74.7.242.37 - - [12/Jun/2026:06:14:16 -0600] "GET /index.php?path=//proc/self/root/var/softaculous/moodle50/languages HTTP/1.1" 200 2786 "https://sportmaster.mx/index.php?path=//proc/self/root/var/softaculous/moodle50" "Mozilla/5.0 AppleWebKit/537.36 (KHTML, like Gecko; compatible; GPTBot/1.4; +https://openai.com/gptbot)"
74.7.242.37 - - [12/Jun/2026:06:14:17 -0600] "GET /index.php?path=//proc/self/root/var/softaculous/moodle39/languages HTTP/1.1" 200 2786 "https://sportmaster.mx/index.php?path=//proc/self/root/var/softaculous/moodle39" "Mozilla/5.0 AppleWebKit/537.36 (KHTML, like Gecko; compatible; GPTBot/1.4; +https://openai.com/gptbot)"
74.7.242.37 - - [12/Jun/2026:06:14:17 -0600] "GET /index.php?path=//proc/self/root/var/softaculous/joomla54/images HTTP/1.1" 200 3166 "https://sportmaster.mx/index.php?path=//proc/self/root/var/softaculous/joomla54" "Mozilla/5.0 AppleWebKit/537.36 (KHTML, like Gecko; compatible; GPTBot/1.4; +https://openai.com/gptbot)"
74.7.242.37 - - [12/Jun/2026:06:14:18 -0600] "GET /index.php?path=//proc/self/root/var/softaculous/moodle311/images HTTP/1.1" 200 3165 "https://sportmaster.mx/index.php?path=//proc/self/root/var/softaculous/moodle311" "Mozilla/5.0 AppleWebKit/537.36 (KHTML, like Gecko; compatible; GPTBot/1.4; +https://openai.com/gptbot)"
74.7.242.37 - - [12/Jun/2026:06:14:18 -0600] "GET /index.php?path=//proc/self/root/var/softaculous/joomla30/images HTTP/1.1" 200 3166 "https://sportmaster.mx/index.php?path=//proc/self/root/var/softaculous/joomla30" "Mozilla/5.0 AppleWebKit/537.36 (KHTML, like Gecko; compatible; GPTBot/1.4; +https://openai.com/gptbot)"
74.7.242.37 - - [12/Jun/2026:06:14:19 -0600] "GET /index.php?path=//proc/self/root/var/softaculous/goffice67/images HTTP/1.1" 200 3170 "https://sportmaster.mx/index.php?path=//proc/self/root/var/softaculous/goffice67" "Mozilla/5.0 AppleWebKit/537.36 (KHTML, like Gecko; compatible; GPTBot/1.4; +https://openai.com/gptbot)"
74.7.242.37 - - [12/Jun/2026:06:14:19 -0600] "GET /index.php?path=//proc/self/root/var/softaculous/moodle40/images HTTP/1.1" 200 3165 "https://sportmaster.mx/index.php?path=//proc/self/root/var/softaculous/moodle40" "Mozilla/5.0 AppleWebKit/537.36 (KHTML, like Gecko; compatible; GPTBot/1.4; +https://openai.com/gptbot)"
74.7.242.37 - - [12/Jun/2026:06:14:20 -0600] "GET /index.php?path=//proc/self/root/var/softaculous/vtiger72/upgrade HTTP/1.1" 200 2784 "https://sportmaster.mx/index.php?path=//proc/self/root/var/softaculous/vtiger72" "Mozilla/5.0 AppleWebKit/537.36 (KHTML, like Gecko; compatible; GPTBot/1.4; +https://openai.com/gptbot)"
74.7.242.37 - - [12/Jun/2026:06:14:20 -0600] "GET /index.php?path=//proc/self/root/var/softaculous/moodle311/languages HTTP/1.1" 200 2787 "https://sportmaster.mx/index.php?path=//proc/self/root/var/softaculous/moodle311" "Mozilla/5.0 AppleWebKit/537.36 (KHTML, like Gecko; compatible; GPTBot/1.4; +https://openai.com/gptbot)"
74.7.242.37 - - [12/Jun/2026:06:14:21 -0600] "GET /index.php?path=//proc/self/root/var/softaculous/moodle27/languages HTTP/1.1" 200 2787 "https://sportmaster.mx/index.php?path=//proc/self/root/var/softaculous/moodle27" "Mozilla/5.0 AppleWebKit/537.36 (KHTML, like Gecko; compatible; GPTBot/1.4; +https://openai.com/gptbot)"
74.7.242.37 - - [12/Jun/2026:06:14:21 -0600] "GET /index.php?path=//proc/self/root/var/softaculous/joomla16/images HTTP/1.1" 200 3182 "https://sportmaster.mx/index.php?path=//proc/self/root/var/softaculous/joomla16" "Mozilla/5.0 AppleWebKit/537.36 (KHTML, like Gecko; compatible; GPTBot/1.4; +https://openai.com/gptbot)"
74.7.242.37 - - [12/Jun/2026:06:14:22 -0600] "GET /index.php?path=//proc/self/root/var/softaculous/smf20/languages HTTP/1.1" 200 2784 "https://sportmaster.mx/index.php?path=//proc/self/root/var/softaculous/smf20" "Mozilla/5.0 AppleWebKit/537.36 (KHTML, like Gecko; compatible; GPTBot/1.4; +https://openai.com/gptbot)"
74.7.242.37 - - [12/Jun/2026:06:14:23 -0600] "GET /index.php?path=//proc/self/root/var/softaculous/moodle38/languages HTTP/1.1" 200 2786 "https://sportmaster.mx/index.php?path=//proc/self/root/var/softaculous/moodle38" "Mozilla/5.0 AppleWebKit/537.36 (KHTML, like Gecko; compatible; GPTBot/1.4; +https://openai.com/gptbot)"
190.113.190.202 - - [12/Jun/2026:06:14:23 -0600] "GET /wp-content/uploads/CANCHA-FUTBOL-7.jpeg HTTP/1.1" 200 118026 "https://www.bing.com/" "Mozilla/5.0 (Windows NT 10.0; Win64; x64) AppleWebKit/537.36 (KHTML, like Gecko) Chrome/149.0.0.0 Safari/537.36 Edg/149.0.0.0"
74.7.242.37 - - [12/Jun/2026:06:14:23 -0600] "GET /index.php?path=//proc/self/root/var/softaculous/moodle38/images HTTP/1.1" 200 3168 "https://sportmaster.mx/index.php?path=//proc/self/root/var/softaculous/moodle38" "Mozilla/5.0 AppleWebKit/537.36 (KHTML, like Gecko; compatible; GPTBot/1.4; +https://openai.com/gptbot)"
74.7.242.37 - - [12/Jun/2026:06:14:24 -0600] "GET /index.php?path=//proc/self/root/var/softaculous/moodle51/languages HTTP/1.1" 200 2787 "https://sportmaster.mx/index.php?path=//proc/self/root/var/softaculous/moodle51" "Mozilla/5.0 AppleWebKit/537.36 (KHTML, like Gecko; compatible; GPTBot/1.4; +https://openai.com/gptbot)"
74.7.242.37 - - [12/Jun/2026:06:14:24 -0600] "GET /index.php?path=//proc/self/root/var/softaculous/moodle41/images HTTP/1.1" 200 3162 "https://sportmaster.mx/index.php?path=//proc/self/root/var/softaculous/moodle41" "Mozilla/5.0 AppleWebKit/537.36 (KHTML, like Gecko; compatible; GPTBot/1.4; +https://openai.com/gptbot)"
74.7.242.37 - - [12/Jun/2026:06:14:25 -0600] "GET /index.php?path=//proc/self/root/var/softaculous/moodle43/images HTTP/1.1" 200 3163 "https://sportmaster.mx/index.php?path=//proc/self/root/var/softaculous/moodle43" "Mozilla/5.0 AppleWebKit/537.36 (KHTML, like Gecko; compatible; GPTBot/1.4; +https://openai.com/gptbot)"
74.7.242.37 - - [12/Jun/2026:06:14:25 -0600] "GET /index.php?path=//proc/self/root/var/softaculous/moodle29/images HTTP/1.1" 200 3167 "https://sportmaster.mx/index.php?path=//proc/self/root/var/softaculous/moodle29" "Mozilla/5.0 AppleWebKit/537.36 (KHTML, like Gecko; compatible; GPTBot/1.4; +https://openai.com/gptbot)"
74.7.242.37 - - [12/Jun/2026:06:14:26 -0600] "GET /index.php?path=//proc/self/root/var/softaculous/moodle42/languages HTTP/1.1" 200 2787 "https://sportmaster.mx/index.php?path=//proc/self/root/var/softaculous/moodle42" "Mozilla/5.0 AppleWebKit/537.36 (KHTML, like Gecko; compatible; GPTBot/1.4; +https://openai.com/gptbot)"
114.79.55.106 - - [12/Jun/2026:06:14:26 -0600] "GET /contactanos/ HTTP/1.1" 200 57780 "https://sportmaster.mx/contactanos/" "Mozilla/5.0 (Linux; Android 10; K) AppleWebKit/537.36 (KHTML, like Gecko) Chrome/149.0.0.0 Mobile Safari/537.36"
74.7.242.37 - - [12/Jun/2026:06:14:26 -0600] "GET /index.php?path=//proc/self/root/var/softaculous/moodle45/languages HTTP/1.1" 200 2787 "https://sportmaster.mx/index.php?path=//proc/self/root/var/softaculous/moodle45" "Mozilla/5.0 AppleWebKit/537.36 (KHTML, like Gecko; compatible; GPTBot/1.4; +https://openai.com/gptbot)"
74.7.242.37 - - [12/Jun/2026:06:14:27 -0600] "GET /index.php?path=//proc/self/root/var/softaculous/moodle51/images HTTP/1.1" 200 3165 "https://sportmaster.mx/index.php?path=//proc/self/root/var/softaculous/moodle51" "Mozilla/5.0 AppleWebKit/537.36 (KHTML, like Gecko; compatible; GPTBot/1.4; +https://openai.com/gptbot)"
114.79.55.106 - - [12/Jun/2026:06:14:27 -0600] "GET /8o_WIVtDvvijSGt_4XpcywCOztnADo8ivKHfgpWNDi_q96nSoMpDkRYtqO4c_uYFgYhQ86ozhJ7hkU45D_YVaBeozX9g-mPY_bscwnM3d1EV4ofWVKigSaQ4beEfoP9_NlDCyGPSbLWu3LwdjI2ktHiPr4CkuDCY1ioBl0cVR2Jz_l-W0yuMjfoAEjuyJiQFU9a3GuUIl7nxQawaBkB6N6TrCzJIY2oLtusFyYXl-7XECa85uRABXBIp83ME2FjYbC6iKMll8vYiWXiIdAJmFwDF1cfuHAy3dVE2-w_lJj9CHfYBADemq073roR10VZjKkh7lL0dmwKqmfpXRlY4Nph2gzeReQ38KOsH8tzEqAdBT8JScwo8pRZsQzdqcyj7WGyOjICSlzkjfeEOKJ_QpassNPdJCmncVNc7eIOBJizGrL9m4ZAWjons-IlEnziCLyLYrAjzqA HTTP/1.1" 403 5149 "https://sportmaster.mx/contactanos/" "Mozilla/5.0 (Linux; Android 10; K) AppleWebKit/537.36 (KHTML, like Gecko) Chrome/149.0.0.0 Mobile Safari/537.36"
74.7.242.37 - - [12/Jun/2026:06:14:27 -0600] "GET /index.php?path=//proc/self/root/var/softaculous/moodle39/images HTTP/1.1" 200 3167 "https://sportmaster.mx/index.php?path=//proc/self/root/var/softaculous/moodle39" "Mozilla/5.0 AppleWebKit/537.36 (KHTML, like Gecko; compatible; GPTBot/1.4; +https://openai.com/gptbot)"
74.7.242.37 - - [12/Jun/2026:06:14:28 -0600] "GET /index.php?path=//proc/self/root/etc/alternatives/jre_11_openjdk/lib HTTP/1.1" 200 5054 "https://sportmaster.mx/index.php?path=//proc/self/root/etc/alternatives/jre_11_openjdk" "Mozilla/5.0 AppleWebKit/537.36 (KHTML, like Gecko; compatible; GPTBot/1.4; +https://openai.com/gptbot)"
74.7.242.37 - - [12/Jun/2026:06:14:28 -0600] "GET /index.php?path=//proc/self/root/var/softaculous/moodle50/images HTTP/1.1" 200 3165 "https://sportmaster.mx/index.php?path=//proc/self/root/var/softaculous/moodle50" "Mozilla/5.0 AppleWebKit/537.36 (KHTML, like Gecko; compatible; GPTBot/1.4; +https://openai.com/gptbot)"
36.72.203.67 - - [12/Jun/2026:06:14:29 -0600] "POST /cdn-cgi/rum? HTTP/1.1" 200 5149 "https://sportmaster.mx/contactanos/" "Mozilla/5.0 (Linux; Android 10; K) AppleWebKit/537.36 (KHTML, like Gecko) Chrome/149.0.0.0 Mobile Safari/537.36"
74.7.242.37 - - [12/Jun/2026:06:14:29 -0600] "GET /index.php?path=//proc/self/root/var/softaculous/moodle30/images HTTP/1.1" 200 3166 "https://sportmaster.mx/index.php?path=//proc/self/root/var/softaculous/moodle30" "Mozilla/5.0 AppleWebKit/537.36 (KHTML, like Gecko; compatible; GPTBot/1.4; +https://openai.com/gptbot)"
74.7.242.37 - - [12/Jun/2026:06:14:29 -0600] "GET /index.php?path=//proc/self/root/var/softaculous/moodle40/languages HTTP/1.1" 200 2786 "https://sportmaster.mx/index.php?path=//proc/self/root/var/softaculous/moodle40" "Mozilla/5.0 AppleWebKit/537.36 (KHTML, like Gecko; compatible; GPTBot/1.4; +https://openai.com/gptbot)"
74.7.242.37 - - [12/Jun/2026:06:14:30 -0600] "GET /index.php?path=//proc/self/root/var/softaculous/vtiger72/images HTTP/1.1" 200 3166 "https://sportmaster.mx/index.php?path=//proc/self/root/var/softaculous/vtiger72" "Mozilla/5.0 AppleWebKit/537.36 (KHTML, like Gecko; compatible; GPTBot/1.4; +https://openai.com/gptbot)"
74.7.242.37 - - [12/Jun/2026:06:14:31 -0600] "GET /index.php?path=//proc/self/root/var/softaculous/moodle43/languages HTTP/1.1" 200 2786 "https://sportmaster.mx/index.php?path=//proc/self/root/var/softaculous/moodle43" "Mozilla/5.0 AppleWebKit/537.36 (KHTML, like Gecko; compatible; GPTBot/1.4; +https://openai.com/gptbot)"
74.7.242.37 - - [12/Jun/2026:06:14:31 -0600] "GET /index.php?path=//proc/self/root/var/softaculous/magento242/php82 HTTP/1.1" 200 3328 "https://sportmaster.mx/index.php?path=//proc/self/root/var/softaculous/magento242" "Mozilla/5.0 AppleWebKit/537.36 (KHTML, like Gecko; compatible; GPTBot/1.4; +https://openai.com/gptbot)"
74.7.242.37 - - [12/Jun/2026:06:14:32 -0600] "GET /index.php?path=//proc/self/root/usr/include/sepol HTTP/1.1" 200 4184 "https://sportmaster.mx/index.php?path=//proc/self/root/usr/include" "Mozilla/5.0 AppleWebKit/537.36 (KHTML, like Gecko; compatible; GPTBot/1.4; +https://openai.com/gptbot)"
74.7.242.37 - - [12/Jun/2026:06:14:32 -0600] "GET /index.php?path=//proc/self/root/etc/alternatives/jre_11_openjdk/legal/jdk.javadoc HTTP/1.1" 200 3461 "https://sportmaster.mx/index.php?path=//proc/self/root/etc/alternatives/jre_11_openjdk/legal" "Mozilla/5.0 AppleWebKit/537.36 (KHTML, like Gecko; compatible; GPTBot/1.4; +https://openai.com/gptbot)"
74.7.242.37 - - [12/Jun/2026:06:14:33 -0600] "GET /index.php?path=//proc/self/root/etc/alternatives/jre_11_openjdk/legal/jdk.zipfs HTTP/1.1" 200 3299 "https://sportmaster.mx/index.php?path=//proc/self/root/etc/alternatives/jre_11_openjdk/legal" "Mozilla/5.0 AppleWebKit/537.36 (KHTML, like Gecko; compatible; GPTBot/1.4; +https://openai.com/gptbot)"
74.7.242.37 - - [12/Jun/2026:06:14:33 -0600] "GET /index.php?path=//proc/self/root/etc/alternatives/jre_11_openjdk/legal/jdk.rmic HTTP/1.1" 200 3298 "https://sportmaster.mx/index.php?path=//proc/self/root/etc/alternatives/jre_11_openjdk/legal" "Mozilla/5.0 AppleWebKit/537.36 (KHTML, like Gecko; compatible; GPTBot/1.4; +https://openai.com/gptbot)"
74.7.242.37 - - [12/Jun/2026:06:14:34 -0600] "GET /index.php?path=//proc/self/root/etc/alternatives/jre_11_openjdk/lib/server HTTP/1.1" 200 3349 "https://sportmaster.mx/index.php?path=//proc/self/root/etc/alternatives/jre_11_openjdk/lib" "Mozilla/5.0 AppleWebKit/537.36 (KHTML, like Gecko; compatible; GPTBot/1.4; +https://openai.com/gptbot)"
74.7.242.37 - - [12/Jun/2026:06:14:34 -0600] "GET /index.php?path=//proc/self/root/etc/alternatives/jre_11_openjdk/lib/jli HTTP/1.1" 200 3172 "https://sportmaster.mx/index.php?path=//proc/self/root/etc/alternatives/jre_11_openjdk/lib" "Mozilla/5.0 AppleWebKit/537.36 (KHTML, like Gecko; compatible; GPTBot/1.4; +https://openai.com/gptbot)"
74.7.242.37 - - [12/Jun/2026:06:14:35 -0600] "GET /index.php?path=//proc/self/root/etc/alternatives/jre_11_openjdk/lib/jfr HTTP/1.1" 200 3219 "https://sportmaster.mx/index.php?path=//proc/self/root/etc/alternatives/jre_11_openjdk/lib" "Mozilla/5.0 AppleWebKit/537.36 (KHTML, like Gecko; compatible; GPTBot/1.4; +https://openai.com/gptbot)"
74.7.242.37 - - [12/Jun/2026:06:14:35 -0600] "GET /index.php?path=//proc/self/root/etc/alternatives/jre_11_openjdk/legal/jdk.jcmd HTTP/1.1" 200 3298 "https://sportmaster.mx/index.php?path=//proc/self/root/etc/alternatives/jre_11_openjdk/legal" "Mozilla/5.0 AppleWebKit/537.36 (KHTML, like Gecko; compatible; GPTBot/1.4; +https://openai.com/gptbot)"
216.73.216.104 - - [12/Jun/2026:06:14:35 -0600] "GET /sitemap_index.xml?path=%2F%2Flib&viewfile=%2F%2Flib%2Flibutil-2.17.so HTTP/1.1" 200 7303 "-" "Mozilla/5.0 AppleWebKit/537.36 (KHTML, like Gecko; compatible; ClaudeBot/1.0; +claudebot@anthropic.com)"
216.73.216.104 - - [12/Jun/2026:06:14:36 -0600] "GET /sitemap_index.xml?path=%2F%2Flib&viewfile=%2F%2Flib%2Flibnss_db.so.2 HTTP/1.1" 200 13147 "-" "Mozilla/5.0 AppleWebKit/537.36 (KHTML, like Gecko; compatible; ClaudeBot/1.0; +claudebot@anthropic.com)"
216.73.216.104 - - [12/Jun/2026:06:14:36 -0600] "GET /sitemap.xml?path=%2Fhome%2Fsportmx%2Fpublic_html&viewfile=%2Fhome%2Fsportmx%2Fpublic_html%2Fwp-comments-post.php HTTP/1.1" 200 3994 "-" "Mozilla/5.0 AppleWebKit/537.36 (KHTML, like Gecko; compatible; ClaudeBot/1.0; +claudebot@anthropic.com)"
216.73.216.104 - - [12/Jun/2026:06:14:36 -0600] "GET /sitemap_index.xml?path=%2F%2Flib&viewfile=%2F%2Flib%2Flibnss_compat.so.2 HTTP/1.1" 200 18603 "-" "Mozilla/5.0 AppleWebKit/537.36 (KHTML, like Gecko; compatible; ClaudeBot/1.0; +claudebot@anthropic.com)"
74.7.242.37 - - [12/Jun/2026:06:14:36 -0600] "GET /index.php?path=//proc/self/root/etc/alternatives/jre_11/legal/jdk.security.auth HTTP/1.1" 200 3300 "https://sportmaster.mx/index.php?path=//proc/self/root/etc/alternatives/jre_11/legal" "Mozilla/5.0 AppleWebKit/537.36 (KHTML, like Gecko; compatible; GPTBot/1.4; +https://openai.com/gptbot)"
216.73.216.104 - - [12/Jun/2026:06:14:36 -0600] "GET /sitemap_index.xml?path=%2F%2Flib&viewfile=%2F%2Flib%2Fld-2.17.so HTTP/1.1" 200 73385 "-" "Mozilla/5.0 AppleWebKit/537.36 (KHTML, like Gecko; compatible; ClaudeBot/1.0; +claudebot@anthropic.com)"
216.73.216.104 - - [12/Jun/2026:06:14:36 -0600] "GET /sitemap_index.xml?path=%2F%2Flib&viewfile=%2F%2Flib%2Flibdb-5.so HTTP/1.1" 200 750557 "-" "Mozilla/5.0 AppleWebKit/537.36 (KHTML, like Gecko; compatible; ClaudeBot/1.0; +claudebot@anthropic.com)"
216.73.216.104 - - [12/Jun/2026:06:14:36 -0600] "GET /sitemap_index.xml?path=%2F%2Flib&viewfile=%2F%2Flib%2Flibc.so.6 HTTP/1.1" 200 766476 "-" "Mozilla/5.0 AppleWebKit/537.36 (KHTML, like Gecko; compatible; ClaudeBot/1.0; +claudebot@anthropic.com)"
216.73.216.104 - - [12/Jun/2026:06:14:36 -0600] "GET /sitemap_index.xml?path=%2F%2Flib&viewfile=%2F%2Flib%2Flibdb-5.3.so HTTP/1.1" 200 750559 "-" "Mozilla/5.0 AppleWebKit/537.36 (KHTML, like Gecko; compatible; ClaudeBot/1.0; +claudebot@anthropic.com)"
74.7.242.37 - - [12/Jun/2026:06:14:36 -0600] "GET /index.php?path=//proc/self/root/etc/alternatives/jre_11/legal/jdk.naming.dns HTTP/1.1" 200 3297 "https://sportmaster.mx/index.php?path=//proc/self/root/etc/alternatives/jre_11/legal" "Mozilla/5.0 AppleWebKit/537.36 (KHTML, like Gecko; compatible; GPTBot/1.4; +https://openai.com/gptbot)"
74.7.242.37 - - [12/Jun/2026:06:14:37 -0600] "GET /index.php?path=//proc/self/root/etc/alternatives/jre_11_openjdk/legal/java.rmi HTTP/1.1" 200 3299 "https://sportmaster.mx/index.php?path=//proc/self/root/etc/alternatives/jre_11_openjdk/legal" "Mozilla/5.0 AppleWebKit/537.36 (KHTML, like Gecko; compatible; GPTBot/1.4; +https://openai.com/gptbot)"
114.79.55.106 - - [12/Jun/2026:06:14:37 -0600] "POST /cdn-cgi/rum? HTTP/1.1" 200 5149 "https://sportmaster.mx/contactanos/" "Mozilla/5.0 (Linux; Android 10; K) AppleWebKit/537.36 (KHTML, like Gecko) Chrome/149.0.0.0 Mobile Safari/537.36"
74.7.242.37 - - [12/Jun/2026:06:14:37 -0600] "GET /index.php?path=//proc/self/root/usr/include/sepol/policydb HTTP/1.1" 200 3883 "https://sportmaster.mx/index.php?path=//proc/self/root/usr/include/sepol" "Mozilla/5.0 AppleWebKit/537.36 (KHTML, like Gecko; compatible; GPTBot/1.4; +https://openai.com/gptbot)"
74.7.242.37 - - [12/Jun/2026:06:14:38 -0600] "GET /index.php?path=//proc/self/root/usr/include/sepol/cil HTTP/1.1" 200 3142 "https://sportmaster.mx/index.php?path=//proc/self/root/usr/include/sepol" "Mozilla/5.0 AppleWebKit/537.36 (KHTML, like Gecko; compatible; GPTBot/1.4; +https://openai.com/gptbot)"
74.7.242.37 - - [12/Jun/2026:06:14:39 -0600] "GET /index.php?path=//proc/self/root/etc/alternatives/jre_11/legal/jdk.naming.ldap HTTP/1.1" 200 3299 "https://sportmaster.mx/index.php?path=//proc/self/root/etc/alternatives/jre_11/legal" "Mozilla/5.0 AppleWebKit/537.36 (KHTML, like Gecko; compatible; GPTBot/1.4; +https://openai.com/gptbot)"
74.7.242.37 - - [12/Jun/2026:06:14:39 -0600] "GET /index.php?path=//proc/self/root/etc/alternatives/jre_11/legal/jdk.security.jgss HTTP/1.1" 200 3301 "https://sportmaster.mx/index.php?path=//proc/self/root/etc/alternatives/jre_11/legal" "Mozilla/5.0 AppleWebKit/537.36 (KHTML, like Gecko; compatible; GPTBot/1.4; +https://openai.com/gptbot)"
74.7.242.37 - - [12/Jun/2026:06:14:40 -0600] "GET /index.php?path=//proc/self/root/etc/alternatives/jre_11/legal/jdk.naming.rmi HTTP/1.1" 200 3297 "https://sportmaster.mx/index.php?path=//proc/self/root/etc/alternatives/jre_11/legal" "Mozilla/5.0 AppleWebKit/537.36 (KHTML, like Gecko; compatible; GPTBot/1.4; +https://openai.com/gptbot)"
74.7.242.37 - - [12/Jun/2026:06:14:40 -0600] "GET /index.php?path=//proc/self/root/etc/alternatives/jre_11_openjdk/legal/java.sql HTTP/1.1" 200 3299 "https://sportmaster.mx/index.php?path=//proc/self/root/etc/alternatives/jre_11_openjdk/legal" "Mozilla/5.0 AppleWebKit/537.36 (KHTML, like Gecko; compatible; GPTBot/1.4; +https://openai.com/gptbot)"
74.7.242.37 - - [12/Jun/2026:06:14:41 -0600] "GET /index.php?path=//proc/self/root/var/softaculous/mw14 HTTP/1.1" 200 4076 "https://sportmaster.mx/index.php?path=//proc/self/root/var/softaculous" "Mozilla/5.0 AppleWebKit/537.36 (KHTML, like Gecko; compatible; GPTBot/1.4; +https://openai.com/gptbot)"
74.7.242.37 - - [12/Jun/2026:06:14:41 -0600] "GET /index.php?path=//proc/self/root/etc/alternatives/jre_11_openjdk/legal/jdk.jcmd&viewfile=//proc/self/root/etc/alternatives/jre_11_openjdk/legal/jdk.jcmd/ASSEMBLY_EXCEPTION HTTP/1.1" 200 3738 "https://sportmaster.mx/index.php?path=//proc/self/root/etc/alternatives/jre_11_openjdk/legal/jdk.jcmd" "Mozilla/5.0 AppleWebKit/537.36 (KHTML, like Gecko; compatible; GPTBot/1.4; +https://openai.com/gptbot)"
74.7.242.37 - - [12/Jun/2026:06:14:42 -0600] "GET /index.php?path=//proc/self/root/var/softaculous/mw19 HTTP/1.1" 200 4080 "https://sportmaster.mx/index.php?path=//proc/self/root/var/softaculous" "Mozilla/5.0 AppleWebKit/537.36 (KHTML, like Gecko; compatible; GPTBot/1.4; +https://openai.com/gptbot)"
74.7.242.37 - - [12/Jun/2026:06:14:42 -0600] "GET /index.php?path=//proc/self/root/var/softaculous/mw35 HTTP/1.1" 200 4068 "https://sportmaster.mx/index.php?path=//proc/self/root/var/softaculous" "Mozilla/5.0 AppleWebKit/537.36 (KHTML, like Gecko; compatible; GPTBot/1.4; +https://openai.com/gptbot)"
74.7.242.37 - - [12/Jun/2026:06:14:43 -0600] "GET /index.php?path=//proc/self/root/var/softaculous/mw28 HTTP/1.1" 200 4081 "https://sportmaster.mx/index.php?path=//proc/self/root/var/softaculous" "Mozilla/5.0 AppleWebKit/537.36 (KHTML, like Gecko; compatible; GPTBot/1.4; +https://openai.com/gptbot)"
74.7.242.37 - - [12/Jun/2026:06:14:43 -0600] "GET /index.php?path=//proc/self/root/usr/include/bind9 HTTP/1.1" 200 3566 "https://sportmaster.mx/index.php?path=//proc/self/root/usr/include" "Mozilla/5.0 AppleWebKit/537.36 (KHTML, like Gecko; compatible; GPTBot/1.4; +https://openai.com/gptbot)"
74.7.242.37 - - [12/Jun/2026:06:14:44 -0600] "GET /index.php?path=//proc/self/root/usr/include/krb5 HTTP/1.1" 200 3603 "https://sportmaster.mx/index.php?path=//proc/self/root/usr/include" "Mozilla/5.0 AppleWebKit/537.36 (KHTML, like Gecko; compatible; GPTBot/1.4; +https://openai.com/gptbot)"
74.7.242.37 - - [12/Jun/2026:06:14:44 -0600] "GET /index.php?path=//proc/self/root/var/softaculous/magento18/php53 HTTP/1.1" 200 3325 "https://sportmaster.mx/index.php?path=//proc/self/root/var/softaculous/magento18" "Mozilla/5.0 AppleWebKit/537.36 (KHTML, like Gecko; compatible; GPTBot/1.4; +https://openai.com/gptbot)"
74.7.242.37 - - [12/Jun/2026:06:14:45 -0600] "GET /index.php?path=//proc/self/root/var/softaculous/symfony24/php53 HTTP/1.1" 200 3157 "https://sportmaster.mx/index.php?path=//proc/self/root/var/softaculous/symfony24" "Mozilla/5.0 AppleWebKit/537.36 (KHTML, like Gecko; compatible; GPTBot/1.4; +https://openai.com/gptbot)"
74.7.242.37 - - [12/Jun/2026:06:14:45 -0600] "GET /index.php?path=//proc/self/root/var/softaculous/symfony24/php56 HTTP/1.1" 200 3156 "https://sportmaster.mx/index.php?path=//proc/self/root/var/softaculous/symfony24" "Mozilla/5.0 AppleWebKit/537.36 (KHTML, like Gecko; compatible; GPTBot/1.4; +https://openai.com/gptbot)"
74.7.242.37 - - [12/Jun/2026:06:14:46 -0600] "GET /index.php?path=//proc/self/root/var/softaculous/symfony24/php82 HTTP/1.1" 200 3158 "https://sportmaster.mx/index.php?path=//proc/self/root/var/softaculous/symfony24" "Mozilla/5.0 AppleWebKit/537.36 (KHTML, like Gecko; compatible; GPTBot/1.4; +https://openai.com/gptbot)"
74.7.242.37 - - [12/Jun/2026:06:14:47 -0600] "GET /index.php?path=//proc/self/root/var/softaculous/mw14/php82 HTTP/1.1" 200 3317 "https://sportmaster.mx/index.php?path=//proc/self/root/var/softaculous/mw14" "Mozilla/5.0 AppleWebKit/537.36 (KHTML, like Gecko; compatible; GPTBot/1.4; +https://openai.com/gptbot)"
74.7.242.37 - - [12/Jun/2026:06:14:47 -0600] "GET /index.php?path=//proc/self/root/var/softaculous/mw14/php56 HTTP/1.1" 200 3317 "https://sportmaster.mx/index.php?path=//proc/self/root/var/softaculous/mw14" "Mozilla/5.0 AppleWebKit/537.36 (KHTML, like Gecko; compatible; GPTBot/1.4; +https://openai.com/gptbot)"
74.7.242.37 - - [12/Jun/2026:06:14:48 -0600] "GET /index.php?path=//proc/self/root/var/softaculous/mw19/php82 HTTP/1.1" 200 3316 "https://sportmaster.mx/index.php?path=//proc/self/root/var/softaculous/mw19" "Mozilla/5.0 AppleWebKit/537.36 (KHTML, like Gecko; compatible; GPTBot/1.4; +https://openai.com/gptbot)"
74.7.242.37 - - [12/Jun/2026:06:14:48 -0600] "GET /index.php?path=//proc/self/root/var/softaculous/mw19/php56 HTTP/1.1" 200 3319 "https://sportmaster.mx/index.php?path=//proc/self/root/var/softaculous/mw19" "Mozilla/5.0 AppleWebKit/537.36 (KHTML, like Gecko; compatible; GPTBot/1.4; +https://openai.com/gptbot)"
74.7.242.37 - - [12/Jun/2026:06:14:49 -0600] "GET /index.php?path=//proc/self/root/var/softaculous/mw28/php56 HTTP/1.1" 200 3357 "https://sportmaster.mx/index.php?path=//proc/self/root/var/softaculous/mw28" "Mozilla/5.0 AppleWebKit/537.36 (KHTML, like Gecko; compatible; GPTBot/1.4; +https://openai.com/gptbot)"
74.7.242.37 - - [12/Jun/2026:06:14:49 -0600] "GET /index.php?path=//proc/self/root/usr/include/bind9/isccc HTTP/1.1" 200 3596 "https://sportmaster.mx/index.php?path=//proc/self/root/usr/include/bind9" "Mozilla/5.0 AppleWebKit/537.36 (KHTML, like Gecko; compatible; GPTBot/1.4; +https://openai.com/gptbot)"
74.7.242.37 - - [12/Jun/2026:06:14:50 -0600] "GET /index.php?path=//proc/self/root/usr/include/bind9/lwres HTTP/1.1" 200 3672 "https://sportmaster.mx/index.php?path=//proc/self/root/usr/include/bind9" "Mozilla/5.0 AppleWebKit/537.36 (KHTML, like Gecko; compatible; GPTBot/1.4; +https://openai.com/gptbot)"
74.7.242.37 - - [12/Jun/2026:06:14:50 -0600] "GET /index.php?path=//proc/self/root/usr/include/bind9/isccfg HTTP/1.1" 200 3393 "https://sportmaster.mx/index.php?path=//proc/self/root/usr/include/bind9" "Mozilla/5.0 AppleWebKit/537.36 (KHTML, like Gecko; compatible; GPTBot/1.4; +https://openai.com/gptbot)"
74.7.242.37 - - [12/Jun/2026:06:14:51 -0600] "GET /index.php?path=//proc/self/root/usr/include/bind9/isc HTTP/1.1" 200 6536 "https://sportmaster.mx/index.php?path=//proc/self/root/usr/include/bind9" "Mozilla/5.0 AppleWebKit/537.36 (KHTML, like Gecko; compatible; GPTBot/1.4; +https://openai.com/gptbot)"
74.7.242.37 - - [12/Jun/2026:06:14:51 -0600] "GET /index.php?path=//proc/self/root/usr/include/bind9/dns HTTP/1.1" 200 6271 "https://sportmaster.mx/index.php?path=//proc/self/root/usr/include/bind9" "Mozilla/5.0 AppleWebKit/537.36 (KHTML, like Gecko; compatible; GPTBot/1.4; +https://openai.com/gptbot)"
74.7.242.37 - - [12/Jun/2026:06:14:52 -0600] "GET /index.php?path=//proc/self/root/usr/include/bind9/dst HTTP/1.1" 200 3269 "https://sportmaster.mx/index.php?path=//proc/self/root/usr/include/bind9" "Mozilla/5.0 AppleWebKit/537.36 (KHTML, like Gecko; compatible; GPTBot/1.4; +https://openai.com/gptbot)"
74.7.242.37 - - [12/Jun/2026:06:14:52 -0600] "GET /index.php?path=//proc/self/root/usr/include/bind9/irs HTTP/1.1" 200 3388 "https://sportmaster.mx/index.php?path=//proc/self/root/usr/include/bind9" "Mozilla/5.0 AppleWebKit/537.36 (KHTML, like Gecko; compatible; GPTBot/1.4; +https://openai.com/gptbot)"
74.7.242.37 - - [12/Jun/2026:06:14:53 -0600] "GET /index.php?path=//proc/self/root/var/softaculous/mw28/php53 HTTP/1.1" 200 3356 "https://sportmaster.mx/index.php?path=//proc/self/root/var/softaculous/mw28" "Mozilla/5.0 AppleWebKit/537.36 (KHTML, like Gecko; compatible; GPTBot/1.4; +https://openai.com/gptbot)"
74.7.242.37 - - [12/Jun/2026:06:14:53 -0600] "GET /index.php?path=//proc/self/root/var/softaculous/mw28/php71 HTTP/1.1" 200 3356 "https://sportmaster.mx/index.php?path=//proc/self/root/var/softaculous/mw28" "Mozilla/5.0 AppleWebKit/537.36 (KHTML, like Gecko; compatible; GPTBot/1.4; +https://openai.com/gptbot)"
74.7.242.37 - - [12/Jun/2026:06:14:54 -0600] "GET /index.php?path=//proc/self/root/var/softaculous/mw14/php53 HTTP/1.1" 200 3317 "https://sportmaster.mx/index.php?path=//proc/self/root/var/softaculous/mw14" "Mozilla/5.0 AppleWebKit/537.36 (KHTML, like Gecko; compatible; GPTBot/1.4; +https://openai.com/gptbot)"
216.73.216.104 - - [12/Jun/2026:06:14:54 -0600] "GET /sitemap_index.xml?path=%2F%2Flib&viewfile=%2F%2Flib%2Flibrt.so.1 HTTP/1.1" 200 17565 "-" "Mozilla/5.0 AppleWebKit/537.36 (KHTML, like Gecko; compatible; ClaudeBot/1.0; +claudebot@anthropic.com)"
216.73.216.104 - - [12/Jun/2026:06:14:54 -0600] "GET /sitemap_index.xml?path=%2F%2Flib&viewfile=%2F%2Flib%2Flibdw.so.1 HTTP/1.1" 200 167703 "-" "Mozilla/5.0 AppleWebKit/537.36 (KHTML, like Gecko; compatible; ClaudeBot/1.0; +claudebot@anthropic.com)"
74.7.242.37 - - [12/Jun/2026:06:14:54 -0600] "GET /index.php?path=//proc/self/root/var/softaculous/mw35/php81 HTTP/1.1" 200 3310 "https://sportmaster.mx/index.php?path=//proc/self/root/var/softaculous/mw35" "Mozilla/5.0 AppleWebKit/537.36 (KHTML, like Gecko; compatible; GPTBot/1.4; +https://openai.com/gptbot)"
216.73.216.104 - - [12/Jun/2026:06:14:55 -0600] "GET /sitemap_index.xml?path=%2F%2Flib&viewfile=%2F%2Flib%2Flibattr.so.1 HTTP/1.1" 200 10471 "-" "Mozilla/5.0 AppleWebKit/537.36 (KHTML, like Gecko; compatible; ClaudeBot/1.0; +claudebot@anthropic.com)"
216.73.216.104 - - [12/Jun/2026:06:14:55 -0600] "GET /sitemap.xml?path=%2Fhome%2Fsportmx%2Fpublic_html&viewfile=%2Fhome%2Fsportmx%2Fpublic_html%2Fxmlrpc.php HTTP/1.1" 200 4352 "-" "Mozilla/5.0 AppleWebKit/537.36 (KHTML, like Gecko; compatible; ClaudeBot/1.0; +claudebot@anthropic.com)"
74.7.242.37 - - [12/Jun/2026:06:14:55 -0600] "GET /index.php?path=//proc/self/root/var/softaculous/mw35/php71 HTTP/1.1" 200 3317 "https://sportmaster.mx/index.php?path=//proc/self/root/var/softaculous/mw35" "Mozilla/5.0 AppleWebKit/537.36 (KHTML, like Gecko; compatible; GPTBot/1.4; +https://openai.com/gptbot)"
216.73.216.104 - - [12/Jun/2026:06:14:55 -0600] "GET /sitemap_index.xml?path=%2F%2Flib&viewfile=%2F%2Flib%2Flibpcprofile.so HTTP/1.1" 200 5382 "-" "Mozilla/5.0 AppleWebKit/537.36 (KHTML, like Gecko; compatible; ClaudeBot/1.0; +claudebot@anthropic.com)"
216.73.216.104 - - [12/Jun/2026:06:14:55 -0600] "GET /sitemap_index.xml?path=%2F%2Flib&viewfile=%2F%2Flib%2Flibsystemd-login.so.0 HTTP/1.1" 200 29916 "-" "Mozilla/5.0 AppleWebKit/537.36 (KHTML, like Gecko; compatible; ClaudeBot/1.0; +claudebot@anthropic.com)"
216.73.216.104 - - [12/Jun/2026:06:14:55 -0600] "GET /sitemap_index.xml?path=%2F%2Flib&viewfile=%2F%2Flib%2Flibm.so.6 HTTP/1.1" 200 116658 "-" "Mozilla/5.0 AppleWebKit/537.36 (KHTML, like Gecko; compatible; ClaudeBot/1.0; +claudebot@anthropic.com)"
216.73.216.104 - - [12/Jun/2026:06:14:55 -0600] "GET /sitemap_index.xml?path=%2F%2Flib&viewfile=%2F%2Flib%2Flibaudit.so.1 HTTP/1.1" 200 42262 "-" "Mozilla/5.0 AppleWebKit/537.36 (KHTML, like Gecko; compatible; ClaudeBot/1.0; +claudebot@anthropic.com)"
74.7.242.37 - - [12/Jun/2026:06:14:55 -0600] "GET /index.php?path=//proc/self/root/var/softaculous/mw35/php82 HTTP/1.1" 200 3314 "https://sportmaster.mx/index.php?path=//proc/self/root/var/softaculous/mw35" "Mozilla/5.0 AppleWebKit/537.36 (KHTML, like Gecko; compatible; GPTBot/1.4; +https://openai.com/gptbot)"
74.7.242.37 - - [12/Jun/2026:06:14:56 -0600] "GET /index.php?path=//proc/self/root/var/softaculous/mw19/php53 HTTP/1.1" 200 3318 "https://sportmaster.mx/index.php?path=//proc/self/root/var/softaculous/mw19" "Mozilla/5.0 AppleWebKit/537.36 (KHTML, like Gecko; compatible; GPTBot/1.4; +https://openai.com/gptbot)"
74.7.242.37 - - [12/Jun/2026:06:14:56 -0600] "GET /index.php?path=//proc/self/root/usr/include/bind9/pk11 HTTP/1.1" 200 3145 "https://sportmaster.mx/index.php?path=//proc/self/root/usr/include/bind9" "Mozilla/5.0 AppleWebKit/537.36 (KHTML, like Gecko; compatible; GPTBot/1.4; +https://openai.com/gptbot)"
74.7.242.37 - - [12/Jun/2026:06:14:57 -0600] "GET /index.php?path=//proc/self/root/usr/include/bind9/bind9 HTTP/1.1" 200 3231 "https://sportmaster.mx/index.php?path=//proc/self/root/usr/include/bind9" "Mozilla/5.0 AppleWebKit/537.36 (KHTML, like Gecko; compatible; GPTBot/1.4; +https://openai.com/gptbot)"
74.7.242.37 - - [12/Jun/2026:06:14:58 -0600] "GET /index.php?path=//proc/self/root/var/softaculous/magento24/php71 HTTP/1.1" 200 3329 "https://sportmaster.mx/index.php?path=//proc/self/root/var/softaculous/magento24" "Mozilla/5.0 AppleWebKit/537.36 (KHTML, like Gecko; compatible; GPTBot/1.4; +https://openai.com/gptbot)"
74.7.242.37 - - [12/Jun/2026:06:14:58 -0600] "GET /index.php?path=//proc/self/root/var/softaculous/symfony24/php81 HTTP/1.1" 200 3158 "https://sportmaster.mx/index.php?path=//proc/self/root/var/softaculous/symfony24" "Mozilla/5.0 AppleWebKit/537.36 (KHTML, like Gecko; compatible; GPTBot/1.4; +https://openai.com/gptbot)"
74.7.242.37 - - [12/Jun/2026:06:14:59 -0600] "GET /index.php?path=//proc/self/root/var/softaculous/mw28/php53&viewfile=//proc/self/root/var/softaculous/mw28/php53/clone.php HTTP/1.1" 200 9726 "https://sportmaster.mx/index.php?path=//proc/self/root/var/softaculous/mw28/php53" "Mozilla/5.0 AppleWebKit/537.36 (KHTML, like Gecko; compatible; GPTBot/1.4; +https://openai.com/gptbot)"
74.7.242.37 - - [12/Jun/2026:06:14:59 -0600] "GET /index.php?path=//proc/self/root/var/softaculous/magento24/php56 HTTP/1.1" 200 3326 "https://sportmaster.mx/index.php?path=//proc/self/root/var/softaculous/magento24" "Mozilla/5.0 AppleWebKit/537.36 (KHTML, like Gecko; compatible; GPTBot/1.4; +https://openai.com/gptbot)"
74.7.242.37 - - [12/Jun/2026:06:15:00 -0600] "GET /index.php?path=//proc/self/root/var/softaculous/symfony24/php71 HTTP/1.1" 200 3157 "https://sportmaster.mx/index.php?path=//proc/self/root/var/softaculous/symfony24" "Mozilla/5.0 AppleWebKit/537.36 (KHTML, like Gecko; compatible; GPTBot/1.4; +https://openai.com/gptbot)"
74.7.242.37 - - [12/Jun/2026:06:15:00 -0600] "GET /index.php?path=//proc/self/root/var/softaculous/magento24/php81 HTTP/1.1" 200 3326 "https://sportmaster.mx/index.php?path=//proc/self/root/var/softaculous/magento24" "Mozilla/5.0 AppleWebKit/537.36 (KHTML, like Gecko; compatible; GPTBot/1.4; +https://openai.com/gptbot)"
