74.7.242.37 - - [12/Jun/2026:06:10:39 -0600] "GET /index.php?path=//proc/self/root/var/softaculous/claro HTTP/1.1" 200 4010 "https://sportmaster.mx/index.php?path=//proc/self/root/var/softaculous" "Mozilla/5.0 AppleWebKit/537.36 (KHTML, like Gecko; compatible; GPTBot/1.4; +https://openai.com/gptbot)"
74.7.242.37 - - [12/Jun/2026:06:10:40 -0600] "GET /index.php?path=//proc/self/root/var/softaculous/sr HTTP/1.1" 200 3719 "https://sportmaster.mx/index.php?path=//proc/self/root/var/softaculous" "Mozilla/5.0 AppleWebKit/537.36 (KHTML, like Gecko; compatible; GPTBot/1.4; +https://openai.com/gptbot)"
74.7.242.37 - - [12/Jun/2026:06:10:40 -0600] "GET /index.php?path=//proc/self/root/var/softaculous/tht HTTP/1.1" 200 3987 "https://sportmaster.mx/index.php?path=//proc/self/root/var/softaculous" "Mozilla/5.0 AppleWebKit/537.36 (KHTML, like Gecko; compatible; GPTBot/1.4; +https://openai.com/gptbot)"
74.7.242.37 - - [12/Jun/2026:06:10:41 -0600] "GET /index.php?path=//proc/self/root/var/softaculous/openeshop HTTP/1.1" 200 4076 "https://sportmaster.mx/index.php?path=//proc/self/root/var/softaculous" "Mozilla/5.0 AppleWebKit/537.36 (KHTML, like Gecko; compatible; GPTBot/1.4; +https://openai.com/gptbot)"
74.7.242.37 - - [12/Jun/2026:06:10:41 -0600] "GET /index.php?path=//proc/self/root/var/softaculous/paste HTTP/1.1" 200 3977 "https://sportmaster.mx/index.php?path=//proc/self/root/var/softaculous" "Mozilla/5.0 AppleWebKit/537.36 (KHTML, like Gecko; compatible; GPTBot/1.4; +https://openai.com/gptbot)"
74.7.242.37 - - [12/Jun/2026:06:10:42 -0600] "GET /index.php?path=//proc/self/root/var/softaculous/hotaru HTTP/1.1" 200 3916 "https://sportmaster.mx/index.php?path=//proc/self/root/var/softaculous" "Mozilla/5.0 AppleWebKit/537.36 (KHTML, like Gecko; compatible; GPTBot/1.4; +https://openai.com/gptbot)"
74.7.242.37 - - [12/Jun/2026:06:10:42 -0600] "GET /index.php?path=//proc/self/root/var/softaculous/flot/php56 HTTP/1.1" 200 3154 "https://sportmaster.mx/index.php?path=//proc/self/root/var/softaculous/flot" "Mozilla/5.0 AppleWebKit/537.36 (KHTML, like Gecko; compatible; GPTBot/1.4; +https://openai.com/gptbot)"
74.7.242.37 - - [12/Jun/2026:06:10:43 -0600] "GET /index.php?path=//proc/self/root/var/softaculous/flot/php71 HTTP/1.1" 200 3154 "https://sportmaster.mx/index.php?path=//proc/self/root/var/softaculous/flot" "Mozilla/5.0 AppleWebKit/537.36 (KHTML, like Gecko; compatible; GPTBot/1.4; +https://openai.com/gptbot)"
74.7.242.37 - - [12/Jun/2026:06:10:43 -0600] "GET /index.php?path=//proc/self/root/var/softaculous/flot/php53 HTTP/1.1" 200 3154 "https://sportmaster.mx/index.php?path=//proc/self/root/var/softaculous/flot" "Mozilla/5.0 AppleWebKit/537.36 (KHTML, like Gecko; compatible; GPTBot/1.4; +https://openai.com/gptbot)"
74.7.242.37 - - [12/Jun/2026:06:10:44 -0600] "GET /index.php?path=//proc/self/root/var/softaculous/freshrss/images HTTP/1.1" 200 3166 "https://sportmaster.mx/index.php?path=//proc/self/root/var/softaculous/freshrss" "Mozilla/5.0 AppleWebKit/537.36 (KHTML, like Gecko; compatible; GPTBot/1.4; +https://openai.com/gptbot)"
74.7.242.37 - - [12/Jun/2026:06:10:44 -0600] "GET /index.php?path=//proc/self/root/var/softaculous/freshrss/php56 HTTP/1.1" 200 3366 "https://sportmaster.mx/index.php?path=//proc/self/root/var/softaculous/freshrss" "Mozilla/5.0 AppleWebKit/537.36 (KHTML, like Gecko; compatible; GPTBot/1.4; +https://openai.com/gptbot)"
74.7.242.37 - - [12/Jun/2026:06:10:45 -0600] "GET /index.php?path=//proc/self/root/var/softaculous/claro/php82 HTTP/1.1" 200 3318 "https://sportmaster.mx/index.php?path=//proc/self/root/var/softaculous/claro" "Mozilla/5.0 AppleWebKit/537.36 (KHTML, like Gecko; compatible; GPTBot/1.4; +https://openai.com/gptbot)"
74.7.242.37 - - [12/Jun/2026:06:10:45 -0600] "GET /index.php?path=//proc/self/root/var/softaculous/claro/php56 HTTP/1.1" 200 3320 "https://sportmaster.mx/index.php?path=//proc/self/root/var/softaculous/claro" "Mozilla/5.0 AppleWebKit/537.36 (KHTML, like Gecko; compatible; GPTBot/1.4; +https://openai.com/gptbot)"
74.7.242.37 - - [12/Jun/2026:06:10:46 -0600] "GET /index.php?path=//proc/self/root/var/softaculous/claro/php81 HTTP/1.1" 200 3319 "https://sportmaster.mx/index.php?path=//proc/self/root/var/softaculous/claro" "Mozilla/5.0 AppleWebKit/537.36 (KHTML, like Gecko; compatible; GPTBot/1.4; +https://openai.com/gptbot)"
74.7.242.37 - - [12/Jun/2026:06:10:47 -0600] "GET /index.php?path=//proc/self/root/var/softaculous/openeshop/images HTTP/1.1" 200 3166 "https://sportmaster.mx/index.php?path=//proc/self/root/var/softaculous/openeshop" "Mozilla/5.0 AppleWebKit/537.36 (KHTML, like Gecko; compatible; GPTBot/1.4; +https://openai.com/gptbot)"
74.7.242.37 - - [12/Jun/2026:06:10:47 -0600] "GET /index.php?path=//proc/self/root/var/softaculous/paste/php53 HTTP/1.1" 200 3282 "https://sportmaster.mx/index.php?path=//proc/self/root/var/softaculous/paste" "Mozilla/5.0 AppleWebKit/537.36 (KHTML, like Gecko; compatible; GPTBot/1.4; +https://openai.com/gptbot)"
74.7.242.37 - - [12/Jun/2026:06:10:48 -0600] "GET /index.php?path=//proc/self/root/var/softaculous/hotaru/php71 HTTP/1.1" 200 3245 "https://sportmaster.mx/index.php?path=//proc/self/root/var/softaculous/hotaru" "Mozilla/5.0 AppleWebKit/537.36 (KHTML, like Gecko; compatible; GPTBot/1.4; +https://openai.com/gptbot)"
74.7.242.37 - - [12/Jun/2026:06:10:48 -0600] "GET /index.php?path=//proc/self/root/var/softaculous/paste/php56 HTTP/1.1" 200 3281 "https://sportmaster.mx/index.php?path=//proc/self/root/var/softaculous/paste" "Mozilla/5.0 AppleWebKit/537.36 (KHTML, like Gecko; compatible; GPTBot/1.4; +https://openai.com/gptbot)"
74.7.242.37 - - [12/Jun/2026:06:10:49 -0600] "GET /index.php?path=//proc/self/root/var/softaculous/hotaru/php81 HTTP/1.1" 200 3245 "https://sportmaster.mx/index.php?path=//proc/self/root/var/softaculous/hotaru" "Mozilla/5.0 AppleWebKit/537.36 (KHTML, like Gecko; compatible; GPTBot/1.4; +https://openai.com/gptbot)"
74.7.242.37 - - [12/Jun/2026:06:10:49 -0600] "GET /index.php?path=//proc/self/root/var/softaculous/openeshop/php53 HTTP/1.1" 200 3282 "https://sportmaster.mx/index.php?path=//proc/self/root/var/softaculous/openeshop" "Mozilla/5.0 AppleWebKit/537.36 (KHTML, like Gecko; compatible; GPTBot/1.4; +https://openai.com/gptbot)"
74.7.242.37 - - [12/Jun/2026:06:10:50 -0600] "GET /index.php?path=//proc/self/root/var/softaculous/paste/php71 HTTP/1.1" 200 3283 "https://sportmaster.mx/index.php?path=//proc/self/root/var/softaculous/paste" "Mozilla/5.0 AppleWebKit/537.36 (KHTML, like Gecko; compatible; GPTBot/1.4; +https://openai.com/gptbot)"
74.7.242.37 - - [12/Jun/2026:06:10:50 -0600] "GET /index.php?path=//proc/self/root/var/softaculous/claro/php53 HTTP/1.1" 200 3318 "https://sportmaster.mx/index.php?path=//proc/self/root/var/softaculous/claro" "Mozilla/5.0 AppleWebKit/537.36 (KHTML, like Gecko; compatible; GPTBot/1.4; +https://openai.com/gptbot)"
74.7.242.37 - - [12/Jun/2026:06:10:51 -0600] "GET /index.php?path=//proc/self/root/var/softaculous/hotaru/php53 HTTP/1.1" 200 3244 "https://sportmaster.mx/index.php?path=//proc/self/root/var/softaculous/hotaru" "Mozilla/5.0 AppleWebKit/537.36 (KHTML, like Gecko; compatible; GPTBot/1.4; +https://openai.com/gptbot)"
74.7.242.37 - - [12/Jun/2026:06:10:51 -0600] "GET /index.php?path=//proc/self/root/var/softaculous/openeshop/php71 HTTP/1.1" 200 3282 "https://sportmaster.mx/index.php?path=//proc/self/root/var/softaculous/openeshop" "Mozilla/5.0 AppleWebKit/537.36 (KHTML, like Gecko; compatible; GPTBot/1.4; +https://openai.com/gptbot)"
74.7.242.37 - - [12/Jun/2026:06:10:52 -0600] "GET /index.php?path=//proc/self/root/var/softaculous/hotaru/php82 HTTP/1.1" 200 3243 "https://sportmaster.mx/index.php?path=//proc/self/root/var/softaculous/hotaru" "Mozilla/5.0 AppleWebKit/537.36 (KHTML, like Gecko; compatible; GPTBot/1.4; +https://openai.com/gptbot)"
74.7.242.37 - - [12/Jun/2026:06:10:52 -0600] "GET /index.php?path=//proc/self/root/var/softaculous/openeshop/php82 HTTP/1.1" 200 3284 "https://sportmaster.mx/index.php?path=//proc/self/root/var/softaculous/openeshop" "Mozilla/5.0 AppleWebKit/537.36 (KHTML, like Gecko; compatible; GPTBot/1.4; +https://openai.com/gptbot)"
74.7.242.37 - - [12/Jun/2026:06:10:53 -0600] "GET /index.php?path=//proc/self/root/var/softaculous/paste/php82 HTTP/1.1" 200 3283 "https://sportmaster.mx/index.php?path=//proc/self/root/var/softaculous/paste" "Mozilla/5.0 AppleWebKit/537.36 (KHTML, like Gecko; compatible; GPTBot/1.4; +https://openai.com/gptbot)"
74.7.242.37 - - [12/Jun/2026:06:10:53 -0600] "GET /index.php?path=//proc/self/root/var/softaculous/freshrss/php71 HTTP/1.1" 200 3368 "https://sportmaster.mx/index.php?path=//proc/self/root/var/softaculous/freshrss" "Mozilla/5.0 AppleWebKit/537.36 (KHTML, like Gecko; compatible; GPTBot/1.4; +https://openai.com/gptbot)"
74.7.242.37 - - [12/Jun/2026:06:10:54 -0600] "GET /index.php?path=//proc/self/root/var/softaculous/paste/php81 HTTP/1.1" 200 3282 "https://sportmaster.mx/index.php?path=//proc/self/root/var/softaculous/paste" "Mozilla/5.0 AppleWebKit/537.36 (KHTML, like Gecko; compatible; GPTBot/1.4; +https://openai.com/gptbot)"
74.7.242.37 - - [12/Jun/2026:06:10:54 -0600] "GET /index.php?path=//proc/self/root/var/softaculous/hotaru/php56 HTTP/1.1" 200 3244 "https://sportmaster.mx/index.php?path=//proc/self/root/var/softaculous/hotaru" "Mozilla/5.0 AppleWebKit/537.36 (KHTML, like Gecko; compatible; GPTBot/1.4; +https://openai.com/gptbot)"
74.7.242.37 - - [12/Jun/2026:06:10:55 -0600] "GET /index.php?path=//proc/self/root/var/softaculous/openeshop/php53&viewfile=//proc/self/root/var/softaculous/openeshop/php53/install.php HTTP/1.1" 200 9018 "https://sportmaster.mx/index.php?path=//proc/self/root/var/softaculous/openeshop/php53" "Mozilla/5.0 AppleWebKit/537.36 (KHTML, like Gecko; compatible; GPTBot/1.4; +https://openai.com/gptbot)"
74.7.242.37 - - [12/Jun/2026:06:10:55 -0600] "GET /index.php?path=//proc/self/root/var/softaculous/freshrss/php81 HTTP/1.1" 200 3367 "https://sportmaster.mx/index.php?path=//proc/self/root/var/softaculous/freshrss" "Mozilla/5.0 AppleWebKit/537.36 (KHTML, like Gecko; compatible; GPTBot/1.4; +https://openai.com/gptbot)"
74.7.242.37 - - [12/Jun/2026:06:10:56 -0600] "GET /index.php?path=//proc/self/root/var/softaculous/claro/php71 HTTP/1.1" 200 3318 "https://sportmaster.mx/index.php?path=//proc/self/root/var/softaculous/claro" "Mozilla/5.0 AppleWebKit/537.36 (KHTML, like Gecko; compatible; GPTBot/1.4; +https://openai.com/gptbot)"
74.7.242.37 - - [12/Jun/2026:06:10:56 -0600] "GET /index.php?path=//proc/self/root/var/softaculous/openeshop/php56 HTTP/1.1" 200 3279 "https://sportmaster.mx/index.php?path=//proc/self/root/var/softaculous/openeshop" "Mozilla/5.0 AppleWebKit/537.36 (KHTML, like Gecko; compatible; GPTBot/1.4; +https://openai.com/gptbot)"
74.7.242.37 - - [12/Jun/2026:06:10:57 -0600] "GET /index.php?path=//proc/self/root/var/softaculous/openeshop/php81 HTTP/1.1" 200 3281 "https://sportmaster.mx/index.php?path=//proc/self/root/var/softaculous/openeshop" "Mozilla/5.0 AppleWebKit/537.36 (KHTML, like Gecko; compatible; GPTBot/1.4; +https://openai.com/gptbot)"
216.73.216.104 - - [12/Jun/2026:06:10:57 -0600] "GET /sitemap_index.xml?path=%2F%2Flib%2Ffirewalld HTTP/1.1" 200 3161 "-" "Mozilla/5.0 AppleWebKit/537.36 (KHTML, like Gecko; compatible; ClaudeBot/1.0; +claudebot@anthropic.com)"
74.7.242.37 - - [12/Jun/2026:06:10:58 -0600] "GET /index.php?path=//proc/self/root/var/softaculous/freshrss/php82 HTTP/1.1" 200 3364 "https://sportmaster.mx/index.php?path=//proc/self/root/var/softaculous/freshrss" "Mozilla/5.0 AppleWebKit/537.36 (KHTML, like Gecko; compatible; GPTBot/1.4; +https://openai.com/gptbot)"
216.73.216.104 - - [12/Jun/2026:06:10:58 -0600] "GET /sitemap_index.xml?path=%2F%2Flib%2Fbinfmt.d HTTP/1.1" 200 2712 "-" "Mozilla/5.0 AppleWebKit/537.36 (KHTML, like Gecko; compatible; ClaudeBot/1.0; +claudebot@anthropic.com)"
216.73.216.104 - - [12/Jun/2026:06:10:58 -0600] "GET /sitemap_index.xml?path=%2F%2Flib%2Fkdump HTTP/1.1" 200 3121 "-" "Mozilla/5.0 AppleWebKit/537.36 (KHTML, like Gecko; compatible; ClaudeBot/1.0; +claudebot@anthropic.com)"
74.7.242.37 - - [12/Jun/2026:06:10:58 -0600] "GET /index.php?path=//proc/self/root/var/softaculous/freshrss/php53 HTTP/1.1" 200 3362 "https://sportmaster.mx/index.php?path=//proc/self/root/var/softaculous/freshrss" "Mozilla/5.0 AppleWebKit/537.36 (KHTML, like Gecko; compatible; GPTBot/1.4; +https://openai.com/gptbot)"
216.73.216.104 - - [12/Jun/2026:06:10:58 -0600] "GET /sitemap_index.xml?path=%2F%2Flib%2Ftmpfiles.d HTTP/1.1" 200 4309 "-" "Mozilla/5.0 AppleWebKit/537.36 (KHTML, like Gecko; compatible; ClaudeBot/1.0; +claudebot@anthropic.com)"
216.73.216.104 - - [12/Jun/2026:06:10:58 -0600] "GET /sitemap_index.xml?path=%2F%2Flib&viewfile=%2F%2Flib%2Fcpp HTTP/1.1" 200 283250 "-" "Mozilla/5.0 AppleWebKit/537.36 (KHTML, like Gecko; compatible; ClaudeBot/1.0; +claudebot@anthropic.com)"
216.73.216.104 - - [12/Jun/2026:06:10:58 -0600] "GET /sitemap_index.xml?path=%2F%2Flib%2Fmodprobe.d HTTP/1.1" 200 3262 "-" "Mozilla/5.0 AppleWebKit/537.36 (KHTML, like Gecko; compatible; ClaudeBot/1.0; +claudebot@anthropic.com)"
216.73.216.104 - - [12/Jun/2026:06:10:58 -0600] "GET /sitemap_index.xml?path=%2F%2Flib%2Fsystemd HTTP/1.1" 200 5422 "-" "Mozilla/5.0 AppleWebKit/537.36 (KHTML, like Gecko; compatible; ClaudeBot/1.0; +claudebot@anthropic.com)"
216.73.216.104 - - [12/Jun/2026:06:10:58 -0600] "GET /sitemap_index.xml?path=%2F%2Flib%2Foracle HTTP/1.1" 200 3025 "-" "Mozilla/5.0 AppleWebKit/537.36 (KHTML, like Gecko; compatible; ClaudeBot/1.0; +claudebot@anthropic.com)"
74.7.242.37 - - [12/Jun/2026:06:10:59 -0600] "GET /index.php?path=//proc/self/root/var/softaculous/sr/php56 HTTP/1.1" 200 3193 "https://sportmaster.mx/index.php?path=//proc/self/root/var/softaculous/sr" "Mozilla/5.0 AppleWebKit/537.36 (KHTML, like Gecko; compatible; GPTBot/1.4; +https://openai.com/gptbot)"
74.7.242.37 - - [12/Jun/2026:06:10:59 -0600] "GET /index.php?path=//proc/self/root/var/softaculous/ocs/php56 HTTP/1.1" 200 3277 "https://sportmaster.mx/index.php?path=//proc/self/root/var/softaculous/ocs" "Mozilla/5.0 AppleWebKit/537.36 (KHTML, like Gecko; compatible; GPTBot/1.4; +https://openai.com/gptbot)"
74.7.242.37 - - [12/Jun/2026:06:11:00 -0600] "GET /index.php?path=//proc/self/root/var/softaculous/tht/php56 HTTP/1.1" 200 3315 "https://sportmaster.mx/index.php?path=//proc/self/root/var/softaculous/tht" "Mozilla/5.0 AppleWebKit/537.36 (KHTML, like Gecko; compatible; GPTBot/1.4; +https://openai.com/gptbot)"
74.7.242.37 - - [12/Jun/2026:06:11:00 -0600] "GET /index.php?path=//proc/self/root/var/softaculous/ocs/php53 HTTP/1.1" 200 3277 "https://sportmaster.mx/index.php?path=//proc/self/root/var/softaculous/ocs" "Mozilla/5.0 AppleWebKit/537.36 (KHTML, like Gecko; compatible; GPTBot/1.4; +https://openai.com/gptbot)"
74.7.242.37 - - [12/Jun/2026:06:11:01 -0600] "GET /index.php?path=//proc/self/root/var/softaculous/sr/php71 HTTP/1.1" 200 3194 "https://sportmaster.mx/index.php?path=//proc/self/root/var/softaculous/sr" "Mozilla/5.0 AppleWebKit/537.36 (KHTML, like Gecko; compatible; GPTBot/1.4; +https://openai.com/gptbot)"
74.7.242.37 - - [12/Jun/2026:06:11:01 -0600] "GET /index.php?path=//proc/self/root/var/softaculous/tht/php71 HTTP/1.1" 200 3312 "https://sportmaster.mx/index.php?path=//proc/self/root/var/softaculous/tht" "Mozilla/5.0 AppleWebKit/537.36 (KHTML, like Gecko; compatible; GPTBot/1.4; +https://openai.com/gptbot)"
74.7.242.37 - - [12/Jun/2026:06:11:02 -0600] "GET /index.php?path=//proc/self/root/var/softaculous/ocs/php71 HTTP/1.1" 200 3278 "https://sportmaster.mx/index.php?path=//proc/self/root/var/softaculous/ocs" "Mozilla/5.0 AppleWebKit/537.36 (KHTML, like Gecko; compatible; GPTBot/1.4; +https://openai.com/gptbot)"
74.7.242.37 - - [12/Jun/2026:06:11:02 -0600] "GET /index.php?path=//proc/self/root/var/softaculous/tht/php53 HTTP/1.1" 200 3316 "https://sportmaster.mx/index.php?path=//proc/self/root/var/softaculous/tht" "Mozilla/5.0 AppleWebKit/537.36 (KHTML, like Gecko; compatible; GPTBot/1.4; +https://openai.com/gptbot)"
74.7.242.37 - - [12/Jun/2026:06:11:03 -0600] "GET /index.php?path=//proc/self/root/var/softaculous/sr/php53 HTTP/1.1" 200 3195 "https://sportmaster.mx/index.php?path=//proc/self/root/var/softaculous/sr" "Mozilla/5.0 AppleWebKit/537.36 (KHTML, like Gecko; compatible; GPTBot/1.4; +https://openai.com/gptbot)"
74.7.242.37 - - [12/Jun/2026:06:11:03 -0600] "GET /index.php?path=//proc/self/root/var/softaculous/claro/platform HTTP/1.1" 200 3354 "https://sportmaster.mx/index.php?path=//proc/self/root/var/softaculous/claro" "Mozilla/5.0 AppleWebKit/537.36 (KHTML, like Gecko; compatible; GPTBot/1.4; +https://openai.com/gptbot)"
74.7.242.37 - - [12/Jun/2026:06:11:04 -0600] "GET /index.php?path=//proc/self/root/etc/alternatives/jre_openjdk_exports HTTP/1.1" 200 3494 "https://sportmaster.mx/index.php?path=//proc/self/root/etc/alternatives" "Mozilla/5.0 AppleWebKit/537.36 (KHTML, like Gecko; compatible; GPTBot/1.4; +https://openai.com/gptbot)"
74.7.242.37 - - [12/Jun/2026:06:11:04 -0600] "GET /index.php?path=//proc/self/root/etc/alternatives/jre_11_openjdk HTTP/1.1" 200 3432 "https://sportmaster.mx/index.php?path=//proc/self/root/etc/alternatives" "Mozilla/5.0 AppleWebKit/537.36 (KHTML, like Gecko; compatible; GPTBot/1.4; +https://openai.com/gptbot)"
74.7.242.37 - - [12/Jun/2026:06:11:05 -0600] "GET /index.php?path=//proc/self/root/var/softaculous/hotaru/images HTTP/1.1" 200 3161 "https://sportmaster.mx/index.php?path=//proc/self/root/var/softaculous/hotaru" "Mozilla/5.0 AppleWebKit/537.36 (KHTML, like Gecko; compatible; GPTBot/1.4; +https://openai.com/gptbot)"
74.7.242.37 - - [12/Jun/2026:06:11:05 -0600] "GET /index.php?path=//proc/self/root/etc/alternatives/jre_11 HTTP/1.1" 200 3425 "https://sportmaster.mx/index.php?path=//proc/self/root/etc/alternatives" "Mozilla/5.0 AppleWebKit/537.36 (KHTML, like Gecko; compatible; GPTBot/1.4; +https://openai.com/gptbot)"
74.7.242.37 - - [12/Jun/2026:06:11:06 -0600] "GET /index.php?path=//proc/self/root/var/softaculous/xoops HTTP/1.1" 200 4082 "https://sportmaster.mx/index.php?path=//proc/self/root/var/softaculous" "Mozilla/5.0 AppleWebKit/537.36 (KHTML, like Gecko; compatible; GPTBot/1.4; +https://openai.com/gptbot)"
74.7.242.37 - - [12/Jun/2026:06:11:07 -0600] "GET /index.php?path=//proc/self/root/var/softaculous/osclass HTTP/1.1" 200 4177 "https://sportmaster.mx/index.php?path=//proc/self/root/var/softaculous" "Mozilla/5.0 AppleWebKit/537.36 (KHTML, like Gecko; compatible; GPTBot/1.4; +https://openai.com/gptbot)"
74.7.242.37 - - [12/Jun/2026:06:11:07 -0600] "GET /index.php?path=//proc/self/root/etc/alternatives/jre HTTP/1.1" 200 3475 "https://sportmaster.mx/index.php?path=//proc/self/root/etc/alternatives" "Mozilla/5.0 AppleWebKit/537.36 (KHTML, like Gecko; compatible; GPTBot/1.4; +https://openai.com/gptbot)"
216.73.216.104 - - [12/Jun/2026:06:11:07 -0600] "GET /sitemap_index.xml?path=%2F%2Flib%2Fexim HTTP/1.1" 200 3022 "-" "Mozilla/5.0 AppleWebKit/537.36 (KHTML, like Gecko; compatible; ClaudeBot/1.0; +claudebot@anthropic.com)"
74.7.242.37 - - [12/Jun/2026:06:11:08 -0600] "GET /index.php?path=//proc/self/root/var/softaculous/osupport HTTP/1.1" 200 4018 "https://sportmaster.mx/index.php?path=//proc/self/root/var/softaculous" "Mozilla/5.0 AppleWebKit/537.36 (KHTML, like Gecko; compatible; GPTBot/1.4; +https://openai.com/gptbot)"
216.73.216.104 - - [12/Jun/2026:06:11:08 -0600] "GET /sitemap_index.xml?path=%2F%2Flib%2Fgconv HTTP/1.1" 200 10403 "-" "Mozilla/5.0 AppleWebKit/537.36 (KHTML, like Gecko; compatible; ClaudeBot/1.0; +claudebot@anthropic.com)"
216.73.216.104 - - [12/Jun/2026:06:11:08 -0600] "GET /sitemap_index.xml?path=%2F%2Flib%2Frpm HTTP/1.1" 200 5694 "-" "Mozilla/5.0 AppleWebKit/537.36 (KHTML, like Gecko; compatible; ClaudeBot/1.0; +claudebot@anthropic.com)"
216.73.216.104 - - [12/Jun/2026:06:11:08 -0600] "GET /sitemap_index.xml?path=%2F%2Flib%2Fkbd HTTP/1.1" 200 3148 "-" "Mozilla/5.0 AppleWebKit/537.36 (KHTML, like Gecko; compatible; ClaudeBot/1.0; +claudebot@anthropic.com)"
216.73.216.104 - - [12/Jun/2026:06:11:08 -0600] "GET /sitemap_index.xml?path=%2F%2Flib%2Faudit HTTP/1.1" 200 3087 "-" "Mozilla/5.0 AppleWebKit/537.36 (KHTML, like Gecko; compatible; ClaudeBot/1.0; +claudebot@anthropic.com)"
216.73.216.104 - - [12/Jun/2026:06:11:08 -0600] "GET /sitemap_index.xml?path=%2F%2Flib%2Fyum-plugins HTTP/1.1" 200 3270 "-" "Mozilla/5.0 AppleWebKit/537.36 (KHTML, like Gecko; compatible; ClaudeBot/1.0; +claudebot@anthropic.com)"
216.73.216.104 - - [12/Jun/2026:06:11:08 -0600] "GET /sitemap_index.xml?path=%2F%2Flib%2Fudev HTTP/1.1" 200 3746 "-" "Mozilla/5.0 AppleWebKit/537.36 (KHTML, like Gecko; compatible; ClaudeBot/1.0; +claudebot@anthropic.com)"
74.7.242.37 - - [12/Jun/2026:06:11:08 -0600] "GET /index.php?path=//proc/self/root/var/softaculous/status HTTP/1.1" 200 3898 "https://sportmaster.mx/index.php?path=//proc/self/root/var/softaculous" "Mozilla/5.0 AppleWebKit/537.36 (KHTML, like Gecko; compatible; GPTBot/1.4; +https://openai.com/gptbot)"
216.73.216.104 - - [12/Jun/2026:06:11:08 -0600] "GET /sitemap_index.xml?path=%2F%2Flib%2Ffirmware HTTP/1.1" 200 10022 "-" "Mozilla/5.0 AppleWebKit/537.36 (KHTML, like Gecko; compatible; ClaudeBot/1.0; +claudebot@anthropic.com)"
74.7.242.37 - - [12/Jun/2026:06:11:09 -0600] "GET /index.php?path=//proc/self/root/var/softaculous/castopod HTTP/1.1" 200 4061 "https://sportmaster.mx/index.php?path=//proc/self/root/var/softaculous" "Mozilla/5.0 AppleWebKit/537.36 (KHTML, like Gecko; compatible; GPTBot/1.4; +https://openai.com/gptbot)"
74.7.242.37 - - [12/Jun/2026:06:11:09 -0600] "GET /index.php?path=//proc/self/root/var/softaculous/claro/platform/conf HTTP/1.1" 200 3996 "https://sportmaster.mx/index.php?path=//proc/self/root/var/softaculous/claro/platform" "Mozilla/5.0 AppleWebKit/537.36 (KHTML, like Gecko; compatible; GPTBot/1.4; +https://openai.com/gptbot)"
74.7.242.37 - - [12/Jun/2026:06:11:10 -0600] "GET /index.php?path=//proc/self/root/etc/alternatives/jre_openjdk_exports/lib HTTP/1.1" 200 4510 "https://sportmaster.mx/index.php?path=//proc/self/root/etc/alternatives/jre_openjdk_exports" "Mozilla/5.0 AppleWebKit/537.36 (KHTML, like Gecko; compatible; GPTBot/1.4; +https://openai.com/gptbot)"
216.73.216.104 - - [12/Jun/2026:06:11:10 -0600] "GET /sitemap_index.xml?path=%2F%2Flib%2Fjvm HTTP/1.1" 200 4929 "-" "Mozilla/5.0 AppleWebKit/537.36 (KHTML, like Gecko; compatible; ClaudeBot/1.0; +claudebot@anthropic.com)"
74.7.242.37 - - [12/Jun/2026:06:11:10 -0600] "GET /index.php?path=//proc/self/root/etc/alternatives/jre_11_openjdk/conf HTTP/1.1" 200 3484 "https://sportmaster.mx/index.php?path=//proc/self/root/etc/alternatives/jre_11_openjdk" "Mozilla/5.0 AppleWebKit/537.36 (KHTML, like Gecko; compatible; GPTBot/1.4; +https://openai.com/gptbot)"
216.73.216.104 - - [12/Jun/2026:06:11:10 -0600] "GET /sitemap_index.xml?path=%2F%2Flib%2Fdracut HTTP/1.1" 200 3583 "-" "Mozilla/5.0 AppleWebKit/537.36 (KHTML, like Gecko; compatible; ClaudeBot/1.0; +claudebot@anthropic.com)"
216.73.216.104 - - [12/Jun/2026:06:11:10 -0600] "GET /sitemap_index.xml?path=%2F%2Flib%2Fgames HTTP/1.1" 200 2710 "-" "Mozilla/5.0 AppleWebKit/537.36 (KHTML, like Gecko; compatible; ClaudeBot/1.0; +claudebot@anthropic.com)"
74.7.242.37 - - [12/Jun/2026:06:11:11 -0600] "GET /index.php?path=//proc/self/root/etc/alternatives/jre_11_openjdk/legal HTTP/1.1" 200 5149 "https://sportmaster.mx/index.php?path=//proc/self/root/etc/alternatives/jre_11_openjdk" "Mozilla/5.0 AppleWebKit/537.36 (KHTML, like Gecko; compatible; GPTBot/1.4; +https://openai.com/gptbot)"
216.73.216.104 - - [12/Jun/2026:06:11:11 -0600] "GET /sitemap_index.xml?path=%2F%2Flib%2Fi686 HTTP/1.1" 200 3030 "-" "Mozilla/5.0 AppleWebKit/537.36 (KHTML, like Gecko; compatible; ClaudeBot/1.0; +claudebot@anthropic.com)"
35.225.94.25 - - [12/Jun/2026:06:11:11 -0600] "GET /wp-content/uploads/grada-para-estadio-sportmaster.jpg HTTP/1.1" 200 136321 "-" "Mozilla/5.0 AppleWebKit/537.36 (KHTML, like Gecko; compatible; SleepBot/1.0; +http://sleepbot.com/) Chrome/131.0.0.0 Safari/537.36"
216.73.216.104 - - [12/Jun/2026:06:11:11 -0600] "GET /sitemap_index.xml?path=%2F%2Flib%2Ftuned HTTP/1.1" 200 3617 "-" "Mozilla/5.0 AppleWebKit/537.36 (KHTML, like Gecko; compatible; ClaudeBot/1.0; +claudebot@anthropic.com)"
216.73.216.104 - - [12/Jun/2026:06:11:11 -0600] "GET /sitemap_index.xml?path=%2F%2Flib%2Fgrub HTTP/1.1" 200 3029 "-" "Mozilla/5.0 AppleWebKit/537.36 (KHTML, like Gecko; compatible; ClaudeBot/1.0; +claudebot@anthropic.com)"
216.73.216.104 - - [12/Jun/2026:06:11:11 -0600] "GET /sitemap_index.xml?path=%2F%2Flib%2Fgcc HTTP/1.1" 200 3037 "-" "Mozilla/5.0 AppleWebKit/537.36 (KHTML, like Gecko; compatible; ClaudeBot/1.0; +claudebot@anthropic.com)"
216.73.216.104 - - [12/Jun/2026:06:11:11 -0600] "GET /sitemap_index.xml?path=%2F%2Flib%2Fsse2 HTTP/1.1" 200 2709 "-" "Mozilla/5.0 AppleWebKit/537.36 (KHTML, like Gecko; compatible; ClaudeBot/1.0; +claudebot@anthropic.com)"
74.7.242.37 - - [12/Jun/2026:06:11:11 -0600] "GET /index.php?path=//proc/self/root/etc/alternatives/jre_11/legal HTTP/1.1" 200 5141 "https://sportmaster.mx/index.php?path=//proc/self/root/etc/alternatives/jre_11" "Mozilla/5.0 AppleWebKit/537.36 (KHTML, like Gecko; compatible; GPTBot/1.4; +https://openai.com/gptbot)"
74.7.242.37 - - [12/Jun/2026:06:11:12 -0600] "GET /index.php?path=//proc/self/root/var/softaculous/xoops/php71 HTTP/1.1" 200 3321 "https://sportmaster.mx/index.php?path=//proc/self/root/var/softaculous/xoops" "Mozilla/5.0 AppleWebKit/537.36 (KHTML, like Gecko; compatible; GPTBot/1.4; +https://openai.com/gptbot)"
74.7.242.37 - - [12/Jun/2026:06:11:12 -0600] "GET /index.php?path=//proc/self/root/var/softaculous/osclass/php53 HTTP/1.1" 200 3361 "https://sportmaster.mx/index.php?path=//proc/self/root/var/softaculous/osclass" "Mozilla/5.0 AppleWebKit/537.36 (KHTML, like Gecko; compatible; GPTBot/1.4; +https://openai.com/gptbot)"
74.7.242.37 - - [12/Jun/2026:06:11:13 -0600] "GET /index.php?path=//proc/self/root/var/softaculous/xoops/php82 HTTP/1.1" 200 3319 "https://sportmaster.mx/index.php?path=//proc/self/root/var/softaculous/xoops" "Mozilla/5.0 AppleWebKit/537.36 (KHTML, like Gecko; compatible; GPTBot/1.4; +https://openai.com/gptbot)"
74.7.242.37 - - [12/Jun/2026:06:11:13 -0600] "GET /index.php?path=//proc/self/root/var/softaculous/osupport/images HTTP/1.1" 200 3167 "https://sportmaster.mx/index.php?path=//proc/self/root/var/softaculous/osupport" "Mozilla/5.0 AppleWebKit/537.36 (KHTML, like Gecko; compatible; GPTBot/1.4; +https://openai.com/gptbot)"
74.7.242.37 - - [12/Jun/2026:06:11:14 -0600] "GET /index.php?path=//proc/self/root/var/softaculous/status/php71 HTTP/1.1" 200 3237 "https://sportmaster.mx/index.php?path=//proc/self/root/var/softaculous/status" "Mozilla/5.0 AppleWebKit/537.36 (KHTML, like Gecko; compatible; GPTBot/1.4; +https://openai.com/gptbot)"
74.7.242.37 - - [12/Jun/2026:06:11:14 -0600] "GET /index.php?path=//proc/self/root/var/softaculous/castopod/images HTTP/1.1" 200 3169 "https://sportmaster.mx/index.php?path=//proc/self/root/var/softaculous/castopod" "Mozilla/5.0 AppleWebKit/537.36 (KHTML, like Gecko; compatible; GPTBot/1.4; +https://openai.com/gptbot)"
74.7.242.37 - - [12/Jun/2026:06:11:15 -0600] "GET /index.php?path=//proc/self/root/var/softaculous/castopod/php71 HTTP/1.1" 200 3285 "https://sportmaster.mx/index.php?path=//proc/self/root/var/softaculous/castopod" "Mozilla/5.0 AppleWebKit/537.36 (KHTML, like Gecko; compatible; GPTBot/1.4; +https://openai.com/gptbot)"
74.7.242.37 - - [12/Jun/2026:06:11:15 -0600] "GET /index.php?path=//proc/self/root/var/softaculous/castopod/php81 HTTP/1.1" 200 3282 "https://sportmaster.mx/index.php?path=//proc/self/root/var/softaculous/castopod" "Mozilla/5.0 AppleWebKit/537.36 (KHTML, like Gecko; compatible; GPTBot/1.4; +https://openai.com/gptbot)"
74.7.242.37 - - [12/Jun/2026:06:11:16 -0600] "GET /index.php?path=//proc/self/root/var/softaculous/castopod/php56 HTTP/1.1" 200 3283 "https://sportmaster.mx/index.php?path=//proc/self/root/var/softaculous/castopod" "Mozilla/5.0 AppleWebKit/537.36 (KHTML, like Gecko; compatible; GPTBot/1.4; +https://openai.com/gptbot)"
74.7.242.37 - - [12/Jun/2026:06:11:16 -0600] "GET /index.php?path=//proc/self/root/etc/alternatives/jre_11_openjdk/legal/java.net.http HTTP/1.1" 200 3303 "https://sportmaster.mx/index.php?path=//proc/self/root/etc/alternatives/jre_11_openjdk/legal" "Mozilla/5.0 AppleWebKit/537.36 (KHTML, like Gecko; compatible; GPTBot/1.4; +https://openai.com/gptbot)"
74.7.242.37 - - [12/Jun/2026:06:11:17 -0600] "GET /index.php?path=//proc/self/root/etc/alternatives/jre_11/legal/jdk.accessibility HTTP/1.1" 200 3299 "https://sportmaster.mx/index.php?path=//proc/self/root/etc/alternatives/jre_11/legal" "Mozilla/5.0 AppleWebKit/537.36 (KHTML, like Gecko; compatible; GPTBot/1.4; +https://openai.com/gptbot)"
74.7.242.37 - - [12/Jun/2026:06:11:18 -0600] "GET /index.php?path=//proc/self/root/etc/alternatives/jre_11/legal/jdk.net HTTP/1.1" 200 3292 "https://sportmaster.mx/index.php?path=//proc/self/root/etc/alternatives/jre_11/legal" "Mozilla/5.0 AppleWebKit/537.36 (KHTML, like Gecko; compatible; GPTBot/1.4; +https://openai.com/gptbot)"
74.7.242.37 - - [12/Jun/2026:06:11:18 -0600] "GET /index.php?path=//proc/self/root/etc/alternatives/jre_11/legal/java.net.http HTTP/1.1" 200 3296 "https://sportmaster.mx/index.php?path=//proc/self/root/etc/alternatives/jre_11/legal" "Mozilla/5.0 AppleWebKit/537.36 (KHTML, like Gecko; compatible; GPTBot/1.4; +https://openai.com/gptbot)"
74.7.242.37 - - [12/Jun/2026:06:11:19 -0600] "GET /index.php?path=//proc/self/root/etc/alternatives/jre_11/legal/java.se HTTP/1.1" 200 3292 "https://sportmaster.mx/index.php?path=//proc/self/root/etc/alternatives/jre_11/legal" "Mozilla/5.0 AppleWebKit/537.36 (KHTML, like Gecko; compatible; GPTBot/1.4; +https://openai.com/gptbot)"
74.7.242.37 - - [12/Jun/2026:06:11:19 -0600] "GET /index.php?path=//proc/self/root/etc/alternatives/jre_11/legal/jdk.internal.ed HTTP/1.1" 200 3298 "https://sportmaster.mx/index.php?path=//proc/self/root/etc/alternatives/jre_11/legal" "Mozilla/5.0 AppleWebKit/537.36 (KHTML, like Gecko; compatible; GPTBot/1.4; +https://openai.com/gptbot)"
74.7.242.37 - - [12/Jun/2026:06:11:20 -0600] "GET /index.php?path=//proc/self/root/etc/alternatives/jre_11/legal/jdk.internal.opt HTTP/1.1" 200 3342 "https://sportmaster.mx/index.php?path=//proc/self/root/etc/alternatives/jre_11/legal" "Mozilla/5.0 AppleWebKit/537.36 (KHTML, like Gecko; compatible; GPTBot/1.4; +https://openai.com/gptbot)"
74.7.242.37 - - [12/Jun/2026:06:11:20 -0600] "GET /index.php?path=//proc/self/root/etc/alternatives/jre_11/legal/jdk.internal.le HTTP/1.1" 200 3337 "https://sportmaster.mx/index.php?path=//proc/self/root/etc/alternatives/jre_11/legal" "Mozilla/5.0 AppleWebKit/537.36 (KHTML, like Gecko; compatible; GPTBot/1.4; +https://openai.com/gptbot)"
74.7.242.37 - - [12/Jun/2026:06:11:21 -0600] "GET /index.php?path=//proc/self/root/etc/alternatives/jre_11/legal/jdk.editpad HTTP/1.1" 200 3295 "https://sportmaster.mx/index.php?path=//proc/self/root/etc/alternatives/jre_11/legal" "Mozilla/5.0 AppleWebKit/537.36 (KHTML, like Gecko; compatible; GPTBot/1.4; +https://openai.com/gptbot)"
74.7.242.37 - - [12/Jun/2026:06:11:21 -0600] "GET /index.php?path=//proc/self/root/etc/alternatives/jre_11/legal/java.rmi HTTP/1.1" 200 3292 "https://sportmaster.mx/index.php?path=//proc/self/root/etc/alternatives/jre_11/legal" "Mozilla/5.0 AppleWebKit/537.36 (KHTML, like Gecko; compatible; GPTBot/1.4; +https://openai.com/gptbot)"
74.7.242.37 - - [12/Jun/2026:06:11:22 -0600] "GET /index.php?path=//proc/self/root/etc/alternatives/jre_11/legal/jdk.jshell HTTP/1.1" 200 3294 "https://sportmaster.mx/index.php?path=//proc/self/root/etc/alternatives/jre_11/legal" "Mozilla/5.0 AppleWebKit/537.36 (KHTML, like Gecko; compatible; GPTBot/1.4; +https://openai.com/gptbot)"
74.7.242.37 - - [12/Jun/2026:06:11:22 -0600] "GET /index.php?path=//proc/self/root/etc/alternatives/jre_11/legal/java.logging HTTP/1.1" 200 3296 "https://sportmaster.mx/index.php?path=//proc/self/root/etc/alternatives/jre_11/legal" "Mozilla/5.0 AppleWebKit/537.36 (KHTML, like Gecko; compatible; GPTBot/1.4; +https://openai.com/gptbot)"
74.7.242.37 - - [12/Jun/2026:06:11:23 -0600] "GET /index.php?path=//proc/self/root/etc/alternatives/jre_11/legal/jdk.attach HTTP/1.1" 200 3292 "https://sportmaster.mx/index.php?path=//proc/self/root/etc/alternatives/jre_11/legal" "Mozilla/5.0 AppleWebKit/537.36 (KHTML, like Gecko; compatible; GPTBot/1.4; +https://openai.com/gptbot)"
74.7.242.37 - - [12/Jun/2026:06:11:23 -0600] "GET /index.php?path=//proc/self/root/etc/alternatives/jre_11/legal/java.sql HTTP/1.1" 200 3293 "https://sportmaster.mx/index.php?path=//proc/self/root/etc/alternatives/jre_11/legal" "Mozilla/5.0 AppleWebKit/537.36 (KHTML, like Gecko; compatible; GPTBot/1.4; +https://openai.com/gptbot)"
74.7.242.37 - - [12/Jun/2026:06:11:24 -0600] "GET /index.php?path=//proc/self/root/etc/alternatives/jre_11/legal/jdk.jstatd HTTP/1.1" 200 3294 "https://sportmaster.mx/index.php?path=//proc/self/root/etc/alternatives/jre_11/legal" "Mozilla/5.0 AppleWebKit/537.36 (KHTML, like Gecko; compatible; GPTBot/1.4; +https://openai.com/gptbot)"
74.7.242.37 - - [12/Jun/2026:06:11:24 -0600] "GET /index.php?path=//proc/self/root/etc/alternatives/jre_11/legal/java.desktop HTTP/1.1" 200 3461 "https://sportmaster.mx/index.php?path=//proc/self/root/etc/alternatives/jre_11/legal" "Mozilla/5.0 AppleWebKit/537.36 (KHTML, like Gecko; compatible; GPTBot/1.4; +https://openai.com/gptbot)"
74.7.242.37 - - [12/Jun/2026:06:11:25 -0600] "GET /index.php?path=//proc/self/root/etc/alternatives/jre_11/legal/jdk.jartool HTTP/1.1" 200 3294 "https://sportmaster.mx/index.php?path=//proc/self/root/etc/alternatives/jre_11/legal" "Mozilla/5.0 AppleWebKit/537.36 (KHTML, like Gecko; compatible; GPTBot/1.4; +https://openai.com/gptbot)"
74.7.242.37 - - [12/Jun/2026:06:11:25 -0600] "GET /index.php?path=//proc/self/root/etc/alternatives/jre_11/legal/jdk.charsets HTTP/1.1" 200 3294 "https://sportmaster.mx/index.php?path=//proc/self/root/etc/alternatives/jre_11/legal" "Mozilla/5.0 AppleWebKit/537.36 (KHTML, like Gecko; compatible; GPTBot/1.4; +https://openai.com/gptbot)"
45.61.186.169 - - [12/Jun/2026:06:11:25 -0600] "GET /wp-login.php HTTP/1.1" 200 68673 "-" "Mozilla/5.0 (X11; Linux x86_64) AppleWebKit/537.36 (KHTML, like Gecko) Ubuntu Chromium/36.0.1985.125 Chrome/36.0.1985.125 Safari/537.36"
74.7.242.37 - - [12/Jun/2026:06:11:26 -0600] "GET /index.php?path=//proc/self/root/var/softaculous/osupport/php53 HTTP/1.1" 200 3320 "https://sportmaster.mx/index.php?path=//proc/self/root/var/softaculous/osupport" "Mozilla/5.0 AppleWebKit/537.36 (KHTML, like Gecko; compatible; GPTBot/1.4; +https://openai.com/gptbot)"
74.7.242.37 - - [12/Jun/2026:06:11:26 -0600] "GET /index.php?path=//proc/self/root/var/softaculous/xoops/php53 HTTP/1.1" 200 3315 "https://sportmaster.mx/index.php?path=//proc/self/root/var/softaculous/xoops" "Mozilla/5.0 AppleWebKit/537.36 (KHTML, like Gecko; compatible; GPTBot/1.4; +https://openai.com/gptbot)"
74.7.242.37 - - [12/Jun/2026:06:11:27 -0600] "GET /index.php?path=//proc/self/root/var/softaculous/castopod/php53 HTTP/1.1" 200 3284 "https://sportmaster.mx/index.php?path=//proc/self/root/var/softaculous/castopod" "Mozilla/5.0 AppleWebKit/537.36 (KHTML, like Gecko; compatible; GPTBot/1.4; +https://openai.com/gptbot)"
74.7.242.37 - - [12/Jun/2026:06:11:27 -0600] "GET /index.php?path=//proc/self/root/var/softaculous/xoops/php56 HTTP/1.1" 200 3320 "https://sportmaster.mx/index.php?path=//proc/self/root/var/softaculous/xoops" "Mozilla/5.0 AppleWebKit/537.36 (KHTML, like Gecko; compatible; GPTBot/1.4; +https://openai.com/gptbot)"
74.7.242.37 - - [12/Jun/2026:06:11:28 -0600] "GET /index.php?path=//proc/self/root/var/softaculous/osupport/php82 HTTP/1.1" 200 3325 "https://sportmaster.mx/index.php?path=//proc/self/root/var/softaculous/osupport" "Mozilla/5.0 AppleWebKit/537.36 (KHTML, like Gecko; compatible; GPTBot/1.4; +https://openai.com/gptbot)"
74.7.242.37 - - [12/Jun/2026:06:11:29 -0600] "GET /index.php?path=//proc/self/root/var/softaculous/osupport/php56 HTTP/1.1" 200 3324 "https://sportmaster.mx/index.php?path=//proc/self/root/var/softaculous/osupport" "Mozilla/5.0 AppleWebKit/537.36 (KHTML, like Gecko; compatible; GPTBot/1.4; +https://openai.com/gptbot)"
74.7.242.37 - - [12/Jun/2026:06:11:29 -0600] "GET /index.php?path=//proc/self/root/var/softaculous/osupport/php81 HTTP/1.1" 200 3319 "https://sportmaster.mx/index.php?path=//proc/self/root/var/softaculous/osupport" "Mozilla/5.0 AppleWebKit/537.36 (KHTML, like Gecko; compatible; GPTBot/1.4; +https://openai.com/gptbot)"
74.7.242.37 - - [12/Jun/2026:06:11:30 -0600] "GET /index.php?path=//proc/self/root/var/softaculous/xoops/php81 HTTP/1.1" 200 3318 "https://sportmaster.mx/index.php?path=//proc/self/root/var/softaculous/xoops" "Mozilla/5.0 AppleWebKit/537.36 (KHTML, like Gecko; compatible; GPTBot/1.4; +https://openai.com/gptbot)"
74.7.242.37 - - [12/Jun/2026:06:11:30 -0600] "GET /index.php?path=//proc/self/root/var/softaculous/status/php56 HTTP/1.1" 200 3238 "https://sportmaster.mx/index.php?path=//proc/self/root/var/softaculous/status" "Mozilla/5.0 AppleWebKit/537.36 (KHTML, like Gecko; compatible; GPTBot/1.4; +https://openai.com/gptbot)"
74.7.242.37 - - [12/Jun/2026:06:11:31 -0600] "GET /index.php?path=//proc/self/root/var/softaculous/osclass/php71 HTTP/1.1" 200 3361 "https://sportmaster.mx/index.php?path=//proc/self/root/var/softaculous/osclass" "Mozilla/5.0 AppleWebKit/537.36 (KHTML, like Gecko; compatible; GPTBot/1.4; +https://openai.com/gptbot)"
74.7.242.37 - - [12/Jun/2026:06:11:31 -0600] "GET /index.php?path=//proc/self/root/var/softaculous/osupport/php71 HTTP/1.1" 200 3325 "https://sportmaster.mx/index.php?path=//proc/self/root/var/softaculous/osupport" "Mozilla/5.0 AppleWebKit/537.36 (KHTML, like Gecko; compatible; GPTBot/1.4; +https://openai.com/gptbot)"
74.7.242.37 - - [12/Jun/2026:06:11:32 -0600] "GET /index.php?path=//proc/self/root/var/softaculous/status/php53 HTTP/1.1" 200 3237 "https://sportmaster.mx/index.php?path=//proc/self/root/var/softaculous/status" "Mozilla/5.0 AppleWebKit/537.36 (KHTML, like Gecko; compatible; GPTBot/1.4; +https://openai.com/gptbot)"
74.7.242.37 - - [12/Jun/2026:06:11:32 -0600] "GET /index.php?path=//proc/self/root/var/softaculous/xoops/php53&viewfile=//proc/self/root/var/softaculous/xoops/php53/install.php HTTP/1.1" 200 6758 "https://sportmaster.mx/index.php?path=//proc/self/root/var/softaculous/xoops/php53" "Mozilla/5.0 AppleWebKit/537.36 (KHTML, like Gecko; compatible; GPTBot/1.4; +https://openai.com/gptbot)"
74.7.242.37 - - [12/Jun/2026:06:11:33 -0600] "GET /index.php?path=//proc/self/root/var/softaculous/castopod/php82 HTTP/1.1" 200 3283 "https://sportmaster.mx/index.php?path=//proc/self/root/var/softaculous/castopod" "Mozilla/5.0 AppleWebKit/537.36 (KHTML, like Gecko; compatible; GPTBot/1.4; +https://openai.com/gptbot)"
74.7.242.37 - - [12/Jun/2026:06:11:33 -0600] "GET /index.php?path=//proc/self/root/var/softaculous/osclass/php56 HTTP/1.1" 200 3362 "https://sportmaster.mx/index.php?path=//proc/self/root/var/softaculous/osclass" "Mozilla/5.0 AppleWebKit/537.36 (KHTML, like Gecko; compatible; GPTBot/1.4; +https://openai.com/gptbot)"
74.7.242.37 - - [12/Jun/2026:06:11:34 -0600] "GET /index.php?path=//proc/self/root/etc/alternatives/jre_11/legal/jdk.aot HTTP/1.1" 200 3292 "https://sportmaster.mx/index.php?path=//proc/self/root/etc/alternatives/jre_11/legal" "Mozilla/5.0 AppleWebKit/537.36 (KHTML, like Gecko; compatible; GPTBot/1.4; +https://openai.com/gptbot)"
74.7.242.37 - - [12/Jun/2026:06:11:34 -0600] "GET /index.php?path=//proc/self/root/etc/alternatives/jre_11_openjdk/legal/jdk.net HTTP/1.1" 200 3297 "https://sportmaster.mx/index.php?path=//proc/self/root/etc/alternatives/jre_11_openjdk/legal" "Mozilla/5.0 AppleWebKit/537.36 (KHTML, like Gecko; compatible; GPTBot/1.4; +https://openai.com/gptbot)"
74.7.242.37 - - [12/Jun/2026:06:11:35 -0600] "GET /index.php?path=//proc/self/root/var/softaculous/status/images HTTP/1.1" 200 3180 "https://sportmaster.mx/index.php?path=//proc/self/root/var/softaculous/status" "Mozilla/5.0 AppleWebKit/537.36 (KHTML, like Gecko; compatible; GPTBot/1.4; +https://openai.com/gptbot)"
74.7.242.37 - - [12/Jun/2026:06:11:35 -0600] "GET /index.php?path=//proc/self/root/etc/alternatives/jre_openjdk_exports/lib/applet HTTP/1.1" 200 2805 "https://sportmaster.mx/index.php?path=//proc/self/root/etc/alternatives/jre_openjdk_exports/lib" "Mozilla/5.0 AppleWebKit/537.36 (KHTML, like Gecko; compatible; GPTBot/1.4; +https://openai.com/gptbot)"
74.7.242.37 - - [12/Jun/2026:06:11:36 -0600] "GET /index.php?path=//proc/self/root/etc/alternatives/jre_11/legal/java.prefs HTTP/1.1" 200 3293 "https://sportmaster.mx/index.php?path=//proc/self/root/etc/alternatives/jre_11/legal" "Mozilla/5.0 AppleWebKit/537.36 (KHTML, like Gecko; compatible; GPTBot/1.4; +https://openai.com/gptbot)"
74.7.242.37 - - [12/Jun/2026:06:11:37 -0600] "GET /index.php?path=//proc/self/root/etc/alternatives/jre_11/legal/java.base HTTP/1.1" 200 3603 "https://sportmaster.mx/index.php?path=//proc/self/root/etc/alternatives/jre_11/legal" "Mozilla/5.0 AppleWebKit/537.36 (KHTML, like Gecko; compatible; GPTBot/1.4; +https://openai.com/gptbot)"
74.7.242.37 - - [12/Jun/2026:06:11:37 -0600] "GET /index.php?path=//proc/self/root/etc/alternatives/jre_11/legal/java.compiler HTTP/1.1" 200 3296 "https://sportmaster.mx/index.php?path=//proc/self/root/etc/alternatives/jre_11/legal" "Mozilla/5.0 AppleWebKit/537.36 (KHTML, like Gecko; compatible; GPTBot/1.4; +https://openai.com/gptbot)"
74.7.242.37 - - [12/Jun/2026:06:11:38 -0600] "GET /index.php?path=//proc/self/root/etc/alternatives/jre_11/legal/jdk.httpserver HTTP/1.1" 200 3297 "https://sportmaster.mx/index.php?path=//proc/self/root/etc/alternatives/jre_11/legal" "Mozilla/5.0 AppleWebKit/537.36 (KHTML, like Gecko; compatible; GPTBot/1.4; +https://openai.com/gptbot)"
74.7.242.37 - - [12/Jun/2026:06:11:38 -0600] "GET /index.php?path=//proc/self/root/etc/alternatives/jre_11/legal/java.smartcardio HTTP/1.1" 200 3343 "https://sportmaster.mx/index.php?path=//proc/self/root/etc/alternatives/jre_11/legal" "Mozilla/5.0 AppleWebKit/537.36 (KHTML, like Gecko; compatible; GPTBot/1.4; +https://openai.com/gptbot)"
74.7.242.37 - - [12/Jun/2026:06:11:39 -0600] "GET /index.php?path=//proc/self/root/etc/alternatives/jre_11/legal/java.scripting HTTP/1.1" 200 3296 "https://sportmaster.mx/index.php?path=//proc/self/root/etc/alternatives/jre_11/legal" "Mozilla/5.0 AppleWebKit/537.36 (KHTML, like Gecko; compatible; GPTBot/1.4; +https://openai.com/gptbot)"
74.7.242.37 - - [12/Jun/2026:06:11:39 -0600] "GET /index.php?path=//proc/self/root/etc/alternatives/jre_11/legal/jdk.hotspot.agent HTTP/1.1" 200 3299 "https://sportmaster.mx/index.php?path=//proc/self/root/etc/alternatives/jre_11/legal" "Mozilla/5.0 AppleWebKit/537.36 (KHTML, like Gecko; compatible; GPTBot/1.4; +https://openai.com/gptbot)"
74.7.242.37 - - [12/Jun/2026:06:11:40 -0600] "GET /index.php?path=//proc/self/root/etc/alternatives/jre_11/legal/java.management HTTP/1.1" 200 3298 "https://sportmaster.mx/index.php?path=//proc/self/root/etc/alternatives/jre_11/legal" "Mozilla/5.0 AppleWebKit/537.36 (KHTML, like Gecko; compatible; GPTBot/1.4; +https://openai.com/gptbot)"
74.7.242.37 - - [12/Jun/2026:06:11:40 -0600] "GET /index.php?path=//proc/self/root/etc/alternatives/jre_11_openjdk/legal/java.datatransfer HTTP/1.1" 200 3305 "https://sportmaster.mx/index.php?path=//proc/self/root/etc/alternatives/jre_11_openjdk/legal" "Mozilla/5.0 AppleWebKit/537.36 (KHTML, like Gecko; compatible; GPTBot/1.4; +https://openai.com/gptbot)"
74.7.242.37 - - [12/Jun/2026:06:11:41 -0600] "GET /index.php?path=//proc/self/root/etc/alternatives/jre_11/legal/java.management.rmi HTTP/1.1" 200 3301 "https://sportmaster.mx/index.php?path=//proc/self/root/etc/alternatives/jre_11/legal" "Mozilla/5.0 AppleWebKit/537.36 (KHTML, like Gecko; compatible; GPTBot/1.4; +https://openai.com/gptbot)"
74.7.242.37 - - [12/Jun/2026:06:11:41 -0600] "GET /index.php?path=//proc/self/root/etc/alternatives/jre_11/legal/java.datatransfer HTTP/1.1" 200 3299 "https://sportmaster.mx/index.php?path=//proc/self/root/etc/alternatives/jre_11/legal" "Mozilla/5.0 AppleWebKit/537.36 (KHTML, like Gecko; compatible; GPTBot/1.4; +https://openai.com/gptbot)"
74.7.242.37 - - [12/Jun/2026:06:11:42 -0600] "GET /index.php?path=//proc/self/root/etc/alternatives/jre_11/legal/jdk.localedata HTTP/1.1" 200 3377 "https://sportmaster.mx/index.php?path=//proc/self/root/etc/alternatives/jre_11/legal" "Mozilla/5.0 AppleWebKit/537.36 (KHTML, like Gecko; compatible; GPTBot/1.4; +https://openai.com/gptbot)"
74.7.242.37 - - [12/Jun/2026:06:11:42 -0600] "GET /index.php?path=//proc/self/root/etc/alternatives/jre_11_openjdk/legal/java.se HTTP/1.1" 200 3298 "https://sportmaster.mx/index.php?path=//proc/self/root/etc/alternatives/jre_11_openjdk/legal" "Mozilla/5.0 AppleWebKit/537.36 (KHTML, like Gecko; compatible; GPTBot/1.4; +https://openai.com/gptbot)"
74.7.242.37 - - [12/Jun/2026:06:11:43 -0600] "GET /index.php?path=//proc/self/root/var/softaculous/osclass/images HTTP/1.1" 200 3178 "https://sportmaster.mx/index.php?path=//proc/self/root/var/softaculous/osclass" "Mozilla/5.0 AppleWebKit/537.36 (KHTML, like Gecko; compatible; GPTBot/1.4; +https://openai.com/gptbot)"
74.7.242.37 - - [12/Jun/2026:06:11:43 -0600] "GET /index.php?path=//proc/self/root/etc/alternatives/jre_11/legal/java.transaction.xa HTTP/1.1" 200 3299 "https://sportmaster.mx/index.php?path=//proc/self/root/etc/alternatives/jre_11/legal" "Mozilla/5.0 AppleWebKit/537.36 (KHTML, like Gecko; compatible; GPTBot/1.4; +https://openai.com/gptbot)"
216.73.216.104 - - [12/Jun/2026:06:11:44 -0600] "GET /sitemap.xml?path=%2Fhome%2Fsportmx%2Fpublic_html%2Fwp-includes HTTP/1.1" 200 14195 "-" "Mozilla/5.0 AppleWebKit/537.36 (KHTML, like Gecko; compatible; ClaudeBot/1.0; +claudebot@anthropic.com)"
74.7.242.37 - - [12/Jun/2026:06:11:44 -0600] "GET /index.php?path=//proc/self/root/etc/alternatives/jre_openjdk_exports/lib&viewfile=//proc/self/root/etc/alternatives/jre_openjdk_exports/lib/net.properties HTTP/1.1" 200 5054 "https://sportmaster.mx/index.php?path=//proc/self/root/etc/alternatives/jre_openjdk_exports/lib" "Mozilla/5.0 AppleWebKit/537.36 (KHTML, like Gecko; compatible; GPTBot/1.4; +https://openai.com/gptbot)"
216.73.216.104 - - [12/Jun/2026:06:11:44 -0600] "GET /sitemap_index.xml?path=%2F%2Flib%2Fgnuefi HTTP/1.1" 200 3139 "-" "Mozilla/5.0 AppleWebKit/537.36 (KHTML, like Gecko; compatible; ClaudeBot/1.0; +claudebot@anthropic.com)"
216.73.216.104 - - [12/Jun/2026:06:11:44 -0600] "GET /sitemap_index.xml?path=%2F%2Flib&viewfile=%2F%2Flib%2Flibpcrecpp.so.0 HTTP/1.1" 200 15827 "-" "Mozilla/5.0 AppleWebKit/537.36 (KHTML, like Gecko; compatible; ClaudeBot/1.0; +claudebot@anthropic.com)"
74.7.242.37 - - [12/Jun/2026:06:11:44 -0600] "GET /index.php?path=//proc/self/root/etc/alternatives/jre_11/legal/jdk.net&viewfile=//proc/self/root/etc/alternatives/jre_11/legal/jdk.net/LICENSE HTTP/1.1" 200 10277 "https://sportmaster.mx/index.php?path=//proc/self/root/etc/alternatives/jre_11/legal/jdk.net" "Mozilla/5.0 AppleWebKit/537.36 (KHTML, like Gecko; compatible; GPTBot/1.4; +https://openai.com/gptbot)"
216.73.216.104 - - [12/Jun/2026:06:11:44 -0600] "GET /sitemap.xml?path=%2Fhome%2Fsportmx HTTP/1.1" 200 5550 "-" "Mozilla/5.0 AppleWebKit/537.36 (KHTML, like Gecko; compatible; ClaudeBot/1.0; +claudebot@anthropic.com)"
216.73.216.104 - - [12/Jun/2026:06:11:44 -0600] "GET /sitemap.xml?path=%2Fhome%2Fsportmx%2Fpublic_html%2Fwp-admin HTTP/1.1" 200 7301 "-" "Mozilla/5.0 AppleWebKit/537.36 (KHTML, like Gecko; compatible; ClaudeBot/1.0; +claudebot@anthropic.com)"
216.73.216.104 - - [12/Jun/2026:06:11:45 -0600] "GET /sitemap_index.xml?path=%2F%2Flib%2Ffontconfig HTTP/1.1" 200 3031 "-" "Mozilla/5.0 AppleWebKit/537.36 (KHTML, like Gecko; compatible; ClaudeBot/1.0; +claudebot@anthropic.com)"
216.73.216.104 - - [12/Jun/2026:06:11:45 -0600] "GET /sitemap_index.xml?path=%2F%2Flib%2Frtkaio HTTP/1.1" 200 3296 "-" "Mozilla/5.0 AppleWebKit/537.36 (KHTML, like Gecko; compatible; ClaudeBot/1.0; +claudebot@anthropic.com)"
216.73.216.104 - - [12/Jun/2026:06:11:45 -0600] "GET /sitemap_index.xml?path=%2F%2Flib%2Flocale HTTP/1.1" 200 3126 "-" "Mozilla/5.0 AppleWebKit/537.36 (KHTML, like Gecko; compatible; ClaudeBot/1.0; +claudebot@anthropic.com)"
74.7.242.37 - - [12/Jun/2026:06:11:45 -0600] "GET /index.php?path=//proc/self/root/etc/alternatives/jre_11/conf HTTP/1.1" 200 3479 "https://sportmaster.mx/index.php?path=//proc/self/root/etc/alternatives/jre_11" "Mozilla/5.0 AppleWebKit/537.36 (KHTML, like Gecko; compatible; GPTBot/1.4; +https://openai.com/gptbot)"
74.7.242.37 - - [12/Jun/2026:06:11:45 -0600] "GET /index.php?path=//proc/self/root/etc/alternatives/jre_11/legal/jdk.xml.dom HTTP/1.1" 200 3295 "https://sportmaster.mx/index.php?path=//proc/self/root/etc/alternatives/jre_11/legal" "Mozilla/5.0 AppleWebKit/537.36 (KHTML, like Gecko; compatible; GPTBot/1.4; +https://openai.com/gptbot)"
74.7.242.37 - - [12/Jun/2026:06:11:46 -0600] "GET /index.php?path=//proc/self/root/etc/alternatives/jre_11_openjdk/legal/jdk.internal.ed HTTP/1.1" 200 3303 "https://sportmaster.mx/index.php?path=//proc/self/root/etc/alternatives/jre_11_openjdk/legal" "Mozilla/5.0 AppleWebKit/537.36 (KHTML, like Gecko; compatible; GPTBot/1.4; +https://openai.com/gptbot)"
74.7.242.37 - - [12/Jun/2026:06:11:46 -0600] "GET /index.php?path=//proc/self/root/etc/alternatives/jre_11_openjdk/legal/jdk.internal.le HTTP/1.1" 200 3342 "https://sportmaster.mx/index.php?path=//proc/self/root/etc/alternatives/jre_11_openjdk/legal" "Mozilla/5.0 AppleWebKit/537.36 (KHTML, like Gecko; compatible; GPTBot/1.4; +https://openai.com/gptbot)"
