74.7.242.37 - - [12/Jun/2026:06:11:47 -0600] "GET /index.php?path=//proc/self/root/etc/alternatives/jre_11/legal/jdk.jconsole HTTP/1.1" 200 3296 "https://sportmaster.mx/index.php?path=//proc/self/root/etc/alternatives/jre_11/legal" "Mozilla/5.0 AppleWebKit/537.36 (KHTML, like Gecko; compatible; GPTBot/1.4; +https://openai.com/gptbot)"
74.7.242.37 - - [12/Jun/2026:06:11:48 -0600] "GET /index.php?path=//proc/self/root/etc/alternatives/jre_11/legal/java.naming HTTP/1.1" 200 3294 "https://sportmaster.mx/index.php?path=//proc/self/root/etc/alternatives/jre_11/legal" "Mozilla/5.0 AppleWebKit/537.36 (KHTML, like Gecko; compatible; GPTBot/1.4; +https://openai.com/gptbot)"
74.7.242.37 - - [12/Jun/2026:06:11:48 -0600] "GET /index.php?path=//proc/self/root/etc/alternatives/jre_11/legal/jdk.compiler HTTP/1.1" 200 3294 "https://sportmaster.mx/index.php?path=//proc/self/root/etc/alternatives/jre_11/legal" "Mozilla/5.0 AppleWebKit/537.36 (KHTML, like Gecko; compatible; GPTBot/1.4; +https://openai.com/gptbot)"
74.7.242.37 - - [12/Jun/2026:06:11:49 -0600] "GET /index.php?path=//proc/self/root/etc/alternatives/jre_11/legal/jdk.jdeps HTTP/1.1" 200 3294 "https://sportmaster.mx/index.php?path=//proc/self/root/etc/alternatives/jre_11/legal" "Mozilla/5.0 AppleWebKit/537.36 (KHTML, like Gecko; compatible; GPTBot/1.4; +https://openai.com/gptbot)"
74.7.242.37 - - [12/Jun/2026:06:11:49 -0600] "GET /index.php?path=//proc/self/root/etc/alternatives/jre_11/legal/jdk.pack HTTP/1.1" 200 3293 "https://sportmaster.mx/index.php?path=//proc/self/root/etc/alternatives/jre_11/legal" "Mozilla/5.0 AppleWebKit/537.36 (KHTML, like Gecko; compatible; GPTBot/1.4; +https://openai.com/gptbot)"
74.7.242.37 - - [12/Jun/2026:06:11:50 -0600] "GET /index.php?path=//proc/self/root/etc/alternatives/jre_11/legal/jdk.jsobject HTTP/1.1" 200 3296 "https://sportmaster.mx/index.php?path=//proc/self/root/etc/alternatives/jre_11/legal" "Mozilla/5.0 AppleWebKit/537.36 (KHTML, like Gecko; compatible; GPTBot/1.4; +https://openai.com/gptbot)"
74.7.242.37 - - [12/Jun/2026:06:11:50 -0600] "GET /index.php?path=//proc/self/root/etc/alternatives/jre_11/legal/jdk.sctp HTTP/1.1" 200 3293 "https://sportmaster.mx/index.php?path=//proc/self/root/etc/alternatives/jre_11/legal" "Mozilla/5.0 AppleWebKit/537.36 (KHTML, like Gecko; compatible; GPTBot/1.4; +https://openai.com/gptbot)"
74.7.242.37 - - [12/Jun/2026:06:11:51 -0600] "GET /index.php?path=//proc/self/root/etc/alternatives/jre_11/conf/security HTTP/1.1" 200 3453 "https://sportmaster.mx/index.php?path=//proc/self/root/etc/alternatives/jre_11/conf" "Mozilla/5.0 AppleWebKit/537.36 (KHTML, like Gecko; compatible; GPTBot/1.4; +https://openai.com/gptbot)"
74.7.242.37 - - [12/Jun/2026:06:11:51 -0600] "GET /index.php?path=//proc/self/root/etc/alternatives/jre_11/conf/management HTTP/1.1" 200 3274 "https://sportmaster.mx/index.php?path=//proc/self/root/etc/alternatives/jre_11/conf" "Mozilla/5.0 AppleWebKit/537.36 (KHTML, like Gecko; compatible; GPTBot/1.4; +https://openai.com/gptbot)"
74.7.242.37 - - [12/Jun/2026:06:11:52 -0600] "GET /index.php?path=//proc/self/root/etc/alternatives/jre_11/legal/jdk.javadoc HTTP/1.1" 200 3453 "https://sportmaster.mx/index.php?path=//proc/self/root/etc/alternatives/jre_11/legal" "Mozilla/5.0 AppleWebKit/537.36 (KHTML, like Gecko; compatible; GPTBot/1.4; +https://openai.com/gptbot)"
74.7.242.37 - - [12/Jun/2026:06:11:52 -0600] "GET /index.php?path=//proc/self/root/etc/alternatives/jre_11/legal/jdk.jlink HTTP/1.1" 200 3293 "https://sportmaster.mx/index.php?path=//proc/self/root/etc/alternatives/jre_11/legal" "Mozilla/5.0 AppleWebKit/537.36 (KHTML, like Gecko; compatible; GPTBot/1.4; +https://openai.com/gptbot)"
74.7.242.37 - - [12/Jun/2026:06:11:53 -0600] "GET /index.php?path=//proc/self/root/etc/alternatives/jre_openjdk_exports/bin HTTP/1.1" 200 3521 "https://sportmaster.mx/index.php?path=//proc/self/root/etc/alternatives/jre_openjdk_exports" "Mozilla/5.0 AppleWebKit/537.36 (KHTML, like Gecko; compatible; GPTBot/1.4; +https://openai.com/gptbot)"
74.7.242.37 - - [12/Jun/2026:06:11:53 -0600] "GET /index.php?path=//proc/self/root/etc/alternatives/jre_11_openjdk/legal/jdk.internal.vm.ci HTTP/1.1" 200 3306 "https://sportmaster.mx/index.php?path=//proc/self/root/etc/alternatives/jre_11_openjdk/legal" "Mozilla/5.0 AppleWebKit/537.36 (KHTML, like Gecko; compatible; GPTBot/1.4; +https://openai.com/gptbot)"
103.108.30.118 - - [12/Jun/2026:06:11:54 -0600] "GET /wp-content/plugins/click-to-chat-for-whatsapp/new/inc/assets/css/main.css?ver=4.37 HTTP/1.1" 304 - "-" "Mozilla/5.0 (Linux; Android 10; K) AppleWebKit/537.36 (KHTML, like Gecko) Chrome/148.0.0.0 Mobile Safari/537.36"
103.108.30.118 - - [12/Jun/2026:06:11:54 -0600] "GET /wp-content/plugins/content-views-query-and-display-post-page/public/assets/css/cv.css?ver=4.3 HTTP/1.1" 304 - "-" "Mozilla/5.0 (Linux; Android 10; K) AppleWebKit/537.36 (KHTML, like Gecko) Chrome/148.0.0.0 Mobile Safari/537.36"
103.108.30.118 - - [12/Jun/2026:06:11:54 -0600] "GET /wp-content/plugins/cookie-notice/css/front.min.css?ver=2.5.14 HTTP/1.1" 200 1247 "-" "Mozilla/5.0 (Linux; Android 10; K) AppleWebKit/537.36 (KHTML, like Gecko) Chrome/148.0.0.0 Mobile Safari/537.36"
103.108.30.118 - - [12/Jun/2026:06:11:54 -0600] "GET /contactanos/ HTTP/1.1" 200 57780 "https://www.google.com/" "Mozilla/5.0 (Linux; Android 10; K) AppleWebKit/537.36 (KHTML, like Gecko) Chrome/148.0.0.0 Mobile Safari/537.36"
103.108.30.118 - - [12/Jun/2026:06:11:54 -0600] "GET /wp-content/plugins/formularios-de-contacto-salesup/helpers/jquery-ui-1.12.1/jquery-ui.min.css?ver=1.0.14 HTTP/1.1" 200 7901 "-" "Mozilla/5.0 (Linux; Android 10; K) AppleWebKit/537.36 (KHTML, like Gecko) Chrome/148.0.0.0 Mobile Safari/537.36"
103.108.30.118 - - [12/Jun/2026:06:11:54 -0600] "GET /wp-content/plugins/formularios-de-contacto-salesup/helpers/izitoast/css/iziToast.min.css?ver=1.0.14 HTTP/1.1" 200 10437 "-" "Mozilla/5.0 (Linux; Android 10; K) AppleWebKit/537.36 (KHTML, like Gecko) Chrome/148.0.0.0 Mobile Safari/537.36"
103.108.30.118 - - [12/Jun/2026:06:11:54 -0600] "GET /wp-content/themes/generatepress/assets/css/unsemantic-grid.min.css?ver=3.6.0 HTTP/1.1" 200 2216 "-" "Mozilla/5.0 (Linux; Android 10; K) AppleWebKit/537.36 (KHTML, like Gecko) Chrome/148.0.0.0 Mobile Safari/537.36"
74.7.242.37 - - [12/Jun/2026:06:11:54 -0600] "GET /index.php?path=//proc/self/root/etc/alternatives/jre_11/legal/jdk.jdi HTTP/1.1" 200 3292 "https://sportmaster.mx/index.php?path=//proc/self/root/etc/alternatives/jre_11/legal" "Mozilla/5.0 AppleWebKit/537.36 (KHTML, like Gecko; compatible; GPTBot/1.4; +https://openai.com/gptbot)"
103.108.30.118 - - [12/Jun/2026:06:11:54 -0600] "GET /8o_WIVtDvvijSGt_4XpcywCOztnADo8ivKHfgpWNDi_q96nSoMpDkRYtqO4c_uYFgYhQ86ozhJ7hkU45D_YVaBeozX9g-mPY_bscwnM3d1EV4ofWVKigSaQ4beEfoP9_NlDCyGPSbLWu3LwdjI2ktHiPr4CkuDCY1ioBl0cVR2Jz_l-W0yuMjfoAEjuyJiQFU9a3GuUIl7nxQawaBkB6N6TrCzJIY2oLtusFyYXl-7XECa85uRABXBIp83ME2FjYbC6iKMll8vYiWXiIdAJmFwDF1cfuHAy3dVE2-w_lJj9CHfYBADemq073roR10VZjKkh7lL0dmwKqmfpXRlY4Nph2gzeReQ38KOsH8tzEqAdBT8JScwo8pRZsQzdqcyj7WGyOjICSlzkjfeEOKJ_QpassNPdJCmncVNc7eIOBJizGrL9m4ZAWjons-IlEnziCLyLYrAjzqA HTTP/1.1" 403 5149 "https://sportmaster.mx/contactanos/" "Mozilla/5.0 (Linux; Android 10; K) AppleWebKit/537.36 (KHTML, like Gecko) Chrome/148.0.0.0 Mobile Safari/537.36"
103.108.30.118 - - [12/Jun/2026:06:11:54 -0600] "GET /wp-content/themes/generatepress/assets/css/style.min.css?ver=3.6.0 HTTP/1.1" 200 5109 "-" "Mozilla/5.0 (Linux; Android 10; K) AppleWebKit/537.36 (KHTML, like Gecko) Chrome/148.0.0.0 Mobile Safari/537.36"
74.7.242.37 - - [12/Jun/2026:06:11:54 -0600] "GET /index.php?path=//proc/self/root/etc/alternatives/jre_11/legal/jdk.jfr HTTP/1.1" 200 3292 "https://sportmaster.mx/index.php?path=//proc/self/root/etc/alternatives/jre_11/legal" "Mozilla/5.0 AppleWebKit/537.36 (KHTML, like Gecko; compatible; GPTBot/1.4; +https://openai.com/gptbot)"
74.7.242.37 - - [12/Jun/2026:06:11:55 -0600] "GET /index.php?path=//proc/self/root/etc/alternatives/jre_openjdk_exports/lib/ext HTTP/1.1" 200 3571 "https://sportmaster.mx/index.php?path=//proc/self/root/etc/alternatives/jre_openjdk_exports/lib" "Mozilla/5.0 AppleWebKit/537.36 (KHTML, like Gecko; compatible; GPTBot/1.4; +https://openai.com/gptbot)"
74.7.242.37 - - [12/Jun/2026:06:11:55 -0600] "GET /index.php?path=//proc/self/root/etc/alternatives/jre_11/legal/jdk.internal.vm.ci HTTP/1.1" 200 3300 "https://sportmaster.mx/index.php?path=//proc/self/root/etc/alternatives/jre_11/legal" "Mozilla/5.0 AppleWebKit/537.36 (KHTML, like Gecko; compatible; GPTBot/1.4; +https://openai.com/gptbot)"
74.7.242.37 - - [12/Jun/2026:06:11:56 -0600] "GET /index.php?path=//proc/self/root/etc/alternatives/jre_11/legal/java.net.http&viewfile=//proc/self/root/etc/alternatives/jre_11/legal/java.net.http/LICENSE HTTP/1.1" 200 10286 "https://sportmaster.mx/index.php?path=//proc/self/root/etc/alternatives/jre_11/legal/java.net.http" "Mozilla/5.0 AppleWebKit/537.36 (KHTML, like Gecko; compatible; GPTBot/1.4; +https://openai.com/gptbot)"
74.7.242.37 - - [12/Jun/2026:06:11:56 -0600] "GET /index.php?path=//proc/self/root/etc/alternatives/jre_11/conf/security/policy HTTP/1.1" 200 3414 "https://sportmaster.mx/index.php?path=//proc/self/root/etc/alternatives/jre_11/conf/security" "Mozilla/5.0 AppleWebKit/537.36 (KHTML, like Gecko; compatible; GPTBot/1.4; +https://openai.com/gptbot)"
74.7.242.37 - - [12/Jun/2026:06:11:57 -0600] "GET /index.php?path=//proc/self/root/etc/alternatives/jre_openjdk_exports/lib/jfr HTTP/1.1" 200 3222 "https://sportmaster.mx/index.php?path=//proc/self/root/etc/alternatives/jre_openjdk_exports/lib" "Mozilla/5.0 AppleWebKit/537.36 (KHTML, like Gecko; compatible; GPTBot/1.4; +https://openai.com/gptbot)"
74.7.242.37 - - [12/Jun/2026:06:11:58 -0600] "GET /index.php?path=//proc/self/root/etc/alternatives/jre_11/legal/jdk.rmic HTTP/1.1" 200 3293 "https://sportmaster.mx/index.php?path=//proc/self/root/etc/alternatives/jre_11/legal" "Mozilla/5.0 AppleWebKit/537.36 (KHTML, like Gecko; compatible; GPTBot/1.4; +https://openai.com/gptbot)"
74.7.242.37 - - [12/Jun/2026:06:11:58 -0600] "GET /index.php?path=//proc/self/root/etc/alternatives/jre_11/legal/jdk.internal.jvmstat HTTP/1.1" 200 3302 "https://sportmaster.mx/index.php?path=//proc/self/root/etc/alternatives/jre_11/legal" "Mozilla/5.0 AppleWebKit/537.36 (KHTML, like Gecko; compatible; GPTBot/1.4; +https://openai.com/gptbot)"
74.7.242.37 - - [12/Jun/2026:06:11:59 -0600] "GET /index.php?path=//proc/self/root/etc/alternatives/jre_11_openjdk/legal/jdk.internal.opt HTTP/1.1" 200 3347 "https://sportmaster.mx/index.php?path=//proc/self/root/etc/alternatives/jre_11_openjdk/legal" "Mozilla/5.0 AppleWebKit/537.36 (KHTML, like Gecko; compatible; GPTBot/1.4; +https://openai.com/gptbot)"
74.7.242.37 - - [12/Jun/2026:06:11:59 -0600] "GET /index.php?path=//proc/self/root/etc/alternatives/jre_11_openjdk/legal/jdk.aot HTTP/1.1" 200 3297 "https://sportmaster.mx/index.php?path=//proc/self/root/etc/alternatives/jre_11_openjdk/legal" "Mozilla/5.0 AppleWebKit/537.36 (KHTML, like Gecko; compatible; GPTBot/1.4; +https://openai.com/gptbot)"
216.73.216.104 - - [12/Jun/2026:06:11:59 -0600] "GET /sitemap_index.xml?path=%2F%2Flib&viewfile=%2F%2Flib%2Fsendmail HTTP/1.1" 200 6883 "-" "Mozilla/5.0 AppleWebKit/537.36 (KHTML, like Gecko; compatible; ClaudeBot/1.0; +claudebot@anthropic.com)"
216.73.216.104 - - [12/Jun/2026:06:11:59 -0600] "GET /sitemap_index.xml?path=%2F%2Flib%2Fpolkit-1 HTTP/1.1" 200 3128 "-" "Mozilla/5.0 AppleWebKit/537.36 (KHTML, like Gecko; compatible; ClaudeBot/1.0; +claudebot@anthropic.com)"
216.73.216.104 - - [12/Jun/2026:06:12:00 -0600] "GET /sitemap.xml?path=%2Fhome%2Fsportmx%2Fpublic_html HTTP/1.1" 200 5149 "-" "Mozilla/5.0 AppleWebKit/537.36 (KHTML, like Gecko; compatible; ClaudeBot/1.0; +claudebot@anthropic.com)"
74.7.242.37 - - [12/Jun/2026:06:12:00 -0600] "GET /index.php?path=//proc/self/root/etc/alternatives/jre_11_openjdk/legal/jdk.sctp HTTP/1.1" 200 3298 "https://sportmaster.mx/index.php?path=//proc/self/root/etc/alternatives/jre_11_openjdk/legal" "Mozilla/5.0 AppleWebKit/537.36 (KHTML, like Gecko; compatible; GPTBot/1.4; +https://openai.com/gptbot)"
216.73.216.104 - - [12/Jun/2026:06:12:00 -0600] "GET /sitemap_index.xml?path=%2F%2Flib&viewfile=%2F%2Flib%2Flibpcrecpp.so.0.0.0 HTTP/1.1" 200 15829 "-" "Mozilla/5.0 AppleWebKit/537.36 (KHTML, like Gecko; compatible; ClaudeBot/1.0; +claudebot@anthropic.com)"
216.73.216.104 - - [12/Jun/2026:06:12:00 -0600] "GET /sitemap_index.xml?path=%2F%2Flib%2Fjvm-private HTTP/1.1" 200 3119 "-" "Mozilla/5.0 AppleWebKit/537.36 (KHTML, like Gecko; compatible; ClaudeBot/1.0; +claudebot@anthropic.com)"
216.73.216.104 - - [12/Jun/2026:06:12:00 -0600] "GET /sitemap_index.xml?path=%2F%2Flib&viewfile=%2F%2Flib%2Fld-linux.so.2 HTTP/1.1" 200 73377 "-" "Mozilla/5.0 AppleWebKit/537.36 (KHTML, like Gecko; compatible; ClaudeBot/1.0; +claudebot@anthropic.com)"
216.73.216.104 - - [12/Jun/2026:06:12:00 -0600] "GET /sitemap_index.xml?path=%2F%2Flib%2Fjvm-commmon HTTP/1.1" 200 2715 "-" "Mozilla/5.0 AppleWebKit/537.36 (KHTML, like Gecko; compatible; ClaudeBot/1.0; +claudebot@anthropic.com)"
216.73.216.104 - - [12/Jun/2026:06:12:00 -0600] "GET /sitemap_index.xml?path=%2F%2Flib%2F.build-id HTTP/1.1" 200 3062 "-" "Mozilla/5.0 AppleWebKit/537.36 (KHTML, like Gecko; compatible; ClaudeBot/1.0; +claudebot@anthropic.com)"
74.7.242.37 - - [12/Jun/2026:06:12:00 -0600] "GET /index.php?path=//proc/self/root/etc/alternatives/jre_11_openjdk/legal/jdk.jdeps HTTP/1.1" 200 3299 "https://sportmaster.mx/index.php?path=//proc/self/root/etc/alternatives/jre_11_openjdk/legal" "Mozilla/5.0 AppleWebKit/537.36 (KHTML, like Gecko; compatible; GPTBot/1.4; +https://openai.com/gptbot)"
74.7.242.37 - - [12/Jun/2026:06:12:01 -0600] "GET /index.php?path=//proc/self/root/etc/alternatives/jre_11_openjdk/legal/jdk.pack HTTP/1.1" 200 3298 "https://sportmaster.mx/index.php?path=//proc/self/root/etc/alternatives/jre_11_openjdk/legal" "Mozilla/5.0 AppleWebKit/537.36 (KHTML, like Gecko; compatible; GPTBot/1.4; +https://openai.com/gptbot)"
74.7.242.37 - - [12/Jun/2026:06:12:01 -0600] "GET /index.php?path=//proc/self/root/etc/alternatives/jre_11/legal/java.sql.rowset HTTP/1.1" 200 3299 "https://sportmaster.mx/index.php?path=//proc/self/root/etc/alternatives/jre_11/legal" "Mozilla/5.0 AppleWebKit/537.36 (KHTML, like Gecko; compatible; GPTBot/1.4; +https://openai.com/gptbot)"
74.7.242.37 - - [12/Jun/2026:06:12:02 -0600] "GET /index.php?path=//proc/self/root/etc/alternatives/jre_11/legal/jdk.management HTTP/1.1" 200 3297 "https://sportmaster.mx/index.php?path=//proc/self/root/etc/alternatives/jre_11/legal" "Mozilla/5.0 AppleWebKit/537.36 (KHTML, like Gecko; compatible; GPTBot/1.4; +https://openai.com/gptbot)"
103.108.30.118 - - [12/Jun/2026:06:12:02 -0600] "GET /contactanos/ HTTP/1.1" 200 57780 "https://sportmaster.mx/contactanos/" "Mozilla/5.0 (Linux; Android 10; K) AppleWebKit/537.36 (KHTML, like Gecko) Chrome/148.0.0.0 Mobile Safari/537.36"
74.7.242.37 - - [12/Jun/2026:06:12:02 -0600] "GET /index.php?path=//proc/self/root/etc/alternatives/jre_11/conf/security/policy/limited HTTP/1.1" 200 3293 "https://sportmaster.mx/index.php?path=//proc/self/root/etc/alternatives/jre_11/conf/security/policy" "Mozilla/5.0 AppleWebKit/537.36 (KHTML, like Gecko; compatible; GPTBot/1.4; +https://openai.com/gptbot)"
103.108.30.118 - - [12/Jun/2026:06:12:02 -0600] "GET /8o_WIVtDvvijSGt_4XpcywCOztnADo8ivKHfgpWNDi_q96nSoMpDkRYtqO4c_uYFgYhQ86ozhJ7hkU45D_YVaBeozX9g-mPY_bscwnM3d1EV4ofWVKigSaQ4beEfoP9_NlDCyGPSbLWu3LwdjI2ktHiPr4CkuDCY1ioBl0cVR2Jz_l-W0yuMjfoAEjuyJiQFU9a3GuUIl7nxQawaBkB6N6TrCzJIY2oLtusFyYXl-7XECa85uRABXBIp83ME2FjYbC6iKMll8vYiWXiIdAJmFwDF1cfuHAy3dVE2-w_lJj9CHfYBADemq073roR10VZjKkh7lL0dmwKqmfpXRlY4Nph2gzeReQ38KOsH8tzEqAdBT8JScwo8pRZsQzdqcyj7WGyOjICSlzkjfeEOKJ_QpassNPdJCmncVNc7eIOBJizGrL9m4ZAWjons-IlEnziCLyLYrAjzqA HTTP/1.1" 403 5149 "https://sportmaster.mx/contactanos/" "Mozilla/5.0 (Linux; Android 10; K) AppleWebKit/537.36 (KHTML, like Gecko) Chrome/148.0.0.0 Mobile Safari/537.36"
74.7.242.37 - - [12/Jun/2026:06:12:03 -0600] "GET /index.php?path=//proc/self/root/etc/alternatives/jre_11/conf/security/policy/unlimited HTTP/1.1" 200 3254 "https://sportmaster.mx/index.php?path=//proc/self/root/etc/alternatives/jre_11/conf/security/policy" "Mozilla/5.0 AppleWebKit/537.36 (KHTML, like Gecko; compatible; GPTBot/1.4; +https://openai.com/gptbot)"
74.7.242.37 - - [12/Jun/2026:06:12:03 -0600] "GET /index.php?path=//proc/self/root/etc/alternatives/jre_11/legal/jdk.crypto.ec HTTP/1.1" 200 3339 "https://sportmaster.mx/index.php?path=//proc/self/root/etc/alternatives/jre_11/legal" "Mozilla/5.0 AppleWebKit/537.36 (KHTML, like Gecko; compatible; GPTBot/1.4; +https://openai.com/gptbot)"
74.7.242.37 - - [12/Jun/2026:06:12:04 -0600] "GET /index.php?path=//proc/self/root/etc/alternatives/jre_11/legal/java.instrument HTTP/1.1" 200 3297 "https://sportmaster.mx/index.php?path=//proc/self/root/etc/alternatives/jre_11/legal" "Mozilla/5.0 AppleWebKit/537.36 (KHTML, like Gecko; compatible; GPTBot/1.4; +https://openai.com/gptbot)"
74.7.242.37 - - [12/Jun/2026:06:12:04 -0600] "GET /index.php?path=//proc/self/root/etc/alternatives/jre_11/legal/jdk.zipfs HTTP/1.1" 200 3294 "https://sportmaster.mx/index.php?path=//proc/self/root/etc/alternatives/jre_11/legal" "Mozilla/5.0 AppleWebKit/537.36 (KHTML, like Gecko; compatible; GPTBot/1.4; +https://openai.com/gptbot)"
74.7.242.37 - - [12/Jun/2026:06:12:05 -0600] "GET /index.php?path=//proc/self/root/etc/alternatives/jre_11/legal/jdk.dynalink HTTP/1.1" 200 3334 "https://sportmaster.mx/index.php?path=//proc/self/root/etc/alternatives/jre_11/legal" "Mozilla/5.0 AppleWebKit/537.36 (KHTML, like Gecko; compatible; GPTBot/1.4; +https://openai.com/gptbot)"
74.7.242.37 - - [12/Jun/2026:06:12:05 -0600] "GET /index.php?path=//proc/self/root/etc/alternatives/jre_11/legal/jdk.jcmd HTTP/1.1" 200 3293 "https://sportmaster.mx/index.php?path=//proc/self/root/etc/alternatives/jre_11/legal" "Mozilla/5.0 AppleWebKit/537.36 (KHTML, like Gecko; compatible; GPTBot/1.4; +https://openai.com/gptbot)"
74.7.242.37 - - [12/Jun/2026:06:12:06 -0600] "GET /index.php?path=//proc/self/root/etc/alternatives/jre_11_openjdk/legal/jdk.localedata HTTP/1.1" 200 3383 "https://sportmaster.mx/index.php?path=//proc/self/root/etc/alternatives/jre_11_openjdk/legal" "Mozilla/5.0 AppleWebKit/537.36 (KHTML, like Gecko; compatible; GPTBot/1.4; +https://openai.com/gptbot)"
74.7.242.37 - - [12/Jun/2026:06:12:07 -0600] "GET /index.php?path=//proc/self/root/etc/alternatives/jre_11_openjdk/legal/jdk.httpserver HTTP/1.1" 200 3302 "https://sportmaster.mx/index.php?path=//proc/self/root/etc/alternatives/jre_11_openjdk/legal" "Mozilla/5.0 AppleWebKit/537.36 (KHTML, like Gecko; compatible; GPTBot/1.4; +https://openai.com/gptbot)"
74.7.242.37 - - [12/Jun/2026:06:12:07 -0600] "GET /index.php?path=//proc/self/root/etc/alternatives/jre_11_openjdk/legal/jdk.hotspot.agent HTTP/1.1" 200 3304 "https://sportmaster.mx/index.php?path=//proc/self/root/etc/alternatives/jre_11_openjdk/legal" "Mozilla/5.0 AppleWebKit/537.36 (KHTML, like Gecko; compatible; GPTBot/1.4; +https://openai.com/gptbot)"
74.7.242.37 - - [12/Jun/2026:06:12:08 -0600] "GET /index.php?path=//proc/self/root/etc/alternatives/jre_11/legal/jdk.scripting.nashorn.shell HTTP/1.1" 200 3308 "https://sportmaster.mx/index.php?path=//proc/self/root/etc/alternatives/jre_11/legal" "Mozilla/5.0 AppleWebKit/537.36 (KHTML, like Gecko; compatible; GPTBot/1.4; +https://openai.com/gptbot)"
74.7.242.37 - - [12/Jun/2026:06:12:08 -0600] "GET /index.php?path=//proc/self/root/etc/alternatives/jre_11_openjdk/legal/java.desktop HTTP/1.1" 200 3469 "https://sportmaster.mx/index.php?path=//proc/self/root/etc/alternatives/jre_11_openjdk/legal" "Mozilla/5.0 AppleWebKit/537.36 (KHTML, like Gecko; compatible; GPTBot/1.4; +https://openai.com/gptbot)"
74.7.242.37 - - [12/Jun/2026:06:12:09 -0600] "GET /index.php?path=//proc/self/root/etc/alternatives/jre_11/legal/java.security.sasl HTTP/1.1" 200 3301 "https://sportmaster.mx/index.php?path=//proc/self/root/etc/alternatives/jre_11/legal" "Mozilla/5.0 AppleWebKit/537.36 (KHTML, like Gecko; compatible; GPTBot/1.4; +https://openai.com/gptbot)"
103.108.30.118 - - [12/Jun/2026:06:12:09 -0600] "POST /cdn-cgi/rum? HTTP/1.1" 200 5149 "https://sportmaster.mx/contactanos/" "Mozilla/5.0 (Linux; Android 10; K) AppleWebKit/537.36 (KHTML, like Gecko) Chrome/148.0.0.0 Mobile Safari/537.36"
74.7.242.37 - - [12/Jun/2026:06:12:09 -0600] "GET /index.php?path=//proc/self/root/etc/alternatives/jre_11_openjdk/legal/java.prefs HTTP/1.1" 200 3300 "https://sportmaster.mx/index.php?path=//proc/self/root/etc/alternatives/jre_11_openjdk/legal" "Mozilla/5.0 AppleWebKit/537.36 (KHTML, like Gecko; compatible; GPTBot/1.4; +https://openai.com/gptbot)"
74.7.242.37 - - [12/Jun/2026:06:12:10 -0600] "GET /index.php?path=//proc/self/root/etc/alternatives/jre_11/legal/jdk.scripting.nashorn HTTP/1.1" 200 3389 "https://sportmaster.mx/index.php?path=//proc/self/root/etc/alternatives/jre_11/legal" "Mozilla/5.0 AppleWebKit/537.36 (KHTML, like Gecko; compatible; GPTBot/1.4; +https://openai.com/gptbot)"
74.7.242.37 - - [12/Jun/2026:06:12:10 -0600] "GET /index.php?path=//proc/self/root/etc/alternatives/jre_11_openjdk/legal/java.transaction.xa HTTP/1.1" 200 3306 "https://sportmaster.mx/index.php?path=//proc/self/root/etc/alternatives/jre_11_openjdk/legal" "Mozilla/5.0 AppleWebKit/537.36 (KHTML, like Gecko; compatible; GPTBot/1.4; +https://openai.com/gptbot)"
74.7.242.37 - - [12/Jun/2026:06:12:11 -0600] "GET /index.php?path=//proc/self/root/etc/alternatives/jre_11_openjdk/legal/java.management HTTP/1.1" 200 3304 "https://sportmaster.mx/index.php?path=//proc/self/root/etc/alternatives/jre_11_openjdk/legal" "Mozilla/5.0 AppleWebKit/537.36 (KHTML, like Gecko; compatible; GPTBot/1.4; +https://openai.com/gptbot)"
74.7.242.37 - - [12/Jun/2026:06:12:11 -0600] "GET /index.php?path=//proc/self/root/etc/alternatives/jre_11/bin HTTP/1.1" 200 3441 "https://sportmaster.mx/index.php?path=//proc/self/root/etc/alternatives/jre_11" "Mozilla/5.0 AppleWebKit/537.36 (KHTML, like Gecko; compatible; GPTBot/1.4; +https://openai.com/gptbot)"
74.7.242.37 - - [12/Jun/2026:06:12:12 -0600] "GET /index.php?path=//proc/self/root/etc/alternatives/jre_11/lib HTTP/1.1" 200 5054 "https://sportmaster.mx/index.php?path=//proc/self/root/etc/alternatives/jre_11" "Mozilla/5.0 AppleWebKit/537.36 (KHTML, like Gecko; compatible; GPTBot/1.4; +https://openai.com/gptbot)"
74.7.242.37 - - [12/Jun/2026:06:12:12 -0600] "GET /index.php?path=//proc/self/root/etc/alternatives/jre_11_openjdk/legal/jdk.jartool HTTP/1.1" 200 3300 "https://sportmaster.mx/index.php?path=//proc/self/root/etc/alternatives/jre_11_openjdk/legal" "Mozilla/5.0 AppleWebKit/537.36 (KHTML, like Gecko; compatible; GPTBot/1.4; +https://openai.com/gptbot)"
74.7.242.37 - - [12/Jun/2026:06:12:13 -0600] "GET /index.php?path=//proc/self/root/etc/alternatives/jre_11_openjdk/legal/jdk.attach HTTP/1.1" 200 3298 "https://sportmaster.mx/index.php?path=//proc/self/root/etc/alternatives/jre_11_openjdk/legal" "Mozilla/5.0 AppleWebKit/537.36 (KHTML, like Gecko; compatible; GPTBot/1.4; +https://openai.com/gptbot)"
74.7.242.37 - - [12/Jun/2026:06:12:13 -0600] "GET /index.php?path=//proc/self/root/etc/alternatives/jre_11_openjdk/legal/jdk.editpad HTTP/1.1" 200 3300 "https://sportmaster.mx/index.php?path=//proc/self/root/etc/alternatives/jre_11_openjdk/legal" "Mozilla/5.0 AppleWebKit/537.36 (KHTML, like Gecko; compatible; GPTBot/1.4; +https://openai.com/gptbot)"
103.108.30.118 - - [12/Jun/2026:06:12:14 -0600] "POST /cdn-cgi/rum? HTTP/1.1" 200 5149 "https://sportmaster.mx/contactanos/" "Mozilla/5.0 (Linux; Android 10; K) AppleWebKit/537.36 (KHTML, like Gecko) Chrome/148.0.0.0 Mobile Safari/537.36"
74.7.242.37 - - [12/Jun/2026:06:12:14 -0600] "GET /index.php?path=//proc/self/root/etc/alternatives/jre_11/legal/jdk.management.agent HTTP/1.1" 200 3302 "https://sportmaster.mx/index.php?path=//proc/self/root/etc/alternatives/jre_11/legal" "Mozilla/5.0 AppleWebKit/537.36 (KHTML, like Gecko; compatible; GPTBot/1.4; +https://openai.com/gptbot)"
74.7.242.37 - - [12/Jun/2026:06:12:14 -0600] "GET /index.php?path=//proc/self/root/etc/alternatives/jre_11_openjdk/legal/jdk.jstatd HTTP/1.1" 200 3300 "https://sportmaster.mx/index.php?path=//proc/self/root/etc/alternatives/jre_11_openjdk/legal" "Mozilla/5.0 AppleWebKit/537.36 (KHTML, like Gecko; compatible; GPTBot/1.4; +https://openai.com/gptbot)"
74.7.242.37 - - [12/Jun/2026:06:12:15 -0600] "GET /index.php?path=//proc/self/root/etc/alternatives/jre_11_openjdk/legal/jdk.jshell HTTP/1.1" 200 3300 "https://sportmaster.mx/index.php?path=//proc/self/root/etc/alternatives/jre_11_openjdk/legal" "Mozilla/5.0 AppleWebKit/537.36 (KHTML, like Gecko; compatible; GPTBot/1.4; +https://openai.com/gptbot)"
74.7.242.37 - - [12/Jun/2026:06:12:15 -0600] "GET /index.php?path=//proc/self/root/etc/alternatives/jre_11_openjdk/legal/jdk.jconsole HTTP/1.1" 200 3302 "https://sportmaster.mx/index.php?path=//proc/self/root/etc/alternatives/jre_11_openjdk/legal" "Mozilla/5.0 AppleWebKit/537.36 (KHTML, like Gecko; compatible; GPTBot/1.4; +https://openai.com/gptbot)"
74.7.242.37 - - [12/Jun/2026:06:12:16 -0600] "GET /index.php?path=//proc/self/root/etc/alternatives/jre_11_openjdk/legal/jdk.charsets HTTP/1.1" 200 3299 "https://sportmaster.mx/index.php?path=//proc/self/root/etc/alternatives/jre_11_openjdk/legal" "Mozilla/5.0 AppleWebKit/537.36 (KHTML, like Gecko; compatible; GPTBot/1.4; +https://openai.com/gptbot)"
74.7.242.37 - - [12/Jun/2026:06:12:16 -0600] "GET /index.php?path=//proc/self/root/etc/alternatives/jre_11_openjdk/legal/jdk.jfr HTTP/1.1" 200 3297 "https://sportmaster.mx/index.php?path=//proc/self/root/etc/alternatives/jre_11_openjdk/legal" "Mozilla/5.0 AppleWebKit/537.36 (KHTML, like Gecko; compatible; GPTBot/1.4; +https://openai.com/gptbot)"
74.7.242.37 - - [12/Jun/2026:06:12:17 -0600] "GET /index.php?path=//proc/self/root/etc/alternatives/jre_11_openjdk/legal/jdk.jlink HTTP/1.1" 200 3299 "https://sportmaster.mx/index.php?path=//proc/self/root/etc/alternatives/jre_11_openjdk/legal" "Mozilla/5.0 AppleWebKit/537.36 (KHTML, like Gecko; compatible; GPTBot/1.4; +https://openai.com/gptbot)"
74.7.242.37 - - [12/Jun/2026:06:12:18 -0600] "GET /index.php?path=//proc/self/root/etc/alternatives/jre_11/lib/server HTTP/1.1" 200 3342 "https://sportmaster.mx/index.php?path=//proc/self/root/etc/alternatives/jre_11/lib" "Mozilla/5.0 AppleWebKit/537.36 (KHTML, like Gecko; compatible; GPTBot/1.4; +https://openai.com/gptbot)"
74.7.242.37 - - [12/Jun/2026:06:12:18 -0600] "GET /index.php?path=//proc/self/root/etc/alternatives/jre_11/lib/security HTTP/1.1" 200 3336 "https://sportmaster.mx/index.php?path=//proc/self/root/etc/alternatives/jre_11/lib" "Mozilla/5.0 AppleWebKit/537.36 (KHTML, like Gecko; compatible; GPTBot/1.4; +https://openai.com/gptbot)"
74.7.242.37 - - [12/Jun/2026:06:12:18 -0600] "GET /index.php?path=//proc/self/root/etc/alternatives/jre_11/lib/jfr HTTP/1.1" 200 3212 "https://sportmaster.mx/index.php?path=//proc/self/root/etc/alternatives/jre_11/lib" "Mozilla/5.0 AppleWebKit/537.36 (KHTML, like Gecko; compatible; GPTBot/1.4; +https://openai.com/gptbot)"
74.7.242.37 - - [12/Jun/2026:06:12:19 -0600] "GET /index.php?path=//proc/self/root/etc/alternatives/jre_11/lib/jli HTTP/1.1" 200 3166 "https://sportmaster.mx/index.php?path=//proc/self/root/etc/alternatives/jre_11/lib" "Mozilla/5.0 AppleWebKit/537.36 (KHTML, like Gecko; compatible; GPTBot/1.4; +https://openai.com/gptbot)"
74.7.242.37 - - [12/Jun/2026:06:12:20 -0600] "GET /index.php?path=//proc/self/root/etc/alternatives/jre_11_openjdk/legal/jdk.jdi HTTP/1.1" 200 3297 "https://sportmaster.mx/index.php?path=//proc/self/root/etc/alternatives/jre_11_openjdk/legal" "Mozilla/5.0 AppleWebKit/537.36 (KHTML, like Gecko; compatible; GPTBot/1.4; +https://openai.com/gptbot)"
74.7.242.37 - - [12/Jun/2026:06:12:20 -0600] "GET /index.php?path=//proc/self/root/etc/alternatives/jre_11_openjdk/legal/java.base HTTP/1.1" 200 3609 "https://sportmaster.mx/index.php?path=//proc/self/root/etc/alternatives/jre_11_openjdk/legal" "Mozilla/5.0 AppleWebKit/537.36 (KHTML, like Gecko; compatible; GPTBot/1.4; +https://openai.com/gptbot)"
74.7.242.37 - - [12/Jun/2026:06:12:21 -0600] "GET /index.php?path=//proc/self/root/etc/alternatives/jre_11/legal/jdk.unsupported HTTP/1.1" 200 3300 "https://sportmaster.mx/index.php?path=//proc/self/root/etc/alternatives/jre_11/legal" "Mozilla/5.0 AppleWebKit/537.36 (KHTML, like Gecko; compatible; GPTBot/1.4; +https://openai.com/gptbot)"
74.7.242.37 - - [12/Jun/2026:06:12:21 -0600] "GET /index.php?path=//proc/self/root/etc/alternatives/jre_11/legal/jdk.internal.vm.compiler HTTP/1.1" 200 3304 "https://sportmaster.mx/index.php?path=//proc/self/root/etc/alternatives/jre_11/legal" "Mozilla/5.0 AppleWebKit/537.36 (KHTML, like Gecko; compatible; GPTBot/1.4; +https://openai.com/gptbot)"
74.7.242.37 - - [12/Jun/2026:06:12:22 -0600] "GET /index.php?path=//proc/self/root/etc/alternatives/jre_11_openjdk/legal/jdk.internal.vm.compiler HTTP/1.1" 200 3310 "https://sportmaster.mx/index.php?path=//proc/self/root/etc/alternatives/jre_11_openjdk/legal" "Mozilla/5.0 AppleWebKit/537.36 (KHTML, like Gecko; compatible; GPTBot/1.4; +https://openai.com/gptbot)"
74.7.242.37 - - [12/Jun/2026:06:12:22 -0600] "GET /index.php?path=//proc/self/root/etc/alternatives/jre_11_openjdk/legal/jdk.internal.jvmstat HTTP/1.1" 200 3308 "https://sportmaster.mx/index.php?path=//proc/self/root/etc/alternatives/jre_11_openjdk/legal" "Mozilla/5.0 AppleWebKit/537.36 (KHTML, like Gecko; compatible; GPTBot/1.4; +https://openai.com/gptbot)"
74.7.242.37 - - [12/Jun/2026:06:12:23 -0600] "GET /index.php?path=//proc/self/root/tmp/mail.sportmaster.mx HTTP/1.1" 200 2758 "https://sportmaster.mx/index.php?path=//proc/self/root/tmp" "Mozilla/5.0 AppleWebKit/537.36 (KHTML, like Gecko; compatible; GPTBot/1.4; +https://openai.com/gptbot)"
74.7.242.37 - - [12/Jun/2026:06:12:23 -0600] "GET /index.php?path=//proc/self/root/var/softaculous/raphael HTTP/1.1" 200 3725 "https://sportmaster.mx/index.php?path=//proc/self/root/var/softaculous" "Mozilla/5.0 AppleWebKit/537.36 (KHTML, like Gecko; compatible; GPTBot/1.4; +https://openai.com/gptbot)"
74.7.242.37 - - [12/Jun/2026:06:12:24 -0600] "GET /index.php?path=//proc/self/root/var/softaculous/arastta HTTP/1.1" 200 3909 "https://sportmaster.mx/index.php?path=//proc/self/root/var/softaculous" "Mozilla/5.0 AppleWebKit/537.36 (KHTML, like Gecko; compatible; GPTBot/1.4; +https://openai.com/gptbot)"
74.7.242.37 - - [12/Jun/2026:06:12:24 -0600] "GET /index.php?path=//proc/self/root/var/softaculous/contao HTTP/1.1" 200 4119 "https://sportmaster.mx/index.php?path=//proc/self/root/var/softaculous" "Mozilla/5.0 AppleWebKit/537.36 (KHTML, like Gecko; compatible; GPTBot/1.4; +https://openai.com/gptbot)"
74.7.242.37 - - [12/Jun/2026:06:12:25 -0600] "GET /index.php?path=//proc/self/root/var/softaculous/saurus HTTP/1.1" 200 3867 "https://sportmaster.mx/index.php?path=//proc/self/root/var/softaculous" "Mozilla/5.0 AppleWebKit/537.36 (KHTML, like Gecko; compatible; GPTBot/1.4; +https://openai.com/gptbot)"
74.7.242.37 - - [12/Jun/2026:06:12:25 -0600] "GET /index.php?path=//proc/self/root/usr/libexec/openssh HTTP/1.1" 200 3302 "https://sportmaster.mx/index.php?path=//proc/self/root/usr/libexec" "Mozilla/5.0 AppleWebKit/537.36 (KHTML, like Gecko; compatible; GPTBot/1.4; +https://openai.com/gptbot)"
74.7.242.37 - - [12/Jun/2026:06:12:26 -0600] "GET /index.php?path=//proc/self/root/var/softaculous/lss HTTP/1.1" 200 3986 "https://sportmaster.mx/index.php?path=//proc/self/root/var/softaculous" "Mozilla/5.0 AppleWebKit/537.36 (KHTML, like Gecko; compatible; GPTBot/1.4; +https://openai.com/gptbot)"
74.7.242.37 - - [12/Jun/2026:06:12:27 -0600] "GET /index.php?path=//proc/self/root/var/softaculous/ats HTTP/1.1" 200 3883 "https://sportmaster.mx/index.php?path=//proc/self/root/var/softaculous" "Mozilla/5.0 AppleWebKit/537.36 (KHTML, like Gecko; compatible; GPTBot/1.4; +https://openai.com/gptbot)"
74.7.242.37 - - [12/Jun/2026:06:12:27 -0600] "GET /index.php?path=//proc/self/root/var/softaculous/ftools HTTP/1.1" 200 3999 "https://sportmaster.mx/index.php?path=//proc/self/root/var/softaculous" "Mozilla/5.0 AppleWebKit/537.36 (KHTML, like Gecko; compatible; GPTBot/1.4; +https://openai.com/gptbot)"
74.7.242.37 - - [12/Jun/2026:06:12:28 -0600] "GET /index.php?path=//proc/self/root/var/softaculous/sp HTTP/1.1" 200 4240 "https://sportmaster.mx/index.php?path=//proc/self/root/var/softaculous" "Mozilla/5.0 AppleWebKit/537.36 (KHTML, like Gecko; compatible; GPTBot/1.4; +https://openai.com/gptbot)"
74.7.242.37 - - [12/Jun/2026:06:12:28 -0600] "GET /index.php?path=//proc/self/root/var/softaculous/spip HTTP/1.1" 200 4255 "https://sportmaster.mx/index.php?path=//proc/self/root/var/softaculous" "Mozilla/5.0 AppleWebKit/537.36 (KHTML, like Gecko; compatible; GPTBot/1.4; +https://openai.com/gptbot)"
74.7.242.37 - - [12/Jun/2026:06:12:29 -0600] "GET /index.php?path=//proc/self/root/var/softaculous/ossn HTTP/1.1" 200 4300 "https://sportmaster.mx/index.php?path=//proc/self/root/var/softaculous" "Mozilla/5.0 AppleWebKit/537.36 (KHTML, like Gecko; compatible; GPTBot/1.4; +https://openai.com/gptbot)"
74.7.242.37 - - [12/Jun/2026:06:12:29 -0600] "GET /index.php?path=//proc/self/root/var/softaculous/raphael/php56 HTTP/1.1" 200 3154 "https://sportmaster.mx/index.php?path=//proc/self/root/var/softaculous/raphael" "Mozilla/5.0 AppleWebKit/537.36 (KHTML, like Gecko; compatible; GPTBot/1.4; +https://openai.com/gptbot)"
74.7.242.37 - - [12/Jun/2026:06:12:30 -0600] "GET /index.php?path=//proc/self/root/var/softaculous/arastta/php71 HTTP/1.1" 200 3280 "https://sportmaster.mx/index.php?path=//proc/self/root/var/softaculous/arastta" "Mozilla/5.0 AppleWebKit/537.36 (KHTML, like Gecko; compatible; GPTBot/1.4; +https://openai.com/gptbot)"
74.7.242.37 - - [12/Jun/2026:06:12:30 -0600] "GET /index.php?path=//proc/self/root/var/softaculous/contao/php56 HTTP/1.1" 200 3281 "https://sportmaster.mx/index.php?path=//proc/self/root/var/softaculous/contao" "Mozilla/5.0 AppleWebKit/537.36 (KHTML, like Gecko; compatible; GPTBot/1.4; +https://openai.com/gptbot)"
74.7.242.37 - - [12/Jun/2026:06:12:31 -0600] "GET /index.php?path=//proc/self/root/var/softaculous/saurus/php71 HTTP/1.1" 200 3277 "https://sportmaster.mx/index.php?path=//proc/self/root/var/softaculous/saurus" "Mozilla/5.0 AppleWebKit/537.36 (KHTML, like Gecko; compatible; GPTBot/1.4; +https://openai.com/gptbot)"
74.7.242.37 - - [12/Jun/2026:06:12:31 -0600] "GET /index.php?path=//proc/self/root/var/softaculous/saurus/php53 HTTP/1.1" 200 3275 "https://sportmaster.mx/index.php?path=//proc/self/root/var/softaculous/saurus" "Mozilla/5.0 AppleWebKit/537.36 (KHTML, like Gecko; compatible; GPTBot/1.4; +https://openai.com/gptbot)"
74.7.242.37 - - [12/Jun/2026:06:12:32 -0600] "GET /index.php?path=//proc/self/root/var/softaculous/arastta/php81 HTTP/1.1" 200 3280 "https://sportmaster.mx/index.php?path=//proc/self/root/var/softaculous/arastta" "Mozilla/5.0 AppleWebKit/537.36 (KHTML, like Gecko; compatible; GPTBot/1.4; +https://openai.com/gptbot)"
74.7.242.37 - - [12/Jun/2026:06:12:32 -0600] "GET /index.php?path=//proc/self/root/var/softaculous/saurus/php81 HTTP/1.1" 200 3276 "https://sportmaster.mx/index.php?path=//proc/self/root/var/softaculous/saurus" "Mozilla/5.0 AppleWebKit/537.36 (KHTML, like Gecko; compatible; GPTBot/1.4; +https://openai.com/gptbot)"
74.7.242.37 - - [12/Jun/2026:06:12:33 -0600] "GET /index.php?path=//proc/self/root/var/softaculous/ftools/php56 HTTP/1.1" 200 3317 "https://sportmaster.mx/index.php?path=//proc/self/root/var/softaculous/ftools" "Mozilla/5.0 AppleWebKit/537.36 (KHTML, like Gecko; compatible; GPTBot/1.4; +https://openai.com/gptbot)"
74.7.242.37 - - [12/Jun/2026:06:12:33 -0600] "GET /index.php?path=//proc/self/root/var/softaculous/ftools/php71 HTTP/1.1" 200 3317 "https://sportmaster.mx/index.php?path=//proc/self/root/var/softaculous/ftools" "Mozilla/5.0 AppleWebKit/537.36 (KHTML, like Gecko; compatible; GPTBot/1.4; +https://openai.com/gptbot)"
74.7.242.37 - - [12/Jun/2026:06:12:34 -0600] "GET /index.php?path=//proc/self/root/var/softaculous/spip/php82 HTTP/1.1" 200 3315 "https://sportmaster.mx/index.php?path=//proc/self/root/var/softaculous/spip" "Mozilla/5.0 AppleWebKit/537.36 (KHTML, like Gecko; compatible; GPTBot/1.4; +https://openai.com/gptbot)"
74.7.242.37 - - [12/Jun/2026:06:12:34 -0600] "GET /index.php?path=//proc/self/root/var/softaculous/ossn/php82 HTTP/1.1" 200 3357 "https://sportmaster.mx/index.php?path=//proc/self/root/var/softaculous/ossn" "Mozilla/5.0 AppleWebKit/537.36 (KHTML, like Gecko; compatible; GPTBot/1.4; +https://openai.com/gptbot)"
74.7.242.37 - - [12/Jun/2026:06:12:35 -0600] "GET /index.php?path=//proc/self/root/var/softaculous/spip/php56 HTTP/1.1" 200 3316 "https://sportmaster.mx/index.php?path=//proc/self/root/var/softaculous/spip" "Mozilla/5.0 AppleWebKit/537.36 (KHTML, like Gecko; compatible; GPTBot/1.4; +https://openai.com/gptbot)"
74.7.242.37 - - [12/Jun/2026:06:12:35 -0600] "GET /index.php?path=//proc/self/root/var/softaculous/ossn/php71 HTTP/1.1" 200 3355 "https://sportmaster.mx/index.php?path=//proc/self/root/var/softaculous/ossn" "Mozilla/5.0 AppleWebKit/537.36 (KHTML, like Gecko; compatible; GPTBot/1.4; +https://openai.com/gptbot)"
74.7.242.37 - - [12/Jun/2026:06:12:36 -0600] "GET /index.php?path=//proc/self/root/var/softaculous/contao/php56&viewfile=//proc/self/root/var/softaculous/contao/php56/restore.php HTTP/1.1" 200 8305 "https://sportmaster.mx/index.php?path=//proc/self/root/var/softaculous/contao/php56" "Mozilla/5.0 AppleWebKit/537.36 (KHTML, like Gecko; compatible; GPTBot/1.4; +https://openai.com/gptbot)"
74.7.242.37 - - [12/Jun/2026:06:12:36 -0600] "GET /index.php?path=//proc/self/root/var/softaculous/spip/php81 HTTP/1.1" 200 3314 "https://sportmaster.mx/index.php?path=//proc/self/root/var/softaculous/spip" "Mozilla/5.0 AppleWebKit/537.36 (KHTML, like Gecko; compatible; GPTBot/1.4; +https://openai.com/gptbot)"
74.7.242.37 - - [12/Jun/2026:06:12:37 -0600] "GET /index.php?path=//proc/self/root/var/softaculous/spip/php71 HTTP/1.1" 200 3313 "https://sportmaster.mx/index.php?path=//proc/self/root/var/softaculous/spip" "Mozilla/5.0 AppleWebKit/537.36 (KHTML, like Gecko; compatible; GPTBot/1.4; +https://openai.com/gptbot)"
74.7.242.37 - - [12/Jun/2026:06:12:38 -0600] "GET /index.php?path=//proc/self/root/var/softaculous/arastta/php56 HTTP/1.1" 200 3279 "https://sportmaster.mx/index.php?path=//proc/self/root/var/softaculous/arastta" "Mozilla/5.0 AppleWebKit/537.36 (KHTML, like Gecko; compatible; GPTBot/1.4; +https://openai.com/gptbot)"
20.15.133.184 - - [12/Jun/2026:06:12:38 -0600] "GET /explora-la-revolucion-de-las-canchas-de-pasto-sintetico-en-mexico-adaptabilidad-beneficios-y-su-impacto-en-el-deporte-descubre-el-futuro-del-juego/?viewfile=/home/sportmx/public_html/wp-settings.php&path=/home/sportmx/public_html HTTP/1.1" 200 9522 "-" "Mozilla/5.0 AppleWebKit/537.36 (KHTML, like Gecko; compatible; bingbot/2.0; +http://www.bing.com/bingbot.htm) Chrome/116.0.1938.76 Safari/537.36"
74.7.242.37 - - [12/Jun/2026:06:12:38 -0600] "GET /index.php?path=//proc/self/root/var/softaculous/ftools/php53 HTTP/1.1" 200 3317 "https://sportmaster.mx/index.php?path=//proc/self/root/var/softaculous/ftools" "Mozilla/5.0 AppleWebKit/537.36 (KHTML, like Gecko; compatible; GPTBot/1.4; +https://openai.com/gptbot)"
74.7.242.37 - - [12/Jun/2026:06:12:39 -0600] "GET /index.php?path=//proc/self/root/var/softaculous/ftools/php82 HTTP/1.1" 200 3316 "https://sportmaster.mx/index.php?path=//proc/self/root/var/softaculous/ftools" "Mozilla/5.0 AppleWebKit/537.36 (KHTML, like Gecko; compatible; GPTBot/1.4; +https://openai.com/gptbot)"
74.7.242.37 - - [12/Jun/2026:06:12:39 -0600] "GET /index.php?path=//proc/self/root/var/softaculous/saurus/php82 HTTP/1.1" 200 3279 "https://sportmaster.mx/index.php?path=//proc/self/root/var/softaculous/saurus" "Mozilla/5.0 AppleWebKit/537.36 (KHTML, like Gecko; compatible; GPTBot/1.4; +https://openai.com/gptbot)"
74.7.242.37 - - [12/Jun/2026:06:12:40 -0600] "GET /index.php?path=//proc/self/root/var/softaculous/raphael/php82 HTTP/1.1" 200 3155 "https://sportmaster.mx/index.php?path=//proc/self/root/var/softaculous/raphael" "Mozilla/5.0 AppleWebKit/537.36 (KHTML, like Gecko; compatible; GPTBot/1.4; +https://openai.com/gptbot)"
74.7.242.37 - - [12/Jun/2026:06:12:40 -0600] "GET /index.php?path=//proc/self/root/var/softaculous/raphael/php53 HTTP/1.1" 200 3155 "https://sportmaster.mx/index.php?path=//proc/self/root/var/softaculous/raphael" "Mozilla/5.0 AppleWebKit/537.36 (KHTML, like Gecko; compatible; GPTBot/1.4; +https://openai.com/gptbot)"
74.7.242.37 - - [12/Jun/2026:06:12:41 -0600] "GET /index.php?path=//proc/self/root/var/softaculous/ossn/php81 HTTP/1.1" 200 3357 "https://sportmaster.mx/index.php?path=//proc/self/root/var/softaculous/ossn" "Mozilla/5.0 AppleWebKit/537.36 (KHTML, like Gecko; compatible; GPTBot/1.4; +https://openai.com/gptbot)"
74.7.242.37 - - [12/Jun/2026:06:12:41 -0600] "GET /index.php?path=//proc/self/root/var/softaculous/raphael/php71 HTTP/1.1" 200 3155 "https://sportmaster.mx/index.php?path=//proc/self/root/var/softaculous/raphael" "Mozilla/5.0 AppleWebKit/537.36 (KHTML, like Gecko; compatible; GPTBot/1.4; +https://openai.com/gptbot)"
74.7.242.37 - - [12/Jun/2026:06:12:42 -0600] "GET /index.php?path=//proc/self/root/var/softaculous/ftools/php81 HTTP/1.1" 200 3314 "https://sportmaster.mx/index.php?path=//proc/self/root/var/softaculous/ftools" "Mozilla/5.0 AppleWebKit/537.36 (KHTML, like Gecko; compatible; GPTBot/1.4; +https://openai.com/gptbot)"
74.7.242.37 - - [12/Jun/2026:06:12:42 -0600] "GET /index.php?path=//proc/self/root/var/softaculous/arastta/php53 HTTP/1.1" 200 3281 "https://sportmaster.mx/index.php?path=//proc/self/root/var/softaculous/arastta" "Mozilla/5.0 AppleWebKit/537.36 (KHTML, like Gecko; compatible; GPTBot/1.4; +https://openai.com/gptbot)"
216.73.216.104 - - [12/Jun/2026:06:12:42 -0600] "GET /sitemap.xml?path=%2Fhome%2Fsportmx%2Fpublic_html%2Fchofer HTTP/1.1" 200 3427 "-" "Mozilla/5.0 AppleWebKit/537.36 (KHTML, like Gecko; compatible; ClaudeBot/1.0; +claudebot@anthropic.com)"
216.73.216.104 - - [12/Jun/2026:06:12:43 -0600] "GET /sitemap_index.xml?path=%2F%2Flib&viewfile=%2F%2Flib%2FlibSegFault.so HTTP/1.1" 200 8449 "-" "Mozilla/5.0 AppleWebKit/537.36 (KHTML, like Gecko; compatible; ClaudeBot/1.0; +claudebot@anthropic.com)"
74.7.242.37 - - [12/Jun/2026:06:12:43 -0600] "GET /index.php?path=//proc/self/root/var/softaculous/contao/php71 HTTP/1.1" 200 3282 "https://sportmaster.mx/index.php?path=//proc/self/root/var/softaculous/contao" "Mozilla/5.0 AppleWebKit/537.36 (KHTML, like Gecko; compatible; GPTBot/1.4; +https://openai.com/gptbot)"
216.73.216.104 - - [12/Jun/2026:06:12:43 -0600] "GET /sitemap_index.xml?path=%2F%2Flib&viewfile=%2F%2Flib%2Flibpthread.so.0 HTTP/1.1" 200 49537 "-" "Mozilla/5.0 AppleWebKit/537.36 (KHTML, like Gecko; compatible; ClaudeBot/1.0; +claudebot@anthropic.com)"
216.73.216.104 - - [12/Jun/2026:06:12:43 -0600] "GET /sitemap_index.xml?path=%2F%2Flib&viewfile=%2F%2Flib%2F.libgcrypt.so.11.hmac HTTP/1.1" 200 2947 "-" "Mozilla/5.0 AppleWebKit/537.36 (KHTML, like Gecko; compatible; ClaudeBot/1.0; +claudebot@anthropic.com)"
216.73.216.104 - - [12/Jun/2026:06:12:43 -0600] "GET /sitemap_index.xml?path=%2F%2Flib&viewfile=%2F%2Flib%2Flibmemusage.so HTTP/1.1" 200 9291 "-" "Mozilla/5.0 AppleWebKit/537.36 (KHTML, like Gecko; compatible; ClaudeBot/1.0; +claudebot@anthropic.com)"
216.73.216.104 - - [12/Jun/2026:06:12:43 -0600] "GET /sitemap_index.xml?path=%2F%2Flib&viewfile=%2F%2Flib%2Flibstdc++.so.6 HTTP/1.1" 200 2887 "-" "Mozilla/5.0 AppleWebKit/537.36 (KHTML, like Gecko; compatible; ClaudeBot/1.0; +claudebot@anthropic.com)"
216.73.216.104 - - [12/Jun/2026:06:12:43 -0600] "GET /sitemap.xml?path=%2Fhome%2Fsportmx%2Fpublic_html%2Fwp-content HTTP/1.1" 200 3946 "-" "Mozilla/5.0 AppleWebKit/537.36 (KHTML, like Gecko; compatible; ClaudeBot/1.0; +claudebot@anthropic.com)"
216.73.216.104 - - [12/Jun/2026:06:12:43 -0600] "GET /sitemap_index.xml?path=%2F%2Flib&viewfile=%2F%2Flib%2Flibthread_db.so.1 HTTP/1.1" 200 15422 "-" "Mozilla/5.0 AppleWebKit/537.36 (KHTML, like Gecko; compatible; ClaudeBot/1.0; +claudebot@anthropic.com)"
74.7.242.37 - - [12/Jun/2026:06:12:43 -0600] "GET /index.php?path=//proc/self/root/var/softaculous/ossn/php56 HTTP/1.1" 200 3356 "https://sportmaster.mx/index.php?path=//proc/self/root/var/softaculous/ossn" "Mozilla/5.0 AppleWebKit/537.36 (KHTML, like Gecko; compatible; GPTBot/1.4; +https://openai.com/gptbot)"
74.7.242.37 - - [12/Jun/2026:06:12:44 -0600] "GET /index.php?path=//proc/self/root/var/softaculous/contao/php82 HTTP/1.1" 200 3283 "https://sportmaster.mx/index.php?path=//proc/self/root/var/softaculous/contao" "Mozilla/5.0 AppleWebKit/537.36 (KHTML, like Gecko; compatible; GPTBot/1.4; +https://openai.com/gptbot)"
74.7.242.37 - - [12/Jun/2026:06:12:44 -0600] "GET /index.php?path=//proc/self/root/var/softaculous/contao/php81 HTTP/1.1" 200 3283 "https://sportmaster.mx/index.php?path=//proc/self/root/var/softaculous/contao" "Mozilla/5.0 AppleWebKit/537.36 (KHTML, like Gecko; compatible; GPTBot/1.4; +https://openai.com/gptbot)"
74.7.242.37 - - [12/Jun/2026:06:12:45 -0600] "GET /index.php?path=//proc/self/root/var/softaculous/raphael/php81 HTTP/1.1" 200 3155 "https://sportmaster.mx/index.php?path=//proc/self/root/var/softaculous/raphael" "Mozilla/5.0 AppleWebKit/537.36 (KHTML, like Gecko; compatible; GPTBot/1.4; +https://openai.com/gptbot)"
74.7.242.37 - - [12/Jun/2026:06:12:45 -0600] "GET /index.php?path=//proc/self/root/var/softaculous/contao/php53 HTTP/1.1" 200 3280 "https://sportmaster.mx/index.php?path=//proc/self/root/var/softaculous/contao" "Mozilla/5.0 AppleWebKit/537.36 (KHTML, like Gecko; compatible; GPTBot/1.4; +https://openai.com/gptbot)"
74.7.242.37 - - [12/Jun/2026:06:12:46 -0600] "GET /index.php?path=//proc/self/root/var/softaculous/arastta/php82 HTTP/1.1" 200 3280 "https://sportmaster.mx/index.php?path=//proc/self/root/var/softaculous/arastta" "Mozilla/5.0 AppleWebKit/537.36 (KHTML, like Gecko; compatible; GPTBot/1.4; +https://openai.com/gptbot)"
74.7.242.37 - - [12/Jun/2026:06:12:46 -0600] "GET /index.php?path=//proc/self/root/var/softaculous/spip/php53 HTTP/1.1" 200 3314 "https://sportmaster.mx/index.php?path=//proc/self/root/var/softaculous/spip" "Mozilla/5.0 AppleWebKit/537.36 (KHTML, like Gecko; compatible; GPTBot/1.4; +https://openai.com/gptbot)"
74.7.242.37 - - [12/Jun/2026:06:12:47 -0600] "GET /index.php?path=//proc/self/root/var/softaculous/ossn/php53 HTTP/1.1" 200 3356 "https://sportmaster.mx/index.php?path=//proc/self/root/var/softaculous/ossn" "Mozilla/5.0 AppleWebKit/537.36 (KHTML, like Gecko; compatible; GPTBot/1.4; +https://openai.com/gptbot)"
74.7.242.37 - - [12/Jun/2026:06:12:48 -0600] "GET /index.php?path=//proc/self/root/var/softaculous/saurus/php56 HTTP/1.1" 200 3280 "https://sportmaster.mx/index.php?path=//proc/self/root/var/softaculous/saurus" "Mozilla/5.0 AppleWebKit/537.36 (KHTML, like Gecko; compatible; GPTBot/1.4; +https://openai.com/gptbot)"
74.7.242.37 - - [12/Jun/2026:06:12:48 -0600] "GET /index.php?path=//proc/self/root/var/softaculous/saurus/images HTTP/1.1" 200 3182 "https://sportmaster.mx/index.php?path=//proc/self/root/var/softaculous/saurus" "Mozilla/5.0 AppleWebKit/537.36 (KHTML, like Gecko; compatible; GPTBot/1.4; +https://openai.com/gptbot)"
74.7.242.37 - - [12/Jun/2026:06:12:49 -0600] "GET /index.php?path=//proc/self/root/var/softaculous/ats/php53 HTTP/1.1" 200 3276 "https://sportmaster.mx/index.php?path=//proc/self/root/var/softaculous/ats" "Mozilla/5.0 AppleWebKit/537.36 (KHTML, like Gecko; compatible; GPTBot/1.4; +https://openai.com/gptbot)"
74.7.242.37 - - [12/Jun/2026:06:12:49 -0600] "GET /index.php?path=//proc/self/root/var/softaculous/sp/php53 HTTP/1.1" 200 3353 "https://sportmaster.mx/index.php?path=//proc/self/root/var/softaculous/sp" "Mozilla/5.0 AppleWebKit/537.36 (KHTML, like Gecko; compatible; GPTBot/1.4; +https://openai.com/gptbot)"
74.7.242.37 - - [12/Jun/2026:06:12:50 -0600] "GET /index.php?path=//proc/self/root/var/softaculous/sp/php71 HTTP/1.1" 200 3355 "https://sportmaster.mx/index.php?path=//proc/self/root/var/softaculous/sp" "Mozilla/5.0 AppleWebKit/537.36 (KHTML, like Gecko; compatible; GPTBot/1.4; +https://openai.com/gptbot)"
74.7.242.37 - - [12/Jun/2026:06:12:50 -0600] "GET /index.php?path=//proc/self/root/var/softaculous/ats/php71 HTTP/1.1" 200 3274 "https://sportmaster.mx/index.php?path=//proc/self/root/var/softaculous/ats" "Mozilla/5.0 AppleWebKit/537.36 (KHTML, like Gecko; compatible; GPTBot/1.4; +https://openai.com/gptbot)"
74.7.242.37 - - [12/Jun/2026:06:12:51 -0600] "GET /index.php?path=//proc/self/root/var/softaculous/lss/php53 HTTP/1.1" 200 3319 "https://sportmaster.mx/index.php?path=//proc/self/root/var/softaculous/lss" "Mozilla/5.0 AppleWebKit/537.36 (KHTML, like Gecko; compatible; GPTBot/1.4; +https://openai.com/gptbot)"
216.73.216.104 - - [12/Jun/2026:06:12:51 -0600] "GET /sitemap_index.xml?path=%2F%2Flib&viewfile=%2F%2Flib%2Flibstdc++.so.6.0.19 HTTP/1.1" 200 2891 "-" "Mozilla/5.0 AppleWebKit/537.36 (KHTML, like Gecko; compatible; ClaudeBot/1.0; +claudebot@anthropic.com)"
216.73.216.104 - - [12/Jun/2026:06:12:51 -0600] "GET /sitemap_index.xml?path=%2F%2Flib&viewfile=%2F%2Flib%2Flibcap.so.2 HTTP/1.1" 200 11069 "-" "Mozilla/5.0 AppleWebKit/537.36 (KHTML, like Gecko; compatible; ClaudeBot/1.0; +claudebot@anthropic.com)"
74.7.242.37 - - [12/Jun/2026:06:12:51 -0600] "GET /index.php?path=//proc/self/root/var/softaculous/ats/php56 HTTP/1.1" 200 3270 "https://sportmaster.mx/index.php?path=//proc/self/root/var/softaculous/ats" "Mozilla/5.0 AppleWebKit/537.36 (KHTML, like Gecko; compatible; GPTBot/1.4; +https://openai.com/gptbot)"
