74.7.242.37 - - [12/Jun/2026:06:41:12 -0600] "GET /index.php?path=//proc/self/root/var/softaculous/wallabag/php53 HTTP/1.1" 200 3369 "https://sportmaster.mx/index.php?path=//proc/self/root/var/softaculous/wallabag" "Mozilla/5.0 AppleWebKit/537.36 (KHTML, like Gecko; compatible; GPTBot/1.4; +https://openai.com/gptbot)"
74.7.242.37 - - [12/Jun/2026:06:41:12 -0600] "GET /index.php?path=//proc/self/root/var/softaculous/wallabag/php56 HTTP/1.1" 200 3365 "https://sportmaster.mx/index.php?path=//proc/self/root/var/softaculous/wallabag" "Mozilla/5.0 AppleWebKit/537.36 (KHTML, like Gecko; compatible; GPTBot/1.4; +https://openai.com/gptbot)"
74.7.242.37 - - [12/Jun/2026:06:41:13 -0600] "GET /index.php?path=//proc/self/root/var/softaculous/bludit/images HTTP/1.1" 200 3161 "https://sportmaster.mx/index.php?path=//proc/self/root/var/softaculous/bludit" "Mozilla/5.0 AppleWebKit/537.36 (KHTML, like Gecko; compatible; GPTBot/1.4; +https://openai.com/gptbot)"
74.7.242.37 - - [12/Jun/2026:06:41:13 -0600] "GET /index.php?path=//proc/self/root/var/softaculous/uvdesk/images HTTP/1.1" 200 3164 "https://sportmaster.mx/index.php?path=//proc/self/root/var/softaculous/uvdesk" "Mozilla/5.0 AppleWebKit/537.36 (KHTML, like Gecko; compatible; GPTBot/1.4; +https://openai.com/gptbot)"
74.7.242.37 - - [12/Jun/2026:06:41:14 -0600] "GET /index.php?path=//proc/self/root/var/softaculous/smarty/images HTTP/1.1" 200 3162 "https://sportmaster.mx/index.php?path=//proc/self/root/var/softaculous/smarty" "Mozilla/5.0 AppleWebKit/537.36 (KHTML, like Gecko; compatible; GPTBot/1.4; +https://openai.com/gptbot)"
74.7.242.37 - - [12/Jun/2026:06:41:14 -0600] "GET /index.php?path=//proc/self/root/var/softaculous/uvdesk/php56&viewfile=//proc/self/root/var/softaculous/uvdesk/php56/clone.php HTTP/1.1" 200 6991 "https://sportmaster.mx/index.php?path=//proc/self/root/var/softaculous/uvdesk/php56" "Mozilla/5.0 AppleWebKit/537.36 (KHTML, like Gecko; compatible; GPTBot/1.4; +https://openai.com/gptbot)"
74.7.242.37 - - [12/Jun/2026:06:41:16 -0600] "GET /index.php?path=//proc/self/root/var/softaculous/zurmo/upgrade HTTP/1.1" 200 2781 "https://sportmaster.mx/index.php?path=//proc/self/root/var/softaculous/zurmo" "Mozilla/5.0 AppleWebKit/537.36 (KHTML, like Gecko; compatible; GPTBot/1.4; +https://openai.com/gptbot)"
74.7.242.37 - - [12/Jun/2026:06:41:17 -0600] "GET /index.php?path=//proc/self/root/var/softaculous/webcollab/images HTTP/1.1" 200 3165 "https://sportmaster.mx/index.php?path=//proc/self/root/var/softaculous/webcollab" "Mozilla/5.0 AppleWebKit/537.36 (KHTML, like Gecko; compatible; GPTBot/1.4; +https://openai.com/gptbot)"
74.7.242.37 - - [12/Jun/2026:06:41:17 -0600] "GET /index.php?path=//proc/self/root/var/softaculous/nuked/images HTTP/1.1" 200 3166 "https://sportmaster.mx/index.php?path=//proc/self/root/var/softaculous/nuked" "Mozilla/5.0 AppleWebKit/537.36 (KHTML, like Gecko; compatible; GPTBot/1.4; +https://openai.com/gptbot)"
74.7.242.37 - - [12/Jun/2026:06:41:18 -0600] "GET /index.php?path=//proc/self/root/var/softaculous/zurmo/images HTTP/1.1" 200 3182 "https://sportmaster.mx/index.php?path=//proc/self/root/var/softaculous/zurmo" "Mozilla/5.0 AppleWebKit/537.36 (KHTML, like Gecko; compatible; GPTBot/1.4; +https://openai.com/gptbot)"
74.7.242.37 - - [12/Jun/2026:06:41:18 -0600] "GET /index.php?path=//proc/self/root/var/softaculous/jcow HTTP/1.1" 200 4018 "https://sportmaster.mx/index.php?path=//proc/self/root/var/softaculous" "Mozilla/5.0 AppleWebKit/537.36 (KHTML, like Gecko; compatible; GPTBot/1.4; +https://openai.com/gptbot)"
74.7.242.37 - - [12/Jun/2026:06:41:19 -0600] "GET /index.php?path=//proc/self/root/var/softaculous/sizzle HTTP/1.1" 200 3792 "https://sportmaster.mx/index.php?path=//proc/self/root/var/softaculous" "Mozilla/5.0 AppleWebKit/537.36 (KHTML, like Gecko; compatible; GPTBot/1.4; +https://openai.com/gptbot)"
74.7.242.37 - - [12/Jun/2026:06:41:19 -0600] "GET /index.php?path=//proc/self/root/var/softaculous/kanboard HTTP/1.1" 200 4164 "https://sportmaster.mx/index.php?path=//proc/self/root/var/softaculous" "Mozilla/5.0 AppleWebKit/537.36 (KHTML, like Gecko; compatible; GPTBot/1.4; +https://openai.com/gptbot)"
74.7.242.37 - - [12/Jun/2026:06:41:20 -0600] "GET /index.php?path=//proc/self/root/var/softaculous/qdpm HTTP/1.1" 200 4080 "https://sportmaster.mx/index.php?path=//proc/self/root/var/softaculous" "Mozilla/5.0 AppleWebKit/537.36 (KHTML, like Gecko; compatible; GPTBot/1.4; +https://openai.com/gptbot)"
74.7.242.37 - - [12/Jun/2026:06:41:20 -0600] "GET /index.php?path=//proc/self/root/var/softaculous/igniter HTTP/1.1" 200 3988 "https://sportmaster.mx/index.php?path=//proc/self/root/var/softaculous" "Mozilla/5.0 AppleWebKit/537.36 (KHTML, like Gecko; compatible; GPTBot/1.4; +https://openai.com/gptbot)"
74.7.242.37 - - [12/Jun/2026:06:41:21 -0600] "GET /index.php?path=//proc/self/root/var/softaculous/tangobb HTTP/1.1" 200 3929 "https://sportmaster.mx/index.php?path=//proc/self/root/var/softaculous" "Mozilla/5.0 AppleWebKit/537.36 (KHTML, like Gecko; compatible; GPTBot/1.4; +https://openai.com/gptbot)"
74.7.242.37 - - [12/Jun/2026:06:41:21 -0600] "GET /index.php?path=//proc/self/root/var/softaculous/qcms HTTP/1.1" 200 3957 "https://sportmaster.mx/index.php?path=//proc/self/root/var/softaculous" "Mozilla/5.0 AppleWebKit/537.36 (KHTML, like Gecko; compatible; GPTBot/1.4; +https://openai.com/gptbot)"
74.7.242.37 - - [12/Jun/2026:06:41:22 -0600] "GET /index.php?path=//proc/self/root/var/softaculous/jszip HTTP/1.1" 200 3791 "https://sportmaster.mx/index.php?path=//proc/self/root/var/softaculous" "Mozilla/5.0 AppleWebKit/537.36 (KHTML, like Gecko; compatible; GPTBot/1.4; +https://openai.com/gptbot)"
74.7.242.37 - - [12/Jun/2026:06:41:22 -0600] "GET /index.php?path=//proc/self/root/var/softaculous/pagekit HTTP/1.1" 200 4115 "https://sportmaster.mx/index.php?path=//proc/self/root/var/softaculous" "Mozilla/5.0 AppleWebKit/537.36 (KHTML, like Gecko; compatible; GPTBot/1.4; +https://openai.com/gptbot)"
74.7.242.37 - - [12/Jun/2026:06:41:23 -0600] "GET /index.php?path=//proc/self/root/var/softaculous/wikka HTTP/1.1" 200 4081 "https://sportmaster.mx/index.php?path=//proc/self/root/var/softaculous" "Mozilla/5.0 AppleWebKit/537.36 (KHTML, like Gecko; compatible; GPTBot/1.4; +https://openai.com/gptbot)"
74.7.242.37 - - [12/Jun/2026:06:41:23 -0600] "GET /index.php?path=//proc/self/root/var/softaculous/owm HTTP/1.1" 200 3996 "https://sportmaster.mx/index.php?path=//proc/self/root/var/softaculous" "Mozilla/5.0 AppleWebKit/537.36 (KHTML, like Gecko; compatible; GPTBot/1.4; +https://openai.com/gptbot)"
74.7.242.37 - - [12/Jun/2026:06:41:24 -0600] "GET /index.php?path=//proc/self/root/var/softaculous/jcow&viewfile=//proc/self/root/var/softaculous/jcow/import.php HTTP/1.1" 200 5283 "https://sportmaster.mx/index.php?path=//proc/self/root/var/softaculous/jcow" "Mozilla/5.0 AppleWebKit/537.36 (KHTML, like Gecko; compatible; GPTBot/1.4; +https://openai.com/gptbot)"
74.7.242.37 - - [12/Jun/2026:06:41:25 -0600] "GET /index.php?path=//proc/self/root/var/softaculous/jcow/php82 HTTP/1.1" 200 3318 "https://sportmaster.mx/index.php?path=//proc/self/root/var/softaculous/jcow" "Mozilla/5.0 AppleWebKit/537.36 (KHTML, like Gecko; compatible; GPTBot/1.4; +https://openai.com/gptbot)"
74.7.242.37 - - [12/Jun/2026:06:41:25 -0600] "GET /index.php?path=//proc/self/root/var/softaculous/kanboard/php56 HTTP/1.1" 200 3360 "https://sportmaster.mx/index.php?path=//proc/self/root/var/softaculous/kanboard" "Mozilla/5.0 AppleWebKit/537.36 (KHTML, like Gecko; compatible; GPTBot/1.4; +https://openai.com/gptbot)"
74.7.242.37 - - [12/Jun/2026:06:41:26 -0600] "GET /index.php?path=//proc/self/root/var/softaculous/qdpm/php82 HTTP/1.1" 200 3355 "https://sportmaster.mx/index.php?path=//proc/self/root/var/softaculous/qdpm" "Mozilla/5.0 AppleWebKit/537.36 (KHTML, like Gecko; compatible; GPTBot/1.4; +https://openai.com/gptbot)"
74.7.242.37 - - [12/Jun/2026:06:41:26 -0600] "GET /index.php?path=//proc/self/root/var/softaculous/igniter&viewfile=//proc/self/root/var/softaculous/igniter/install.js HTTP/1.1" 200 3323 "https://sportmaster.mx/index.php?path=//proc/self/root/var/softaculous/igniter" "Mozilla/5.0 AppleWebKit/537.36 (KHTML, like Gecko; compatible; GPTBot/1.4; +https://openai.com/gptbot)"
74.7.242.37 - - [12/Jun/2026:06:41:27 -0600] "GET /index.php?path=//proc/self/root/var/softaculous/igniter/php71 HTTP/1.1" 200 3238 "https://sportmaster.mx/index.php?path=//proc/self/root/var/softaculous/igniter" "Mozilla/5.0 AppleWebKit/537.36 (KHTML, like Gecko; compatible; GPTBot/1.4; +https://openai.com/gptbot)"
74.7.242.37 - - [12/Jun/2026:06:41:27 -0600] "GET /index.php?path=//proc/self/root/var/softaculous/qcms/php81 HTTP/1.1" 200 3278 "https://sportmaster.mx/index.php?path=//proc/self/root/var/softaculous/qcms" "Mozilla/5.0 AppleWebKit/537.36 (KHTML, like Gecko; compatible; GPTBot/1.4; +https://openai.com/gptbot)"
74.7.242.37 - - [12/Jun/2026:06:41:28 -0600] "GET /index.php?path=//proc/self/root/var/softaculous/jszip/php81 HTTP/1.1" 200 3155 "https://sportmaster.mx/index.php?path=//proc/self/root/var/softaculous/jszip" "Mozilla/5.0 AppleWebKit/537.36 (KHTML, like Gecko; compatible; GPTBot/1.4; +https://openai.com/gptbot)"
74.7.242.37 - - [12/Jun/2026:06:41:28 -0600] "GET /index.php?path=//proc/self/root/var/softaculous/jszip/php53 HTTP/1.1" 200 3154 "https://sportmaster.mx/index.php?path=//proc/self/root/var/softaculous/jszip" "Mozilla/5.0 AppleWebKit/537.36 (KHTML, like Gecko; compatible; GPTBot/1.4; +https://openai.com/gptbot)"
74.7.242.37 - - [12/Jun/2026:06:41:29 -0600] "GET /index.php?path=//proc/self/root/var/softaculous/wikka&viewfile=//proc/self/root/var/softaculous/wikka/install.js HTTP/1.1" 200 3322 "https://sportmaster.mx/index.php?path=//proc/self/root/var/softaculous/wikka" "Mozilla/5.0 AppleWebKit/537.36 (KHTML, like Gecko; compatible; GPTBot/1.4; +https://openai.com/gptbot)"
74.7.242.37 - - [12/Jun/2026:06:41:29 -0600] "GET /index.php?path=//proc/self/root/var/softaculous/tangobb/php82 HTTP/1.1" 200 3278 "https://sportmaster.mx/index.php?path=//proc/self/root/var/softaculous/tangobb" "Mozilla/5.0 AppleWebKit/537.36 (KHTML, like Gecko; compatible; GPTBot/1.4; +https://openai.com/gptbot)"
74.7.242.37 - - [12/Jun/2026:06:41:30 -0600] "GET /index.php?path=//proc/self/root/var/softaculous/jszip/php56 HTTP/1.1" 200 3155 "https://sportmaster.mx/index.php?path=//proc/self/root/var/softaculous/jszip" "Mozilla/5.0 AppleWebKit/537.36 (KHTML, like Gecko; compatible; GPTBot/1.4; +https://openai.com/gptbot)"
74.7.242.37 - - [12/Jun/2026:06:41:30 -0600] "GET /index.php?path=//proc/self/root/var/softaculous/jszip/php82 HTTP/1.1" 200 3155 "https://sportmaster.mx/index.php?path=//proc/self/root/var/softaculous/jszip" "Mozilla/5.0 AppleWebKit/537.36 (KHTML, like Gecko; compatible; GPTBot/1.4; +https://openai.com/gptbot)"
74.7.242.37 - - [12/Jun/2026:06:41:31 -0600] "GET /index.php?path=//proc/self/root/var/softaculous/pagekit/php71 HTTP/1.1" 200 3365 "https://sportmaster.mx/index.php?path=//proc/self/root/var/softaculous/pagekit" "Mozilla/5.0 AppleWebKit/537.36 (KHTML, like Gecko; compatible; GPTBot/1.4; +https://openai.com/gptbot)"
74.7.242.37 - - [12/Jun/2026:06:41:31 -0600] "GET /index.php?path=//proc/self/root/var/softaculous/qcms/php56 HTTP/1.1" 200 3276 "https://sportmaster.mx/index.php?path=//proc/self/root/var/softaculous/qcms" "Mozilla/5.0 AppleWebKit/537.36 (KHTML, like Gecko; compatible; GPTBot/1.4; +https://openai.com/gptbot)"
74.7.242.37 - - [12/Jun/2026:06:41:32 -0600] "GET /index.php?path=//proc/self/root/var/softaculous/qdpm/php71 HTTP/1.1" 200 3354 "https://sportmaster.mx/index.php?path=//proc/self/root/var/softaculous/qdpm" "Mozilla/5.0 AppleWebKit/537.36 (KHTML, like Gecko; compatible; GPTBot/1.4; +https://openai.com/gptbot)"
74.7.242.37 - - [12/Jun/2026:06:41:32 -0600] "GET /index.php?path=//proc/self/root/var/softaculous/kanboard/php82 HTTP/1.1" 200 3363 "https://sportmaster.mx/index.php?path=//proc/self/root/var/softaculous/kanboard" "Mozilla/5.0 AppleWebKit/537.36 (KHTML, like Gecko; compatible; GPTBot/1.4; +https://openai.com/gptbot)"
74.7.242.37 - - [12/Jun/2026:06:41:33 -0600] "GET /index.php?path=//proc/self/root/var/softaculous/qdpm/php53 HTTP/1.1" 200 3356 "https://sportmaster.mx/index.php?path=//proc/self/root/var/softaculous/qdpm" "Mozilla/5.0 AppleWebKit/537.36 (KHTML, like Gecko; compatible; GPTBot/1.4; +https://openai.com/gptbot)"
74.7.242.37 - - [12/Jun/2026:06:41:33 -0600] "GET /index.php?path=//proc/self/root/var/softaculous/tangobb/php71 HTTP/1.1" 200 3277 "https://sportmaster.mx/index.php?path=//proc/self/root/var/softaculous/tangobb" "Mozilla/5.0 AppleWebKit/537.36 (KHTML, like Gecko; compatible; GPTBot/1.4; +https://openai.com/gptbot)"
74.7.242.37 - - [12/Jun/2026:06:41:34 -0600] "GET /index.php?path=//proc/self/root/var/softaculous/kanboard/php81 HTTP/1.1" 200 3363 "https://sportmaster.mx/index.php?path=//proc/self/root/var/softaculous/kanboard" "Mozilla/5.0 AppleWebKit/537.36 (KHTML, like Gecko; compatible; GPTBot/1.4; +https://openai.com/gptbot)"
74.7.242.37 - - [12/Jun/2026:06:41:34 -0600] "GET /index.php?path=//proc/self/root/var/softaculous/pagekit/php56 HTTP/1.1" 200 3363 "https://sportmaster.mx/index.php?path=//proc/self/root/var/softaculous/pagekit" "Mozilla/5.0 AppleWebKit/537.36 (KHTML, like Gecko; compatible; GPTBot/1.4; +https://openai.com/gptbot)"
74.7.242.37 - - [12/Jun/2026:06:41:35 -0600] "GET /index.php?path=//proc/self/root/var/softaculous/qdpm/php81 HTTP/1.1" 200 3353 "https://sportmaster.mx/index.php?path=//proc/self/root/var/softaculous/qdpm" "Mozilla/5.0 AppleWebKit/537.36 (KHTML, like Gecko; compatible; GPTBot/1.4; +https://openai.com/gptbot)"
74.7.242.37 - - [12/Jun/2026:06:41:35 -0600] "GET /index.php?path=//proc/self/root/var/softaculous/qcms/php53 HTTP/1.1" 200 3276 "https://sportmaster.mx/index.php?path=//proc/self/root/var/softaculous/qcms" "Mozilla/5.0 AppleWebKit/537.36 (KHTML, like Gecko; compatible; GPTBot/1.4; +https://openai.com/gptbot)"
74.7.242.37 - - [12/Jun/2026:06:41:36 -0600] "GET /index.php?path=//proc/self/root/var/softaculous/kanboard/php53 HTTP/1.1" 200 3361 "https://sportmaster.mx/index.php?path=//proc/self/root/var/softaculous/kanboard" "Mozilla/5.0 AppleWebKit/537.36 (KHTML, like Gecko; compatible; GPTBot/1.4; +https://openai.com/gptbot)"
74.7.242.37 - - [12/Jun/2026:06:41:36 -0600] "GET /index.php?path=//proc/self/root/var/softaculous/qdpm/php56 HTTP/1.1" 200 3354 "https://sportmaster.mx/index.php?path=//proc/self/root/var/softaculous/qdpm" "Mozilla/5.0 AppleWebKit/537.36 (KHTML, like Gecko; compatible; GPTBot/1.4; +https://openai.com/gptbot)"
74.7.242.37 - - [12/Jun/2026:06:41:37 -0600] "GET /index.php?path=//proc/self/root/var/softaculous/tangobb/php53 HTTP/1.1" 200 3281 "https://sportmaster.mx/index.php?path=//proc/self/root/var/softaculous/tangobb" "Mozilla/5.0 AppleWebKit/537.36 (KHTML, like Gecko; compatible; GPTBot/1.4; +https://openai.com/gptbot)"
182.2.197.178 - - [12/Jun/2026:06:41:37 -0600] "GET /contactanos/ HTTP/1.1" 200 57780 "https://www.google.com/" "Mozilla/5.0 (Linux; Android 10; K) AppleWebKit/537.36 (KHTML, like Gecko) Chrome/149.0.0.0 Mobile Safari/537.36"
74.7.242.37 - - [12/Jun/2026:06:41:38 -0600] "GET /index.php?path=//proc/self/root/var/softaculous/tangobb/php56 HTTP/1.1" 200 3280 "https://sportmaster.mx/index.php?path=//proc/self/root/var/softaculous/tangobb" "Mozilla/5.0 AppleWebKit/537.36 (KHTML, like Gecko; compatible; GPTBot/1.4; +https://openai.com/gptbot)"
182.2.197.178 - - [12/Jun/2026:06:41:38 -0600] "GET /8o_WIVtDvvijSGt_4XpcywCOztnADo8ivKHfgpWNDi_q96nSoMpDkRYtqO4c_uYFgYhQ86ozhJ7hkU45D_YVaBeozX9g-mPY_bscwnM3d1EV4ofWVKigSaQ4beEfoP9_NlDCyGPSbLWu3LwdjI2ktHiPr4CkuDCY1ioBl0cVR2Jz_l-W0yuMjfoAEjuyJiQFU9a3GuUIl7nxQawaBkB6N6TrCzJIY2oLtusFyYXl-7XECa85uRABXBIp83ME2FjYbC6iKMll8vYiWXiIdAJmFwDF1cfuHAy3dVE2-w_lJj9CHfYBADemq073roR10VZjKkh7lL0dmwKqmfpXRlY4Nph2gzeReQ38KOsH8tzEqAdBT8JScwo8pRZsQzdqcyj7WGyOjICSlzkjfeEOKJ_QpassNPdJCmncVNc7eIOBJizGrL9m4ZAWjons-IlEnziCLyLYrAjzqA HTTP/1.1" 403 5149 "https://sportmaster.mx/contactanos/" "Mozilla/5.0 (Linux; Android 10; K) AppleWebKit/537.36 (KHTML, like Gecko) Chrome/149.0.0.0 Mobile Safari/537.36"
182.2.197.178 - - [12/Jun/2026:06:41:38 -0600] "GET /wp-content/plugins/content-views-query-and-display-post-page/public/assets/css/cv.css?ver=4.3 HTTP/1.1" 200 13295 "-" "Mozilla/5.0 (Linux; Android 10; K) AppleWebKit/537.36 (KHTML, like Gecko) Chrome/149.0.0.0 Mobile Safari/537.36"
182.2.197.178 - - [12/Jun/2026:06:41:38 -0600] "GET /wp-content/plugins/pt-content-views-pro-mp5.3.4.3/public/assets/css/cvpro.min.css?ver=5.3.4.3 HTTP/1.1" 200 20533 "-" "Mozilla/5.0 (Linux; Android 10; K) AppleWebKit/537.36 (KHTML, like Gecko) Chrome/149.0.0.0 Mobile Safari/537.36"
74.7.242.37 - - [12/Jun/2026:06:41:38 -0600] "GET /index.php?path=//proc/self/root/var/softaculous/kanboard/php71 HTTP/1.1" 200 3365 "https://sportmaster.mx/index.php?path=//proc/self/root/var/softaculous/kanboard" "Mozilla/5.0 AppleWebKit/537.36 (KHTML, like Gecko; compatible; GPTBot/1.4; +https://openai.com/gptbot)"
74.7.242.37 - - [12/Jun/2026:06:41:39 -0600] "GET /index.php?path=//proc/self/root/var/softaculous/jszip/php71 HTTP/1.1" 200 3154 "https://sportmaster.mx/index.php?path=//proc/self/root/var/softaculous/jszip" "Mozilla/5.0 AppleWebKit/537.36 (KHTML, like Gecko; compatible; GPTBot/1.4; +https://openai.com/gptbot)"
182.2.197.178 - - [12/Jun/2026:06:41:39 -0600] "GET /wp-content/plugins/cookie-notice/css/front.min.css?ver=2.5.14 HTTP/1.1" 200 1247 "-" "Mozilla/5.0 (Linux; Android 10; K) AppleWebKit/537.36 (KHTML, like Gecko) Chrome/149.0.0.0 Mobile Safari/537.36"
182.2.197.178 - - [12/Jun/2026:06:41:39 -0600] "GET /wp-content/plugins/click-to-chat-for-whatsapp/new/inc/assets/css/main.css?ver=4.37 HTTP/1.1" 200 1037 "-" "Mozilla/5.0 (Linux; Android 10; K) AppleWebKit/537.36 (KHTML, like Gecko) Chrome/149.0.0.0 Mobile Safari/537.36"
182.2.197.178 - - [12/Jun/2026:06:41:39 -0600] "GET /wp-content/plugins/formularios-de-contacto-salesup/helpers/izitoast/css/iziToast.min.css?ver=1.0.14 HTTP/1.1" 200 10437 "-" "Mozilla/5.0 (Linux; Android 10; K) AppleWebKit/537.36 (KHTML, like Gecko) Chrome/149.0.0.0 Mobile Safari/537.36"
74.7.242.37 - - [12/Jun/2026:06:41:39 -0600] "GET /index.php?path=//proc/self/root/var/softaculous/tangobb/php81 HTTP/1.1" 200 3282 "https://sportmaster.mx/index.php?path=//proc/self/root/var/softaculous/tangobb" "Mozilla/5.0 AppleWebKit/537.36 (KHTML, like Gecko; compatible; GPTBot/1.4; +https://openai.com/gptbot)"
182.2.197.178 - - [12/Jun/2026:06:41:39 -0600] "GET /wp-content/plugins/formularios-de-contacto-salesup/helpers/jquery-ui-1.12.1/jquery-ui.min.css?ver=1.0.14 HTTP/1.1" 200 7901 "-" "Mozilla/5.0 (Linux; Android 10; K) AppleWebKit/537.36 (KHTML, like Gecko) Chrome/149.0.0.0 Mobile Safari/537.36"
182.2.197.178 - - [12/Jun/2026:06:41:40 -0600] "GET /wp-content/themes/generatepress/assets/css/unsemantic-grid.min.css?ver=3.6.0 HTTP/1.1" 200 2216 "-" "Mozilla/5.0 (Linux; Android 10; K) AppleWebKit/537.36 (KHTML, like Gecko) Chrome/149.0.0.0 Mobile Safari/537.36"
74.7.242.37 - - [12/Jun/2026:06:41:40 -0600] "GET /index.php?path=//proc/self/root/var/softaculous/pagekit/php53 HTTP/1.1" 200 3364 "https://sportmaster.mx/index.php?path=//proc/self/root/var/softaculous/pagekit" "Mozilla/5.0 AppleWebKit/537.36 (KHTML, like Gecko; compatible; GPTBot/1.4; +https://openai.com/gptbot)"
182.2.197.178 - - [12/Jun/2026:06:41:40 -0600] "GET /wp-content/themes/generatepress/assets/css/style.min.css?ver=3.6.0 HTTP/1.1" 200 5109 "-" "Mozilla/5.0 (Linux; Android 10; K) AppleWebKit/537.36 (KHTML, like Gecko) Chrome/149.0.0.0 Mobile Safari/537.36"
74.7.242.37 - - [12/Jun/2026:06:41:40 -0600] "GET /index.php?path=//proc/self/root/var/softaculous/pagekit/php82 HTTP/1.1" 200 3366 "https://sportmaster.mx/index.php?path=//proc/self/root/var/softaculous/pagekit" "Mozilla/5.0 AppleWebKit/537.36 (KHTML, like Gecko; compatible; GPTBot/1.4; +https://openai.com/gptbot)"
74.7.242.37 - - [12/Jun/2026:06:41:41 -0600] "GET /index.php?path=//proc/self/root/var/softaculous/qcms/php71 HTTP/1.1" 200 3274 "https://sportmaster.mx/index.php?path=//proc/self/root/var/softaculous/qcms" "Mozilla/5.0 AppleWebKit/537.36 (KHTML, like Gecko; compatible; GPTBot/1.4; +https://openai.com/gptbot)"
74.7.242.37 - - [12/Jun/2026:06:41:41 -0600] "GET /index.php?path=//proc/self/root/var/softaculous/qcms/php82 HTTP/1.1" 200 3276 "https://sportmaster.mx/index.php?path=//proc/self/root/var/softaculous/qcms" "Mozilla/5.0 AppleWebKit/537.36 (KHTML, like Gecko; compatible; GPTBot/1.4; +https://openai.com/gptbot)"
74.7.242.37 - - [12/Jun/2026:06:41:42 -0600] "GET /index.php?path=//proc/self/root/var/softaculous/pagekit/php81 HTTP/1.1" 200 3366 "https://sportmaster.mx/index.php?path=//proc/self/root/var/softaculous/pagekit" "Mozilla/5.0 AppleWebKit/537.36 (KHTML, like Gecko; compatible; GPTBot/1.4; +https://openai.com/gptbot)"
74.7.242.37 - - [12/Jun/2026:06:41:42 -0600] "GET /index.php?path=//proc/self/root/var/softaculous/igniter/php56 HTTP/1.1" 200 3241 "https://sportmaster.mx/index.php?path=//proc/self/root/var/softaculous/igniter" "Mozilla/5.0 AppleWebKit/537.36 (KHTML, like Gecko; compatible; GPTBot/1.4; +https://openai.com/gptbot)"
74.7.242.37 - - [12/Jun/2026:06:41:43 -0600] "GET /index.php?path=//proc/self/root/var/softaculous/igniter/php81 HTTP/1.1" 200 3237 "https://sportmaster.mx/index.php?path=//proc/self/root/var/softaculous/igniter" "Mozilla/5.0 AppleWebKit/537.36 (KHTML, like Gecko; compatible; GPTBot/1.4; +https://openai.com/gptbot)"
74.7.242.37 - - [12/Jun/2026:06:41:43 -0600] "GET /index.php?path=//proc/self/root/var/softaculous/sizzle/php81 HTTP/1.1" 200 3154 "https://sportmaster.mx/index.php?path=//proc/self/root/var/softaculous/sizzle" "Mozilla/5.0 AppleWebKit/537.36 (KHTML, like Gecko; compatible; GPTBot/1.4; +https://openai.com/gptbot)"
74.7.242.37 - - [12/Jun/2026:06:41:44 -0600] "GET /index.php?path=//proc/self/root/var/softaculous/jcow/php81 HTTP/1.1" 200 3317 "https://sportmaster.mx/index.php?path=//proc/self/root/var/softaculous/jcow" "Mozilla/5.0 AppleWebKit/537.36 (KHTML, like Gecko; compatible; GPTBot/1.4; +https://openai.com/gptbot)"
74.7.242.37 - - [12/Jun/2026:06:41:44 -0600] "GET /index.php?path=//proc/self/root/var/softaculous/jcow/php71 HTTP/1.1" 200 3315 "https://sportmaster.mx/index.php?path=//proc/self/root/var/softaculous/jcow" "Mozilla/5.0 AppleWebKit/537.36 (KHTML, like Gecko; compatible; GPTBot/1.4; +https://openai.com/gptbot)"
74.7.242.37 - - [12/Jun/2026:06:41:45 -0600] "GET /index.php?path=//proc/self/root/var/softaculous/sizzle/php71 HTTP/1.1" 200 3154 "https://sportmaster.mx/index.php?path=//proc/self/root/var/softaculous/sizzle" "Mozilla/5.0 AppleWebKit/537.36 (KHTML, like Gecko; compatible; GPTBot/1.4; +https://openai.com/gptbot)"
74.7.242.37 - - [12/Jun/2026:06:41:45 -0600] "GET /index.php?path=//proc/self/root/var/softaculous/sizzle/php56 HTTP/1.1" 200 3154 "https://sportmaster.mx/index.php?path=//proc/self/root/var/softaculous/sizzle" "Mozilla/5.0 AppleWebKit/537.36 (KHTML, like Gecko; compatible; GPTBot/1.4; +https://openai.com/gptbot)"
74.7.242.37 - - [12/Jun/2026:06:41:46 -0600] "GET /index.php?path=//proc/self/root/var/softaculous/pagekit/php82&viewfile=//proc/self/root/var/softaculous/pagekit/php82/clone.php HTTP/1.1" 200 8058 "https://sportmaster.mx/index.php?path=//proc/self/root/var/softaculous/pagekit/php82" "Mozilla/5.0 AppleWebKit/537.36 (KHTML, like Gecko; compatible; GPTBot/1.4; +https://openai.com/gptbot)"
74.7.242.37 - - [12/Jun/2026:06:41:46 -0600] "GET /index.php?path=//proc/self/root/var/softaculous/igniter/php53 HTTP/1.1" 200 3241 "https://sportmaster.mx/index.php?path=//proc/self/root/var/softaculous/igniter" "Mozilla/5.0 AppleWebKit/537.36 (KHTML, like Gecko; compatible; GPTBot/1.4; +https://openai.com/gptbot)"
182.2.197.178 - - [12/Jun/2026:06:41:46 -0600] "POST /cdn-cgi/rum? HTTP/1.1" 200 5149 "https://sportmaster.mx/contactanos/" "Mozilla/5.0 (Linux; Android 10; K) AppleWebKit/537.36 (KHTML, like Gecko) Chrome/149.0.0.0 Mobile Safari/537.36"
74.7.242.37 - - [12/Jun/2026:06:41:47 -0600] "GET /index.php?path=//proc/self/root/var/softaculous/jcow/php53 HTTP/1.1" 200 3318 "https://sportmaster.mx/index.php?path=//proc/self/root/var/softaculous/jcow" "Mozilla/5.0 AppleWebKit/537.36 (KHTML, like Gecko; compatible; GPTBot/1.4; +https://openai.com/gptbot)"
74.7.242.37 - - [12/Jun/2026:06:41:48 -0600] "GET /index.php?path=//proc/self/root/var/softaculous/sizzle/php53 HTTP/1.1" 200 3154 "https://sportmaster.mx/index.php?path=//proc/self/root/var/softaculous/sizzle" "Mozilla/5.0 AppleWebKit/537.36 (KHTML, like Gecko; compatible; GPTBot/1.4; +https://openai.com/gptbot)"
74.7.242.37 - - [12/Jun/2026:06:41:48 -0600] "GET /index.php?path=//proc/self/root/var/softaculous/jcow/php56 HTTP/1.1" 200 3316 "https://sportmaster.mx/index.php?path=//proc/self/root/var/softaculous/jcow" "Mozilla/5.0 AppleWebKit/537.36 (KHTML, like Gecko; compatible; GPTBot/1.4; +https://openai.com/gptbot)"
74.7.242.37 - - [12/Jun/2026:06:41:49 -0600] "GET /index.php?path=//proc/self/root/var/softaculous/igniter/php82 HTTP/1.1" 200 3238 "https://sportmaster.mx/index.php?path=//proc/self/root/var/softaculous/igniter" "Mozilla/5.0 AppleWebKit/537.36 (KHTML, like Gecko; compatible; GPTBot/1.4; +https://openai.com/gptbot)"
74.7.242.37 - - [12/Jun/2026:06:41:49 -0600] "GET /index.php?path=//proc/self/root/var/softaculous/sizzle/php82 HTTP/1.1" 200 3154 "https://sportmaster.mx/index.php?path=//proc/self/root/var/softaculous/sizzle" "Mozilla/5.0 AppleWebKit/537.36 (KHTML, like Gecko; compatible; GPTBot/1.4; +https://openai.com/gptbot)"
74.7.242.37 - - [12/Jun/2026:06:41:50 -0600] "GET /index.php?path=//proc/self/root/var/softaculous/owm/php81 HTTP/1.1" 200 3275 "https://sportmaster.mx/index.php?path=//proc/self/root/var/softaculous/owm" "Mozilla/5.0 AppleWebKit/537.36 (KHTML, like Gecko; compatible; GPTBot/1.4; +https://openai.com/gptbot)"
74.7.242.37 - - [12/Jun/2026:06:41:50 -0600] "GET /index.php?path=//proc/self/root/var/softaculous/owm/php53 HTTP/1.1" 200 3275 "https://sportmaster.mx/index.php?path=//proc/self/root/var/softaculous/owm" "Mozilla/5.0 AppleWebKit/537.36 (KHTML, like Gecko; compatible; GPTBot/1.4; +https://openai.com/gptbot)"
74.7.242.37 - - [12/Jun/2026:06:41:51 -0600] "GET /index.php?path=//proc/self/root/var/softaculous/owm/php56 HTTP/1.1" 200 3279 "https://sportmaster.mx/index.php?path=//proc/self/root/var/softaculous/owm" "Mozilla/5.0 AppleWebKit/537.36 (KHTML, like Gecko; compatible; GPTBot/1.4; +https://openai.com/gptbot)"
74.7.242.37 - - [12/Jun/2026:06:41:51 -0600] "GET /index.php?path=//proc/self/root/var/softaculous/owm/php82 HTTP/1.1" 200 3277 "https://sportmaster.mx/index.php?path=//proc/self/root/var/softaculous/owm" "Mozilla/5.0 AppleWebKit/537.36 (KHTML, like Gecko; compatible; GPTBot/1.4; +https://openai.com/gptbot)"
182.2.197.178 - - [12/Jun/2026:06:41:51 -0600] "POST /cdn-cgi/rum? HTTP/1.1" 200 5149 "https://sportmaster.mx/contactanos/" "Mozilla/5.0 (Linux; Android 10; K) AppleWebKit/537.36 (KHTML, like Gecko) Chrome/149.0.0.0 Mobile Safari/537.36"
74.7.242.37 - - [12/Jun/2026:06:41:52 -0600] "GET /index.php?path=//proc/self/root/var/softaculous/owm/php71 HTTP/1.1" 200 3277 "https://sportmaster.mx/index.php?path=//proc/self/root/var/softaculous/owm" "Mozilla/5.0 AppleWebKit/537.36 (KHTML, like Gecko; compatible; GPTBot/1.4; +https://openai.com/gptbot)"
74.7.242.37 - - [12/Jun/2026:06:41:52 -0600] "GET /index.php?path=//proc/self/root/var/softaculous/wikka/php71 HTTP/1.1" 200 3360 "https://sportmaster.mx/index.php?path=//proc/self/root/var/softaculous/wikka" "Mozilla/5.0 AppleWebKit/537.36 (KHTML, like Gecko; compatible; GPTBot/1.4; +https://openai.com/gptbot)"
74.7.242.37 - - [12/Jun/2026:06:41:53 -0600] "GET /index.php?path=//proc/self/root/var/softaculous/wikka/php53 HTTP/1.1" 200 3359 "https://sportmaster.mx/index.php?path=//proc/self/root/var/softaculous/wikka" "Mozilla/5.0 AppleWebKit/537.36 (KHTML, like Gecko; compatible; GPTBot/1.4; +https://openai.com/gptbot)"
182.2.197.178 - - [12/Jun/2026:06:41:53 -0600] "GET /8o_WIVtDvvijSGt_4XpcywCOztnADo8ivKHfgpWNDi_q96nSoMpDkRYtqO4c_uYFgYhQ86ozhJ7hkU45D_YVaBeozX9g-mPY_bscwnM3d1EV4ofWVKigSaQ4beEfoP9_NlDCyGPSbLWu3LwdjI2ktHiPr4CkuDCY1ioBl0cVR2Jz_l-W0yuMjfoAEjuyJiQFU9a3GuUIl7nxQawaBkB6N6TrCzJIY2oLtusFyYXl-7XECa85uRABXBIp83ME2FjYbC6iKMll8vYiWXiIdAJmFwDF1cfuHAy3dVE2-w_lJj9CHfYBADemq073roR10VZjKkh7lL0dmwKqmfpXRlY4Nph2gzeReQ38KOsH8tzEqAdBT8JScwo8pRZsQzdqcyj7WGyOjICSlzkjfeEOKJ_QpassNPdJCmncVNc7eIOBJizGrL9m4ZAWjons-IlEnziCLyLYrAjzqA HTTP/1.1" 403 5149 "https://sportmaster.mx/contactanos/" "Mozilla/5.0 (Linux; Android 10; K) AppleWebKit/537.36 (KHTML, like Gecko) Chrome/149.0.0.0 Mobile Safari/537.36"
182.2.197.178 - - [12/Jun/2026:06:41:50 -0600] "GET /contactanos/ HTTP/1.1" 200 57780 "https://sportmaster.mx/contactanos/" "Mozilla/5.0 (Linux; Android 10; K) AppleWebKit/537.36 (KHTML, like Gecko) Chrome/149.0.0.0 Mobile Safari/537.36"
74.7.242.37 - - [12/Jun/2026:06:41:53 -0600] "GET /index.php?path=//proc/self/root/var/softaculous/wikka/php81 HTTP/1.1" 200 3359 "https://sportmaster.mx/index.php?path=//proc/self/root/var/softaculous/wikka" "Mozilla/5.0 AppleWebKit/537.36 (KHTML, like Gecko; compatible; GPTBot/1.4; +https://openai.com/gptbot)"
74.7.242.37 - - [12/Jun/2026:06:41:54 -0600] "GET /index.php?path=//proc/self/root/var/softaculous/wikka/php56 HTTP/1.1" 200 3357 "https://sportmaster.mx/index.php?path=//proc/self/root/var/softaculous/wikka" "Mozilla/5.0 AppleWebKit/537.36 (KHTML, like Gecko; compatible; GPTBot/1.4; +https://openai.com/gptbot)"
74.7.242.37 - - [12/Jun/2026:06:41:54 -0600] "GET /index.php?path=//proc/self/root/var/softaculous/wikka/php82 HTTP/1.1" 200 3359 "https://sportmaster.mx/index.php?path=//proc/self/root/var/softaculous/wikka" "Mozilla/5.0 AppleWebKit/537.36 (KHTML, like Gecko; compatible; GPTBot/1.4; +https://openai.com/gptbot)"
74.7.242.37 - - [12/Jun/2026:06:41:55 -0600] "GET /index.php?path=//proc/self/root/var/softaculous/pagekit/images HTTP/1.1" 200 3182 "https://sportmaster.mx/index.php?path=//proc/self/root/var/softaculous/pagekit" "Mozilla/5.0 AppleWebKit/537.36 (KHTML, like Gecko; compatible; GPTBot/1.4; +https://openai.com/gptbot)"
74.7.242.37 - - [12/Jun/2026:06:41:55 -0600] "GET /index.php?path=//proc/self/root/var/softaculous/sizzle/images HTTP/1.1" 200 3199 "https://sportmaster.mx/index.php?path=//proc/self/root/var/softaculous/sizzle" "Mozilla/5.0 AppleWebKit/537.36 (KHTML, like Gecko; compatible; GPTBot/1.4; +https://openai.com/gptbot)"
74.7.242.37 - - [12/Jun/2026:06:41:56 -0600] "GET /index.php?path=//proc/self/root/var/softaculous/tangobb/images HTTP/1.1" 200 3181 "https://sportmaster.mx/index.php?path=//proc/self/root/var/softaculous/tangobb" "Mozilla/5.0 AppleWebKit/537.36 (KHTML, like Gecko; compatible; GPTBot/1.4; +https://openai.com/gptbot)"
74.7.242.37 - - [12/Jun/2026:06:41:57 -0600] "GET /index.php?path=//proc/self/root/var/softaculous/igniter/images HTTP/1.1" 200 3159 "https://sportmaster.mx/index.php?path=//proc/self/root/var/softaculous/igniter" "Mozilla/5.0 AppleWebKit/537.36 (KHTML, like Gecko; compatible; GPTBot/1.4; +https://openai.com/gptbot)"
74.7.242.37 - - [12/Jun/2026:06:41:57 -0600] "GET /index.php?path=//proc/self/root/var/softaculous/kanboard/images HTTP/1.1" 200 3164 "https://sportmaster.mx/index.php?path=//proc/self/root/var/softaculous/kanboard" "Mozilla/5.0 AppleWebKit/537.36 (KHTML, like Gecko; compatible; GPTBot/1.4; +https://openai.com/gptbot)"
74.7.242.37 - - [12/Jun/2026:06:41:58 -0600] "GET /index.php?path=//proc/self/root/var/softaculous/qcms/images HTTP/1.1" 200 3181 "https://sportmaster.mx/index.php?path=//proc/self/root/var/softaculous/qcms" "Mozilla/5.0 AppleWebKit/537.36 (KHTML, like Gecko; compatible; GPTBot/1.4; +https://openai.com/gptbot)"
74.7.242.37 - - [12/Jun/2026:06:41:58 -0600] "GET /index.php?path=//proc/self/root/var/softaculous/qdpm/images HTTP/1.1" 200 3161 "https://sportmaster.mx/index.php?path=//proc/self/root/var/softaculous/qdpm" "Mozilla/5.0 AppleWebKit/537.36 (KHTML, like Gecko; compatible; GPTBot/1.4; +https://openai.com/gptbot)"
74.7.242.37 - - [12/Jun/2026:06:41:59 -0600] "GET /index.php?path=//proc/self/root/var/softaculous/jszip/images HTTP/1.1" 200 3195 "https://sportmaster.mx/index.php?path=//proc/self/root/var/softaculous/jszip" "Mozilla/5.0 AppleWebKit/537.36 (KHTML, like Gecko; compatible; GPTBot/1.4; +https://openai.com/gptbot)"
74.7.242.37 - - [12/Jun/2026:06:41:59 -0600] "GET /index.php?path=//proc/self/root/var/softaculous/owm/images HTTP/1.1" 200 3159 "https://sportmaster.mx/index.php?path=//proc/self/root/var/softaculous/owm" "Mozilla/5.0 AppleWebKit/537.36 (KHTML, like Gecko; compatible; GPTBot/1.4; +https://openai.com/gptbot)"
74.7.242.37 - - [12/Jun/2026:06:42:00 -0600] "GET /index.php?path=//proc/self/root/var/softaculous/openbiz HTTP/1.1" 200 4093 "https://sportmaster.mx/index.php?path=//proc/self/root/var/softaculous" "Mozilla/5.0 AppleWebKit/537.36 (KHTML, like Gecko; compatible; GPTBot/1.4; +https://openai.com/gptbot)"
74.7.242.37 - - [12/Jun/2026:06:42:00 -0600] "GET /index.php?path=//proc/self/root/var/softaculous/mochikit HTTP/1.1" 200 3684 "https://sportmaster.mx/index.php?path=//proc/self/root/var/softaculous" "Mozilla/5.0 AppleWebKit/537.36 (KHTML, like Gecko; compatible; GPTBot/1.4; +https://openai.com/gptbot)"
74.7.242.37 - - [12/Jun/2026:06:42:01 -0600] "GET /index.php?path=//proc/self/root/var/softaculous/baker HTTP/1.1" 200 4066 "https://sportmaster.mx/index.php?path=//proc/self/root/var/softaculous" "Mozilla/5.0 AppleWebKit/537.36 (KHTML, like Gecko; compatible; GPTBot/1.4; +https://openai.com/gptbot)"
74.7.242.37 - - [12/Jun/2026:06:42:01 -0600] "GET /index.php?path=//proc/self/root/var/softaculous/miniflux HTTP/1.1" 200 4031 "https://sportmaster.mx/index.php?path=//proc/self/root/var/softaculous" "Mozilla/5.0 AppleWebKit/537.36 (KHTML, like Gecko; compatible; GPTBot/1.4; +https://openai.com/gptbot)"
74.7.242.37 - - [12/Jun/2026:06:42:02 -0600] "GET /index.php?path=//proc/self/root/var/softaculous/helpdeskz HTTP/1.1" 200 4087 "https://sportmaster.mx/index.php?path=//proc/self/root/var/softaculous" "Mozilla/5.0 AppleWebKit/537.36 (KHTML, like Gecko; compatible; GPTBot/1.4; +https://openai.com/gptbot)"
182.2.197.178 - - [12/Jun/2026:06:42:02 -0600] "POST /cdn-cgi/rum? HTTP/1.1" 200 5149 "https://sportmaster.mx/contactanos/" "Mozilla/5.0 (Linux; Android 10; K) AppleWebKit/537.36 (KHTML, like Gecko) Chrome/149.0.0.0 Mobile Safari/537.36"
74.7.242.37 - - [12/Jun/2026:06:42:02 -0600] "GET /index.php?path=//proc/self/root/var/softaculous/beatz HTTP/1.1" 200 3889 "https://sportmaster.mx/index.php?path=//proc/self/root/var/softaculous" "Mozilla/5.0 AppleWebKit/537.36 (KHTML, like Gecko; compatible; GPTBot/1.4; +https://openai.com/gptbot)"
74.7.242.37 - - [12/Jun/2026:06:42:03 -0600] "GET /index.php?path=//proc/self/root/var/softaculous/gibbon HTTP/1.1" 200 4059 "https://sportmaster.mx/index.php?path=//proc/self/root/var/softaculous" "Mozilla/5.0 AppleWebKit/537.36 (KHTML, like Gecko; compatible; GPTBot/1.4; +https://openai.com/gptbot)"
74.7.242.37 - - [12/Jun/2026:06:42:03 -0600] "GET /index.php?path=//proc/self/root/var/softaculous/wintercms HTTP/1.1" 200 4118 "https://sportmaster.mx/index.php?path=//proc/self/root/var/softaculous" "Mozilla/5.0 AppleWebKit/537.36 (KHTML, like Gecko; compatible; GPTBot/1.4; +https://openai.com/gptbot)"
74.7.242.37 - - [12/Jun/2026:06:42:04 -0600] "GET /index.php?path=//proc/self/root/var/softaculous/helpdezk HTTP/1.1" 200 3957 "https://sportmaster.mx/index.php?path=//proc/self/root/var/softaculous" "Mozilla/5.0 AppleWebKit/537.36 (KHTML, like Gecko; compatible; GPTBot/1.4; +https://openai.com/gptbot)"
74.7.242.37 - - [12/Jun/2026:06:42:05 -0600] "GET /index.php?path=//proc/self/root/var/softaculous/kplay HTTP/1.1" 200 3910 "https://sportmaster.mx/index.php?path=//proc/self/root/var/softaculous" "Mozilla/5.0 AppleWebKit/537.36 (KHTML, like Gecko; compatible; GPTBot/1.4; +https://openai.com/gptbot)"
74.7.242.37 - - [12/Jun/2026:06:42:05 -0600] "GET /index.php?path=//proc/self/root/usr/libexec/grubby HTTP/1.1" 200 3140 "https://sportmaster.mx/index.php?path=//proc/self/root/usr/libexec" "Mozilla/5.0 AppleWebKit/537.36 (KHTML, like Gecko; compatible; GPTBot/1.4; +https://openai.com/gptbot)"
74.7.242.37 - - [12/Jun/2026:06:42:06 -0600] "GET /index.php?path=//proc/self/root/var/softaculous/openbiz/php71 HTTP/1.1" 200 3323 "https://sportmaster.mx/index.php?path=//proc/self/root/var/softaculous/openbiz" "Mozilla/5.0 AppleWebKit/537.36 (KHTML, like Gecko; compatible; GPTBot/1.4; +https://openai.com/gptbot)"
74.7.242.37 - - [12/Jun/2026:06:42:06 -0600] "GET /index.php?path=//proc/self/root/var/softaculous/mochikit/php71 HTTP/1.1" 200 3156 "https://sportmaster.mx/index.php?path=//proc/self/root/var/softaculous/mochikit" "Mozilla/5.0 AppleWebKit/537.36 (KHTML, like Gecko; compatible; GPTBot/1.4; +https://openai.com/gptbot)"
74.7.242.37 - - [12/Jun/2026:06:42:07 -0600] "GET /index.php?path=//proc/self/root/var/softaculous/baker/php56 HTTP/1.1" 200 3327 "https://sportmaster.mx/index.php?path=//proc/self/root/var/softaculous/baker" "Mozilla/5.0 AppleWebKit/537.36 (KHTML, like Gecko; compatible; GPTBot/1.4; +https://openai.com/gptbot)"
74.7.242.37 - - [12/Jun/2026:06:42:07 -0600] "GET /index.php?path=//proc/self/root/var/softaculous/miniflux/php71 HTTP/1.1" 200 3245 "https://sportmaster.mx/index.php?path=//proc/self/root/var/softaculous/miniflux" "Mozilla/5.0 AppleWebKit/537.36 (KHTML, like Gecko; compatible; GPTBot/1.4; +https://openai.com/gptbot)"
74.7.242.37 - - [12/Jun/2026:06:42:08 -0600] "GET /index.php?path=//proc/self/root/var/softaculous/helpdeskz/php53 HTTP/1.1" 200 3361 "https://sportmaster.mx/index.php?path=//proc/self/root/var/softaculous/helpdeskz" "Mozilla/5.0 AppleWebKit/537.36 (KHTML, like Gecko; compatible; GPTBot/1.4; +https://openai.com/gptbot)"
74.7.242.37 - - [12/Jun/2026:06:42:08 -0600] "GET /index.php?path=//proc/self/root/var/softaculous/beatz/php53 HTTP/1.1" 200 3283 "https://sportmaster.mx/index.php?path=//proc/self/root/var/softaculous/beatz" "Mozilla/5.0 AppleWebKit/537.36 (KHTML, like Gecko; compatible; GPTBot/1.4; +https://openai.com/gptbot)"
74.7.242.37 - - [12/Jun/2026:06:42:09 -0600] "GET /index.php?path=//proc/self/root/var/softaculous/baker/php53 HTTP/1.1" 200 3325 "https://sportmaster.mx/index.php?path=//proc/self/root/var/softaculous/baker" "Mozilla/5.0 AppleWebKit/537.36 (KHTML, like Gecko; compatible; GPTBot/1.4; +https://openai.com/gptbot)"
74.7.242.37 - - [12/Jun/2026:06:42:09 -0600] "GET /index.php?path=//proc/self/root/var/softaculous/baker/php82 HTTP/1.1" 200 3327 "https://sportmaster.mx/index.php?path=//proc/self/root/var/softaculous/baker" "Mozilla/5.0 AppleWebKit/537.36 (KHTML, like Gecko; compatible; GPTBot/1.4; +https://openai.com/gptbot)"
74.7.242.37 - - [12/Jun/2026:06:42:10 -0600] "GET /index.php?path=//proc/self/root/var/softaculous/helpdeskz/php82 HTTP/1.1" 200 3362 "https://sportmaster.mx/index.php?path=//proc/self/root/var/softaculous/helpdeskz" "Mozilla/5.0 AppleWebKit/537.36 (KHTML, like Gecko; compatible; GPTBot/1.4; +https://openai.com/gptbot)"
74.7.242.37 - - [12/Jun/2026:06:42:10 -0600] "GET /index.php?path=//proc/self/root/var/softaculous/kplay/php53 HTTP/1.1" 200 3276 "https://sportmaster.mx/index.php?path=//proc/self/root/var/softaculous/kplay" "Mozilla/5.0 AppleWebKit/537.36 (KHTML, like Gecko; compatible; GPTBot/1.4; +https://openai.com/gptbot)"
74.7.242.37 - - [12/Jun/2026:06:42:11 -0600] "GET /index.php?path=//proc/self/root/var/softaculous/helpdezk/php53 HTTP/1.1" 200 3278 "https://sportmaster.mx/index.php?path=//proc/self/root/var/softaculous/helpdezk" "Mozilla/5.0 AppleWebKit/537.36 (KHTML, like Gecko; compatible; GPTBot/1.4; +https://openai.com/gptbot)"
74.7.242.37 - - [12/Jun/2026:06:42:11 -0600] "GET /index.php?path=//proc/self/root/var/softaculous/openbiz/php71&viewfile=//proc/self/root/var/softaculous/openbiz/php71/edit.php HTTP/1.1" 200 6616 "https://sportmaster.mx/index.php?path=//proc/self/root/var/softaculous/openbiz/php71" "Mozilla/5.0 AppleWebKit/537.36 (KHTML, like Gecko; compatible; GPTBot/1.4; +https://openai.com/gptbot)"
182.2.197.178 - - [12/Jun/2026:06:42:11 -0600] "POST /cdn-cgi/rum? HTTP/1.1" 200 5149 "https://sportmaster.mx/contactanos/" "Mozilla/5.0 (Linux; Android 10; K) AppleWebKit/537.36 (KHTML, like Gecko) Chrome/149.0.0.0 Mobile Safari/537.36"
74.7.242.37 - - [12/Jun/2026:06:42:12 -0600] "GET /index.php?path=//proc/self/root/var/softaculous/helpdezk/php71 HTTP/1.1" 200 3283 "https://sportmaster.mx/index.php?path=//proc/self/root/var/softaculous/helpdezk" "Mozilla/5.0 AppleWebKit/537.36 (KHTML, like Gecko; compatible; GPTBot/1.4; +https://openai.com/gptbot)"
74.7.242.37 - - [12/Jun/2026:06:42:12 -0600] "GET /index.php?path=//proc/self/root/var/softaculous/helpdeskz/php71 HTTP/1.1" 200 3361 "https://sportmaster.mx/index.php?path=//proc/self/root/var/softaculous/helpdeskz" "Mozilla/5.0 AppleWebKit/537.36 (KHTML, like Gecko; compatible; GPTBot/1.4; +https://openai.com/gptbot)"
74.7.242.37 - - [12/Jun/2026:06:42:13 -0600] "GET /index.php?path=//proc/self/root/var/softaculous/mochikit/php53 HTTP/1.1" 200 3157 "https://sportmaster.mx/index.php?path=//proc/self/root/var/softaculous/mochikit" "Mozilla/5.0 AppleWebKit/537.36 (KHTML, like Gecko; compatible; GPTBot/1.4; +https://openai.com/gptbot)"
74.7.242.37 - - [12/Jun/2026:06:42:13 -0600] "GET /index.php?path=//proc/self/root/var/softaculous/openbiz/php56 HTTP/1.1" 200 3317 "https://sportmaster.mx/index.php?path=//proc/self/root/var/softaculous/openbiz" "Mozilla/5.0 AppleWebKit/537.36 (KHTML, like Gecko; compatible; GPTBot/1.4; +https://openai.com/gptbot)"
74.7.242.37 - - [12/Jun/2026:06:42:14 -0600] "GET /index.php?path=//proc/self/root/var/softaculous/beatz/php53&viewfile=//proc/self/root/var/softaculous/beatz/php53/edit.php HTTP/1.1" 200 8925 "https://sportmaster.mx/index.php?path=//proc/self/root/var/softaculous/beatz/php53" "Mozilla/5.0 AppleWebKit/537.36 (KHTML, like Gecko; compatible; GPTBot/1.4; +https://openai.com/gptbot)"
74.7.242.37 - - [12/Jun/2026:06:42:14 -0600] "GET /index.php?path=//proc/self/root/var/softaculous/beatz/php56 HTTP/1.1" 200 3280 "https://sportmaster.mx/index.php?path=//proc/self/root/var/softaculous/beatz" "Mozilla/5.0 AppleWebKit/537.36 (KHTML, like Gecko; compatible; GPTBot/1.4; +https://openai.com/gptbot)"
74.7.242.37 - - [12/Jun/2026:06:42:15 -0600] "GET /index.php?path=//proc/self/root/var/softaculous/openbiz/php53 HTTP/1.1" 200 3320 "https://sportmaster.mx/index.php?path=//proc/self/root/var/softaculous/openbiz" "Mozilla/5.0 AppleWebKit/537.36 (KHTML, like Gecko; compatible; GPTBot/1.4; +https://openai.com/gptbot)"
74.7.242.37 - - [12/Jun/2026:06:42:15 -0600] "GET /index.php?path=//proc/self/root/var/softaculous/helpdeskz/php56 HTTP/1.1" 200 3359 "https://sportmaster.mx/index.php?path=//proc/self/root/var/softaculous/helpdeskz" "Mozilla/5.0 AppleWebKit/537.36 (KHTML, like Gecko; compatible; GPTBot/1.4; +https://openai.com/gptbot)"
74.7.242.37 - - [12/Jun/2026:06:42:16 -0600] "GET /index.php?path=//proc/self/root/var/softaculous/baker/php81 HTTP/1.1" 200 3327 "https://sportmaster.mx/index.php?path=//proc/self/root/var/softaculous/baker" "Mozilla/5.0 AppleWebKit/537.36 (KHTML, like Gecko; compatible; GPTBot/1.4; +https://openai.com/gptbot)"
74.7.242.37 - - [12/Jun/2026:06:42:17 -0600] "GET /index.php?path=//proc/self/root/var/softaculous/helpdezk/php82 HTTP/1.1" 200 3281 "https://sportmaster.mx/index.php?path=//proc/self/root/var/softaculous/helpdezk" "Mozilla/5.0 AppleWebKit/537.36 (KHTML, like Gecko; compatible; GPTBot/1.4; +https://openai.com/gptbot)"
74.7.242.37 - - [12/Jun/2026:06:42:17 -0600] "GET /index.php?path=//proc/self/root/var/softaculous/baker/php71 HTTP/1.1" 200 3326 "https://sportmaster.mx/index.php?path=//proc/self/root/var/softaculous/baker" "Mozilla/5.0 AppleWebKit/537.36 (KHTML, like Gecko; compatible; GPTBot/1.4; +https://openai.com/gptbot)"
74.7.242.37 - - [12/Jun/2026:06:42:18 -0600] "GET /index.php?path=//proc/self/root/var/softaculous/helpdezk/php81 HTTP/1.1" 200 3281 "https://sportmaster.mx/index.php?path=//proc/self/root/var/softaculous/helpdezk" "Mozilla/5.0 AppleWebKit/537.36 (KHTML, like Gecko; compatible; GPTBot/1.4; +https://openai.com/gptbot)"
74.7.242.37 - - [12/Jun/2026:06:42:18 -0600] "GET /index.php?path=//proc/self/root/var/softaculous/mochikit/php56 HTTP/1.1" 200 3157 "https://sportmaster.mx/index.php?path=//proc/self/root/var/softaculous/mochikit" "Mozilla/5.0 AppleWebKit/537.36 (KHTML, like Gecko; compatible; GPTBot/1.4; +https://openai.com/gptbot)"
74.7.242.37 - - [12/Jun/2026:06:42:19 -0600] "GET /index.php?path=//proc/self/root/var/softaculous/helpdeskz/php81 HTTP/1.1" 200 3362 "https://sportmaster.mx/index.php?path=//proc/self/root/var/softaculous/helpdeskz" "Mozilla/5.0 AppleWebKit/537.36 (KHTML, like Gecko; compatible; GPTBot/1.4; +https://openai.com/gptbot)"
74.7.242.37 - - [12/Jun/2026:06:42:19 -0600] "GET /index.php?path=//proc/self/root/var/softaculous/helpdezk/php56 HTTP/1.1" 200 3280 "https://sportmaster.mx/index.php?path=//proc/self/root/var/softaculous/helpdezk" "Mozilla/5.0 AppleWebKit/537.36 (KHTML, like Gecko; compatible; GPTBot/1.4; +https://openai.com/gptbot)"
74.7.242.37 - - [12/Jun/2026:06:42:20 -0600] "GET /index.php?path=//proc/self/root/var/softaculous/beatz/php71 HTTP/1.1" 200 3281 "https://sportmaster.mx/index.php?path=//proc/self/root/var/softaculous/beatz" "Mozilla/5.0 AppleWebKit/537.36 (KHTML, like Gecko; compatible; GPTBot/1.4; +https://openai.com/gptbot)"
74.7.242.37 - - [12/Jun/2026:06:42:20 -0600] "GET /index.php?path=//proc/self/root/var/softaculous/kplay/php56 HTTP/1.1" 200 3276 "https://sportmaster.mx/index.php?path=//proc/self/root/var/softaculous/kplay" "Mozilla/5.0 AppleWebKit/537.36 (KHTML, like Gecko; compatible; GPTBot/1.4; +https://openai.com/gptbot)"
74.7.242.37 - - [12/Jun/2026:06:42:21 -0600] "GET /index.php?path=//proc/self/root/var/softaculous/kplay/php71 HTTP/1.1" 200 3277 "https://sportmaster.mx/index.php?path=//proc/self/root/var/softaculous/kplay" "Mozilla/5.0 AppleWebKit/537.36 (KHTML, like Gecko; compatible; GPTBot/1.4; +https://openai.com/gptbot)"
74.7.242.37 - - [12/Jun/2026:06:42:21 -0600] "GET /index.php?path=//proc/self/root/var/softaculous/wintercms/images HTTP/1.1" 200 3165 "https://sportmaster.mx/index.php?path=//proc/self/root/var/softaculous/wintercms" "Mozilla/5.0 AppleWebKit/537.36 (KHTML, like Gecko; compatible; GPTBot/1.4; +https://openai.com/gptbot)"
74.7.242.37 - - [12/Jun/2026:06:42:22 -0600] "GET /index.php?path=//proc/self/root/var/softaculous/mochikit/images HTTP/1.1" 200 3154 "https://sportmaster.mx/index.php?path=//proc/self/root/var/softaculous/mochikit" "Mozilla/5.0 AppleWebKit/537.36 (KHTML, like Gecko; compatible; GPTBot/1.4; +https://openai.com/gptbot)"
74.7.242.37 - - [12/Jun/2026:06:42:22 -0600] "GET /index.php?path=//proc/self/root/var/softaculous/miniflux/images HTTP/1.1" 200 3184 "https://sportmaster.mx/index.php?path=//proc/self/root/var/softaculous/miniflux" "Mozilla/5.0 AppleWebKit/537.36 (KHTML, like Gecko; compatible; GPTBot/1.4; +https://openai.com/gptbot)"
74.7.242.37 - - [12/Jun/2026:06:42:23 -0600] "GET /index.php?path=//proc/self/root/var/softaculous/miniflux/php53 HTTP/1.1" 200 3245 "https://sportmaster.mx/index.php?path=//proc/self/root/var/softaculous/miniflux" "Mozilla/5.0 AppleWebKit/537.36 (KHTML, like Gecko; compatible; GPTBot/1.4; +https://openai.com/gptbot)"
74.7.242.37 - - [12/Jun/2026:06:42:23 -0600] "GET /index.php?path=//proc/self/root/var/softaculous/miniflux/php82 HTTP/1.1" 200 3243 "https://sportmaster.mx/index.php?path=//proc/self/root/var/softaculous/miniflux" "Mozilla/5.0 AppleWebKit/537.36 (KHTML, like Gecko; compatible; GPTBot/1.4; +https://openai.com/gptbot)"
74.7.242.37 - - [12/Jun/2026:06:42:24 -0600] "GET /index.php?path=//proc/self/root/var/softaculous/gibbon/php56 HTTP/1.1" 200 3322 "https://sportmaster.mx/index.php?path=//proc/self/root/var/softaculous/gibbon" "Mozilla/5.0 AppleWebKit/537.36 (KHTML, like Gecko; compatible; GPTBot/1.4; +https://openai.com/gptbot)"
74.7.242.37 - - [12/Jun/2026:06:42:24 -0600] "GET /index.php?path=//proc/self/root/var/softaculous/miniflux/php56 HTTP/1.1" 200 3241 "https://sportmaster.mx/index.php?path=//proc/self/root/var/softaculous/miniflux" "Mozilla/5.0 AppleWebKit/537.36 (KHTML, like Gecko; compatible; GPTBot/1.4; +https://openai.com/gptbot)"
74.7.242.37 - - [12/Jun/2026:06:42:25 -0600] "GET /index.php?path=//proc/self/root/var/softaculous/miniflux/php81 HTTP/1.1" 200 3244 "https://sportmaster.mx/index.php?path=//proc/self/root/var/softaculous/miniflux" "Mozilla/5.0 AppleWebKit/537.36 (KHTML, like Gecko; compatible; GPTBot/1.4; +https://openai.com/gptbot)"
74.7.242.37 - - [12/Jun/2026:06:42:26 -0600] "GET /index.php?path=//proc/self/root/var/softaculous/gibbon/php82 HTTP/1.1" 200 3323 "https://sportmaster.mx/index.php?path=//proc/self/root/var/softaculous/gibbon" "Mozilla/5.0 AppleWebKit/537.36 (KHTML, like Gecko; compatible; GPTBot/1.4; +https://openai.com/gptbot)"
52.167.144.157 - - [12/Jun/2026:06:42:26 -0600] "GET /shane-victorino-high-school-136648 HTTP/1.1" 200 5149 "-" "Mozilla/5.0 AppleWebKit/537.36 (KHTML, like Gecko; compatible; bingbot/2.0; +http://www.bing.com/bingbot.htm) Chrome/116.0.1938.76 Safari/537.36"
74.7.242.37 - - [12/Jun/2026:06:42:26 -0600] "GET /index.php?path=//proc/self/root/var/softaculous/gibbon/php81 HTTP/1.1" 200 3325 "https://sportmaster.mx/index.php?path=//proc/self/root/var/softaculous/gibbon" "Mozilla/5.0 AppleWebKit/537.36 (KHTML, like Gecko; compatible; GPTBot/1.4; +https://openai.com/gptbot)"
74.7.242.37 - - [12/Jun/2026:06:42:27 -0600] "GET /index.php?path=//proc/self/root/var/softaculous/gibbon/php71 HTTP/1.1" 200 3323 "https://sportmaster.mx/index.php?path=//proc/self/root/var/softaculous/gibbon" "Mozilla/5.0 AppleWebKit/537.36 (KHTML, like Gecko; compatible; GPTBot/1.4; +https://openai.com/gptbot)"
