216.73.216.104 - - [12/Jun/2026:06:12:51 -0600] "GET /sitemap_index.xml?path=%2F%2Flib&viewfile=%2F%2Flib%2Flibthread_db-1.0.so HTTP/1.1" 200 15427 "-" "Mozilla/5.0 AppleWebKit/537.36 (KHTML, like Gecko; compatible; ClaudeBot/1.0; +claudebot@anthropic.com)"
216.73.216.104 - - [12/Jun/2026:06:12:51 -0600] "GET /sitemap_index.xml?path=%2F%2Flib&viewfile=%2F%2Flib%2Flibsystemd.so.0 HTTP/1.1" 200 94562 "-" "Mozilla/5.0 AppleWebKit/537.36 (KHTML, like Gecko; compatible; ClaudeBot/1.0; +claudebot@anthropic.com)"
216.73.216.104 - - [12/Jun/2026:06:12:52 -0600] "GET /sitemap_index.xml?path=%2F%2Flib&viewfile=%2F%2Flib%2Flibcrypt.so.1 HTTP/1.1" 200 16145 "-" "Mozilla/5.0 AppleWebKit/537.36 (KHTML, like Gecko; compatible; ClaudeBot/1.0; +claudebot@anthropic.com)"
74.7.242.37 - - [12/Jun/2026:06:12:52 -0600] "GET /index.php?path=//proc/self/root/var/softaculous/lss/php82 HTTP/1.1" 200 3321 "https://sportmaster.mx/index.php?path=//proc/self/root/var/softaculous/lss" "Mozilla/5.0 AppleWebKit/537.36 (KHTML, like Gecko; compatible; GPTBot/1.4; +https://openai.com/gptbot)"
216.73.216.104 - - [12/Jun/2026:06:12:52 -0600] "GET /sitemap_index.xml?path=%2F%2Flib&viewfile=%2F%2Flib%2Flibsystemd-daemon.so.0 HTTP/1.1" 200 15923 "-" "Mozilla/5.0 AppleWebKit/537.36 (KHTML, like Gecko; compatible; ClaudeBot/1.0; +claudebot@anthropic.com)"
216.73.216.104 - - [12/Jun/2026:06:12:52 -0600] "GET /sitemap_index.xml?path=%2F%2Flib&viewfile=%2F%2Flib%2Flibgpg-error.so.0 HTTP/1.1" 200 9660 "-" "Mozilla/5.0 AppleWebKit/537.36 (KHTML, like Gecko; compatible; ClaudeBot/1.0; +claudebot@anthropic.com)"
216.73.216.104 - - [12/Jun/2026:06:12:52 -0600] "GET /sitemap_index.xml?path=%2F%2Flib&viewfile=%2F%2Flib%2Flibauparse.so.0 HTTP/1.1" 200 55877 "-" "Mozilla/5.0 AppleWebKit/537.36 (KHTML, like Gecko; compatible; ClaudeBot/1.0; +claudebot@anthropic.com)"
74.7.242.37 - - [12/Jun/2026:06:12:52 -0600] "GET /index.php?path=//proc/self/root/var/softaculous/sp/php81 HTTP/1.1" 200 3354 "https://sportmaster.mx/index.php?path=//proc/self/root/var/softaculous/sp" "Mozilla/5.0 AppleWebKit/537.36 (KHTML, like Gecko; compatible; GPTBot/1.4; +https://openai.com/gptbot)"
74.7.242.37 - - [12/Jun/2026:06:12:53 -0600] "GET /index.php?path=//proc/self/root/var/softaculous/lss/php81 HTTP/1.1" 200 3319 "https://sportmaster.mx/index.php?path=//proc/self/root/var/softaculous/lss" "Mozilla/5.0 AppleWebKit/537.36 (KHTML, like Gecko; compatible; GPTBot/1.4; +https://openai.com/gptbot)"
74.7.242.37 - - [12/Jun/2026:06:12:53 -0600] "GET /index.php?path=//proc/self/root/var/softaculous/lss/php56 HTTP/1.1" 200 3318 "https://sportmaster.mx/index.php?path=//proc/self/root/var/softaculous/lss" "Mozilla/5.0 AppleWebKit/537.36 (KHTML, like Gecko; compatible; GPTBot/1.4; +https://openai.com/gptbot)"
74.7.242.37 - - [12/Jun/2026:06:12:54 -0600] "GET /index.php?path=//proc/self/root/var/softaculous/sp/php82 HTTP/1.1" 200 3353 "https://sportmaster.mx/index.php?path=//proc/self/root/var/softaculous/sp" "Mozilla/5.0 AppleWebKit/537.36 (KHTML, like Gecko; compatible; GPTBot/1.4; +https://openai.com/gptbot)"
74.7.242.37 - - [12/Jun/2026:06:12:54 -0600] "GET /index.php?path=//proc/self/root/var/softaculous/lss/php71 HTTP/1.1" 200 3321 "https://sportmaster.mx/index.php?path=//proc/self/root/var/softaculous/lss" "Mozilla/5.0 AppleWebKit/537.36 (KHTML, like Gecko; compatible; GPTBot/1.4; +https://openai.com/gptbot)"
74.7.242.37 - - [12/Jun/2026:06:12:55 -0600] "GET /index.php?path=//proc/self/root/var/softaculous/sp/php56 HTTP/1.1" 200 3357 "https://sportmaster.mx/index.php?path=//proc/self/root/var/softaculous/sp" "Mozilla/5.0 AppleWebKit/537.36 (KHTML, like Gecko; compatible; GPTBot/1.4; +https://openai.com/gptbot)"
74.7.242.37 - - [12/Jun/2026:06:12:55 -0600] "GET /index.php?path=//proc/self/root/var/softaculous/arastta/images HTTP/1.1" 200 3163 "https://sportmaster.mx/index.php?path=//proc/self/root/var/softaculous/arastta" "Mozilla/5.0 AppleWebKit/537.36 (KHTML, like Gecko; compatible; GPTBot/1.4; +https://openai.com/gptbot)"
74.7.242.37 - - [12/Jun/2026:06:12:56 -0600] "GET /index.php?path=//proc/self/root/var/softaculous/ftools/images HTTP/1.1" 200 3179 "https://sportmaster.mx/index.php?path=//proc/self/root/var/softaculous/ftools" "Mozilla/5.0 AppleWebKit/537.36 (KHTML, like Gecko; compatible; GPTBot/1.4; +https://openai.com/gptbot)"
74.7.242.37 - - [12/Jun/2026:06:12:56 -0600] "GET /index.php?path=//proc/self/root/var/softaculous/contao/images HTTP/1.1" 200 3180 "https://sportmaster.mx/index.php?path=//proc/self/root/var/softaculous/contao" "Mozilla/5.0 AppleWebKit/537.36 (KHTML, like Gecko; compatible; GPTBot/1.4; +https://openai.com/gptbot)"
74.7.242.37 - - [12/Jun/2026:06:12:57 -0600] "GET /index.php?path=//proc/self/root/var/softaculous/raphael/images HTTP/1.1" 200 3221 "https://sportmaster.mx/index.php?path=//proc/self/root/var/softaculous/raphael" "Mozilla/5.0 AppleWebKit/537.36 (KHTML, like Gecko; compatible; GPTBot/1.4; +https://openai.com/gptbot)"
74.7.242.37 - - [12/Jun/2026:06:12:57 -0600] "GET /index.php?path=//proc/self/root/var/softaculous/ossn&viewfile=//proc/self/root/var/softaculous/ossn/.user.ini HTTP/1.1" 200 3128 "https://sportmaster.mx/index.php?path=//proc/self/root/var/softaculous/ossn" "Mozilla/5.0 AppleWebKit/537.36 (KHTML, like Gecko; compatible; GPTBot/1.4; +https://openai.com/gptbot)"
216.73.216.104 - - [12/Jun/2026:06:12:58 -0600] "GET /sitemap_index.xml?path=%2F%2Flib&viewfile=%2F%2Flib%2Flibcrypt-2.17.so HTTP/1.1" 200 16151 "-" "Mozilla/5.0 AppleWebKit/537.36 (KHTML, like Gecko; compatible; ClaudeBot/1.0; +claudebot@anthropic.com)"
74.7.242.37 - - [12/Jun/2026:06:12:58 -0600] "GET /index.php?path=//proc/self/root/tmp/sportmaster.mx HTTP/1.1" 200 3201 "https://sportmaster.mx/index.php?path=//proc/self/root/tmp" "Mozilla/5.0 AppleWebKit/537.36 (KHTML, like Gecko; compatible; GPTBot/1.4; +https://openai.com/gptbot)"
216.73.216.104 - - [12/Jun/2026:06:12:58 -0600] "GET /sitemap_index.xml?path=%2F%2Flib&viewfile=%2F%2Flib%2Flibsystemd.so.0.6.0 HTTP/1.1" 200 94567 "-" "Mozilla/5.0 AppleWebKit/537.36 (KHTML, like Gecko; compatible; ClaudeBot/1.0; +claudebot@anthropic.com)"
216.73.216.104 - - [12/Jun/2026:06:12:58 -0600] "GET /sitemap_index.xml?path=%2F%2Flib&viewfile=%2F%2Flib%2Flibgpg-error.so.0.10.0 HTTP/1.1" 200 9662 "-" "Mozilla/5.0 AppleWebKit/537.36 (KHTML, like Gecko; compatible; ClaudeBot/1.0; +claudebot@anthropic.com)"
74.7.242.37 - - [12/Jun/2026:06:12:58 -0600] "GET /index.php?path=//proc/self/root/var/softaculous/ospos HTTP/1.1" 200 4154 "https://sportmaster.mx/index.php?path=//proc/self/root/var/softaculous" "Mozilla/5.0 AppleWebKit/537.36 (KHTML, like Gecko; compatible; GPTBot/1.4; +https://openai.com/gptbot)"
216.73.216.104 - - [12/Jun/2026:06:12:59 -0600] "GET /sitemap_index.xml?path=%2F%2Flib&viewfile=%2F%2Flib%2Flibcap.so.2.22 HTTP/1.1" 200 11070 "-" "Mozilla/5.0 AppleWebKit/537.36 (KHTML, like Gecko; compatible; ClaudeBot/1.0; +claudebot@anthropic.com)"
216.73.216.104 - - [12/Jun/2026:06:12:59 -0600] "GET /sitemap_index.xml?path=%2F%2Futilerias&viewfile=%2F%2Futilerias%2Fscripts HTTP/1.1" 200 2995 "-" "Mozilla/5.0 AppleWebKit/537.36 (KHTML, like Gecko; compatible; ClaudeBot/1.0; +claudebot@anthropic.com)"
216.73.216.104 - - [12/Jun/2026:06:12:59 -0600] "GET /sitemap_index.xml?path=%2F%2Flib%2Fjvm-exports HTTP/1.1" 200 3202 "-" "Mozilla/5.0 AppleWebKit/537.36 (KHTML, like Gecko; compatible; ClaudeBot/1.0; +claudebot@anthropic.com)"
216.73.216.104 - - [12/Jun/2026:06:12:59 -0600] "GET /sitemap_index.xml?path=%2F%2Flib&viewfile=%2F%2Flib%2Flibauparse.so.0.0.0 HTTP/1.1" 200 55878 "-" "Mozilla/5.0 AppleWebKit/537.36 (KHTML, like Gecko; compatible; ClaudeBot/1.0; +claudebot@anthropic.com)"
216.73.216.104 - - [12/Jun/2026:06:12:59 -0600] "GET /sitemap_index.xml?path=%2F%2Flib&viewfile=%2F%2Flib%2Flibpthread-2.17.so HTTP/1.1" 200 49544 "-" "Mozilla/5.0 AppleWebKit/537.36 (KHTML, like Gecko; compatible; ClaudeBot/1.0; +claudebot@anthropic.com)"
74.7.242.37 - - [12/Jun/2026:06:12:59 -0600] "GET /index.php?path=//proc/self/root/var/softaculous/atutor HTTP/1.1" 200 3982 "https://sportmaster.mx/index.php?path=//proc/self/root/var/softaculous" "Mozilla/5.0 AppleWebKit/537.36 (KHTML, like Gecko; compatible; GPTBot/1.4; +https://openai.com/gptbot)"
74.7.242.37 - - [12/Jun/2026:06:13:00 -0600] "GET /index.php?path=//proc/self/root/var/softaculous/toaster HTTP/1.1" 200 4163 "https://sportmaster.mx/index.php?path=//proc/self/root/var/softaculous" "Mozilla/5.0 AppleWebKit/537.36 (KHTML, like Gecko; compatible; GPTBot/1.4; +https://openai.com/gptbot)"
74.7.242.37 - - [12/Jun/2026:06:13:00 -0600] "GET /index.php?path=//proc/self/root/var/softaculous/ocart HTTP/1.1" 200 4088 "https://sportmaster.mx/index.php?path=//proc/self/root/var/softaculous" "Mozilla/5.0 AppleWebKit/537.36 (KHTML, like Gecko; compatible; GPTBot/1.4; +https://openai.com/gptbot)"
74.7.242.37 - - [12/Jun/2026:06:13:01 -0600] "GET /index.php?path=//proc/self/root/var/softaculous/leto HTTP/1.1" 200 4036 "https://sportmaster.mx/index.php?path=//proc/self/root/var/softaculous" "Mozilla/5.0 AppleWebKit/537.36 (KHTML, like Gecko; compatible; GPTBot/1.4; +https://openai.com/gptbot)"
74.7.242.37 - - [12/Jun/2026:06:13:01 -0600] "GET /index.php?path=//proc/self/root/var/softaculous/ocportal HTTP/1.1" 200 3995 "https://sportmaster.mx/index.php?path=//proc/self/root/var/softaculous" "Mozilla/5.0 AppleWebKit/537.36 (KHTML, like Gecko; compatible; GPTBot/1.4; +https://openai.com/gptbot)"
74.7.242.37 - - [12/Jun/2026:06:13:02 -0600] "GET /index.php?path=//proc/self/root/var/softaculous/pods HTTP/1.1" 200 3900 "https://sportmaster.mx/index.php?path=//proc/self/root/var/softaculous" "Mozilla/5.0 AppleWebKit/537.36 (KHTML, like Gecko; compatible; GPTBot/1.4; +https://openai.com/gptbot)"
74.7.242.37 - - [12/Jun/2026:06:13:02 -0600] "GET /index.php?path=//proc/self/root/var/softaculous/cscart HTTP/1.1" 200 4045 "https://sportmaster.mx/index.php?path=//proc/self/root/var/softaculous" "Mozilla/5.0 AppleWebKit/537.36 (KHTML, like Gecko; compatible; GPTBot/1.4; +https://openai.com/gptbot)"
74.7.242.37 - - [12/Jun/2026:06:13:03 -0600] "GET /index.php?path=//proc/self/root/var/softaculous/pixpost HTTP/1.1" 200 3937 "https://sportmaster.mx/index.php?path=//proc/self/root/var/softaculous" "Mozilla/5.0 AppleWebKit/537.36 (KHTML, like Gecko; compatible; GPTBot/1.4; +https://openai.com/gptbot)"
74.7.242.37 - - [12/Jun/2026:06:13:03 -0600] "GET /index.php?path=//proc/self/root/var/softaculous/ops HTTP/1.1" 200 4162 "https://sportmaster.mx/index.php?path=//proc/self/root/var/softaculous" "Mozilla/5.0 AppleWebKit/537.36 (KHTML, like Gecko; compatible; GPTBot/1.4; +https://openai.com/gptbot)"
74.7.242.37 - - [12/Jun/2026:06:13:04 -0600] "GET /index.php?path=//proc/self/root/var/softaculous/extplorer HTTP/1.1" 200 3999 "https://sportmaster.mx/index.php?path=//proc/self/root/var/softaculous" "Mozilla/5.0 AppleWebKit/537.36 (KHTML, like Gecko; compatible; GPTBot/1.4; +https://openai.com/gptbot)"
74.7.242.37 - - [12/Jun/2026:06:13:04 -0600] "GET /index.php?path=//proc/self/root/var/softaculous/ospos/php56 HTTP/1.1" 200 3318 "https://sportmaster.mx/index.php?path=//proc/self/root/var/softaculous/ospos" "Mozilla/5.0 AppleWebKit/537.36 (KHTML, like Gecko; compatible; GPTBot/1.4; +https://openai.com/gptbot)"
74.7.242.37 - - [12/Jun/2026:06:13:05 -0600] "GET /index.php?path=//proc/self/root/var/softaculous/atutor&viewfile=//proc/self/root/var/softaculous/atutor/install.xml HTTP/1.1" 200 3300 "https://sportmaster.mx/index.php?path=//proc/self/root/var/softaculous/atutor" "Mozilla/5.0 AppleWebKit/537.36 (KHTML, like Gecko; compatible; GPTBot/1.4; +https://openai.com/gptbot)"
74.7.242.37 - - [12/Jun/2026:06:13:05 -0600] "GET /index.php?path=//proc/self/root/var/softaculous/atutor/php71 HTTP/1.1" 200 3318 "https://sportmaster.mx/index.php?path=//proc/self/root/var/softaculous/atutor" "Mozilla/5.0 AppleWebKit/537.36 (KHTML, like Gecko; compatible; GPTBot/1.4; +https://openai.com/gptbot)"
74.7.242.37 - - [12/Jun/2026:06:13:06 -0600] "GET /index.php?path=//proc/self/root/var/softaculous/ocart/php71 HTTP/1.1" 200 3315 "https://sportmaster.mx/index.php?path=//proc/self/root/var/softaculous/ocart" "Mozilla/5.0 AppleWebKit/537.36 (KHTML, like Gecko; compatible; GPTBot/1.4; +https://openai.com/gptbot)"
74.7.242.37 - - [12/Jun/2026:06:13:06 -0600] "GET /index.php?path=//proc/self/root/var/softaculous/leto/php56 HTTP/1.1" 200 3276 "https://sportmaster.mx/index.php?path=//proc/self/root/var/softaculous/leto" "Mozilla/5.0 AppleWebKit/537.36 (KHTML, like Gecko; compatible; GPTBot/1.4; +https://openai.com/gptbot)"
74.7.242.37 - - [12/Jun/2026:06:13:07 -0600] "GET /index.php?path=//proc/self/root/var/softaculous/ocportal/images HTTP/1.1" 200 3167 "https://sportmaster.mx/index.php?path=//proc/self/root/var/softaculous/ocportal" "Mozilla/5.0 AppleWebKit/537.36 (KHTML, like Gecko; compatible; GPTBot/1.4; +https://openai.com/gptbot)"
74.7.242.37 - - [12/Jun/2026:06:13:07 -0600] "GET /index.php?path=//proc/self/root/var/softaculous/pods/php71 HTTP/1.1" 200 3237 "https://sportmaster.mx/index.php?path=//proc/self/root/var/softaculous/pods" "Mozilla/5.0 AppleWebKit/537.36 (KHTML, like Gecko; compatible; GPTBot/1.4; +https://openai.com/gptbot)"
74.7.242.37 - - [12/Jun/2026:06:13:08 -0600] "GET /index.php?path=//proc/self/root/var/softaculous/cscart&viewfile=//proc/self/root/var/softaculous/cscart/md5 HTTP/1.1" 200 9354 "https://sportmaster.mx/index.php?path=//proc/self/root/var/softaculous/cscart" "Mozilla/5.0 AppleWebKit/537.36 (KHTML, like Gecko; compatible; GPTBot/1.4; +https://openai.com/gptbot)"
74.7.242.37 - - [12/Jun/2026:06:13:08 -0600] "GET /index.php?path=//proc/self/root/var/softaculous/pods/php53 HTTP/1.1" 200 3239 "https://sportmaster.mx/index.php?path=//proc/self/root/var/softaculous/pods" "Mozilla/5.0 AppleWebKit/537.36 (KHTML, like Gecko; compatible; GPTBot/1.4; +https://openai.com/gptbot)"
74.7.242.37 - - [12/Jun/2026:06:13:09 -0600] "GET /index.php?path=//proc/self/root/var/softaculous/atutor/php82 HTTP/1.1" 200 3320 "https://sportmaster.mx/index.php?path=//proc/self/root/var/softaculous/atutor" "Mozilla/5.0 AppleWebKit/537.36 (KHTML, like Gecko; compatible; GPTBot/1.4; +https://openai.com/gptbot)"
74.7.242.37 - - [12/Jun/2026:06:13:09 -0600] "GET /index.php?path=//proc/self/root/var/softaculous/extplorer/php56 HTTP/1.1" 200 3240 "https://sportmaster.mx/index.php?path=//proc/self/root/var/softaculous/extplorer" "Mozilla/5.0 AppleWebKit/537.36 (KHTML, like Gecko; compatible; GPTBot/1.4; +https://openai.com/gptbot)"
74.7.242.37 - - [12/Jun/2026:06:13:10 -0600] "GET /index.php?path=//proc/self/root/var/softaculous/toaster/php81 HTTP/1.1" 200 3281 "https://sportmaster.mx/index.php?path=//proc/self/root/var/softaculous/toaster" "Mozilla/5.0 AppleWebKit/537.36 (KHTML, like Gecko; compatible; GPTBot/1.4; +https://openai.com/gptbot)"
74.7.242.37 - - [12/Jun/2026:06:13:11 -0600] "GET /index.php?path=//proc/self/root/var/softaculous/cscart/php53 HTTP/1.1" 200 3280 "https://sportmaster.mx/index.php?path=//proc/self/root/var/softaculous/cscart" "Mozilla/5.0 AppleWebKit/537.36 (KHTML, like Gecko; compatible; GPTBot/1.4; +https://openai.com/gptbot)"
74.7.242.37 - - [12/Jun/2026:06:13:11 -0600] "GET /index.php?path=//proc/self/root/var/softaculous/toaster/php82 HTTP/1.1" 200 3280 "https://sportmaster.mx/index.php?path=//proc/self/root/var/softaculous/toaster" "Mozilla/5.0 AppleWebKit/537.36 (KHTML, like Gecko; compatible; GPTBot/1.4; +https://openai.com/gptbot)"
74.7.242.37 - - [12/Jun/2026:06:13:12 -0600] "GET /index.php?path=//proc/self/root/var/softaculous/atutor/php81 HTTP/1.1" 200 3318 "https://sportmaster.mx/index.php?path=//proc/self/root/var/softaculous/atutor" "Mozilla/5.0 AppleWebKit/537.36 (KHTML, like Gecko; compatible; GPTBot/1.4; +https://openai.com/gptbot)"
74.7.242.37 - - [12/Jun/2026:06:13:12 -0600] "GET /index.php?path=//proc/self/root/var/softaculous/leto/php82 HTTP/1.1" 200 3274 "https://sportmaster.mx/index.php?path=//proc/self/root/var/softaculous/leto" "Mozilla/5.0 AppleWebKit/537.36 (KHTML, like Gecko; compatible; GPTBot/1.4; +https://openai.com/gptbot)"
74.7.242.37 - - [12/Jun/2026:06:13:13 -0600] "GET /index.php?path=//proc/self/root/var/softaculous/toaster/php71 HTTP/1.1" 200 3279 "https://sportmaster.mx/index.php?path=//proc/self/root/var/softaculous/toaster" "Mozilla/5.0 AppleWebKit/537.36 (KHTML, like Gecko; compatible; GPTBot/1.4; +https://openai.com/gptbot)"
103.108.30.118 - - [12/Jun/2026:06:13:13 -0600] "GET /contactanos/ HTTP/1.1" 200 57780 "https://www.google.com/" "Mozilla/5.0 (Linux; Android 10; K) AppleWebKit/537.36 (KHTML, like Gecko) Chrome/148.0.0.0 Mobile Safari/537.36"
74.7.242.37 - - [12/Jun/2026:06:13:13 -0600] "GET /index.php?path=//proc/self/root/var/softaculous/ospos/php71 HTTP/1.1" 200 3319 "https://sportmaster.mx/index.php?path=//proc/self/root/var/softaculous/ospos" "Mozilla/5.0 AppleWebKit/537.36 (KHTML, like Gecko; compatible; GPTBot/1.4; +https://openai.com/gptbot)"
103.108.30.118 - - [12/Jun/2026:06:13:13 -0600] "GET /8o_WIVtDvvijSGt_4XpcywCOztnADo8ivKHfgpWNDi_q96nSoMpDkRYtqO4c_uYFgYhQ86ozhJ7hkU45D_YVaBeozX9g-mPY_bscwnM3d1EV4ofWVKigSaQ4beEfoP9_NlDCyGPSbLWu3LwdjI2ktHiPr4CkuDCY1ioBl0cVR2Jz_l-W0yuMjfoAEjuyJiQFU9a3GuUIl7nxQawaBkB6N6TrCzJIY2oLtusFyYXl-7XECa85uRABXBIp83ME2FjYbC6iKMll8vYiWXiIdAJmFwDF1cfuHAy3dVE2-w_lJj9CHfYBADemq073roR10VZjKkh7lL0dmwKqmfpXRlY4Nph2gzeReQ38KOsH8tzEqAdBT8JScwo8pRZsQzdqcyj7WGyOjICSlzkjfeEOKJ_QpassNPdJCmncVNc7eIOBJizGrL9m4ZAWjons-IlEnziCLyLYrAjzqA HTTP/1.1" 403 5149 "https://sportmaster.mx/contactanos/" "Mozilla/5.0 (Linux; Android 10; K) AppleWebKit/537.36 (KHTML, like Gecko) Chrome/148.0.0.0 Mobile Safari/537.36"
74.7.242.37 - - [12/Jun/2026:06:13:14 -0600] "GET /index.php?path=//proc/self/root/var/softaculous/toaster/php56 HTTP/1.1" 200 3280 "https://sportmaster.mx/index.php?path=//proc/self/root/var/softaculous/toaster" "Mozilla/5.0 AppleWebKit/537.36 (KHTML, like Gecko; compatible; GPTBot/1.4; +https://openai.com/gptbot)"
74.7.242.37 - - [12/Jun/2026:06:13:14 -0600] "GET /index.php?path=//proc/self/root/var/softaculous/leto/php53 HTTP/1.1" 200 3270 "https://sportmaster.mx/index.php?path=//proc/self/root/var/softaculous/leto" "Mozilla/5.0 AppleWebKit/537.36 (KHTML, like Gecko; compatible; GPTBot/1.4; +https://openai.com/gptbot)"
74.7.242.37 - - [12/Jun/2026:06:13:15 -0600] "GET /index.php?path=//proc/self/root/var/softaculous/leto/php81 HTTP/1.1" 200 3272 "https://sportmaster.mx/index.php?path=//proc/self/root/var/softaculous/leto" "Mozilla/5.0 AppleWebKit/537.36 (KHTML, like Gecko; compatible; GPTBot/1.4; +https://openai.com/gptbot)"
74.7.242.37 - - [12/Jun/2026:06:13:15 -0600] "GET /index.php?path=//proc/self/root/var/softaculous/cscart/php56 HTTP/1.1" 200 3281 "https://sportmaster.mx/index.php?path=//proc/self/root/var/softaculous/cscart" "Mozilla/5.0 AppleWebKit/537.36 (KHTML, like Gecko; compatible; GPTBot/1.4; +https://openai.com/gptbot)"
216.73.216.104 - - [12/Jun/2026:06:13:15 -0600] "GET /sitemap_index.xml?path=%2F%2Flib&viewfile=%2F%2Flib%2Flibsystemd-journal.so.0 HTTP/1.1" 200 73469 "-" "Mozilla/5.0 AppleWebKit/537.36 (KHTML, like Gecko; compatible; ClaudeBot/1.0; +claudebot@anthropic.com)"
74.7.242.37 - - [12/Jun/2026:06:13:16 -0600] "GET /index.php?path=//proc/self/root/var/softaculous/ospos/php53 HTTP/1.1" 200 3316 "https://sportmaster.mx/index.php?path=//proc/self/root/var/softaculous/ospos" "Mozilla/5.0 AppleWebKit/537.36 (KHTML, like Gecko; compatible; GPTBot/1.4; +https://openai.com/gptbot)"
216.73.216.104 - - [12/Jun/2026:06:13:16 -0600] "GET /sitemap_index.xml?path=%2F%2Flib&viewfile=%2F%2Flib%2Flibudev.so.1 HTTP/1.1" 200 43795 "-" "Mozilla/5.0 AppleWebKit/537.36 (KHTML, like Gecko; compatible; ClaudeBot/1.0; +claudebot@anthropic.com)"
216.73.216.104 - - [12/Jun/2026:06:13:16 -0600] "GET /sitemap_index.xml?path=%2F%2Flib&viewfile=%2F%2Flib%2Flibefi.a HTTP/1.1" 200 34858 "-" "Mozilla/5.0 AppleWebKit/537.36 (KHTML, like Gecko; compatible; ClaudeBot/1.0; +claudebot@anthropic.com)"
74.7.242.37 - - [12/Jun/2026:06:13:16 -0600] "GET /index.php?path=//proc/self/root/var/softaculous/ocart/php56 HTTP/1.1" 200 3317 "https://sportmaster.mx/index.php?path=//proc/self/root/var/softaculous/ocart" "Mozilla/5.0 AppleWebKit/537.36 (KHTML, like Gecko; compatible; GPTBot/1.4; +https://openai.com/gptbot)"
216.73.216.104 - - [12/Jun/2026:06:13:17 -0600] "GET /sitemap_index.xml?path=%2F%2Flib&viewfile=%2F%2Flib%2Flibgcrypt.so.11 HTTP/1.1" 200 241734 "-" "Mozilla/5.0 AppleWebKit/537.36 (KHTML, like Gecko; compatible; ClaudeBot/1.0; +claudebot@anthropic.com)"
74.7.242.37 - - [12/Jun/2026:06:13:17 -0600] "GET /index.php?path=//proc/self/root/var/softaculous/cscart/php81 HTTP/1.1" 200 3282 "https://sportmaster.mx/index.php?path=//proc/self/root/var/softaculous/cscart" "Mozilla/5.0 AppleWebKit/537.36 (KHTML, like Gecko; compatible; GPTBot/1.4; +https://openai.com/gptbot)"
216.73.216.104 - - [12/Jun/2026:06:13:17 -0600] "GET /sitemap_index.xml?path=%2F%2Flib&viewfile=%2F%2Flib%2Flibasm.so.1 HTTP/1.1" 200 16157 "-" "Mozilla/5.0 AppleWebKit/537.36 (KHTML, like Gecko; compatible; ClaudeBot/1.0; +claudebot@anthropic.com)"
216.73.216.104 - - [12/Jun/2026:06:13:17 -0600] "GET /sitemap_index.xml?path=%2F%2Flib&viewfile=%2F%2Flib%2Fos-release HTTP/1.1" 200 3113 "-" "Mozilla/5.0 AppleWebKit/537.36 (KHTML, like Gecko; compatible; ClaudeBot/1.0; +claudebot@anthropic.com)"
216.73.216.104 - - [12/Jun/2026:06:13:17 -0600] "GET /sitemap_index.xml?path=%2F%2Flib&viewfile=%2F%2Flib%2Flibutil.so.1 HTTP/1.1" 200 7302 "-" "Mozilla/5.0 AppleWebKit/537.36 (KHTML, like Gecko; compatible; ClaudeBot/1.0; +claudebot@anthropic.com)"
216.73.216.104 - - [12/Jun/2026:06:13:17 -0600] "GET /sitemap_index.xml?path=%2F%2Flib&viewfile=%2F%2Flib%2Flibsystemd-daemon.so.0.0.12 HTTP/1.1" 200 15927 "-" "Mozilla/5.0 AppleWebKit/537.36 (KHTML, like Gecko; compatible; ClaudeBot/1.0; +claudebot@anthropic.com)"
74.7.242.37 - - [12/Jun/2026:06:13:17 -0600] "GET /index.php?path=//proc/self/root/var/softaculous/atutor/php56 HTTP/1.1" 200 3319 "https://sportmaster.mx/index.php?path=//proc/self/root/var/softaculous/atutor" "Mozilla/5.0 AppleWebKit/537.36 (KHTML, like Gecko; compatible; GPTBot/1.4; +https://openai.com/gptbot)"
74.7.242.37 - - [12/Jun/2026:06:13:18 -0600] "GET /index.php?path=//proc/self/root/var/softaculous/pixpost/php53 HTTP/1.1" 200 3281 "https://sportmaster.mx/index.php?path=//proc/self/root/var/softaculous/pixpost" "Mozilla/5.0 AppleWebKit/537.36 (KHTML, like Gecko; compatible; GPTBot/1.4; +https://openai.com/gptbot)"
74.7.242.37 - - [12/Jun/2026:06:13:18 -0600] "GET /index.php?path=//proc/self/root/var/softaculous/leto/php71 HTTP/1.1" 200 3274 "https://sportmaster.mx/index.php?path=//proc/self/root/var/softaculous/leto" "Mozilla/5.0 AppleWebKit/537.36 (KHTML, like Gecko; compatible; GPTBot/1.4; +https://openai.com/gptbot)"
74.7.242.37 - - [12/Jun/2026:06:13:19 -0600] "GET /index.php?path=//proc/self/root/var/softaculous/ocart/php82 HTTP/1.1" 200 3315 "https://sportmaster.mx/index.php?path=//proc/self/root/var/softaculous/ocart" "Mozilla/5.0 AppleWebKit/537.36 (KHTML, like Gecko; compatible; GPTBot/1.4; +https://openai.com/gptbot)"
103.108.30.118 - - [12/Jun/2026:06:13:19 -0600] "POST /cdn-cgi/rum? HTTP/1.1" 200 5149 "https://sportmaster.mx/contactanos/" "Mozilla/5.0 (Linux; Android 10; K) AppleWebKit/537.36 (KHTML, like Gecko) Chrome/148.0.0.0 Mobile Safari/537.36"
74.7.242.37 - - [12/Jun/2026:06:13:20 -0600] "GET /index.php?path=//proc/self/root/var/softaculous/extplorer/php71 HTTP/1.1" 200 3243 "https://sportmaster.mx/index.php?path=//proc/self/root/var/softaculous/extplorer" "Mozilla/5.0 AppleWebKit/537.36 (KHTML, like Gecko; compatible; GPTBot/1.4; +https://openai.com/gptbot)"
103.108.30.118 - - [12/Jun/2026:06:13:20 -0600] "GET /contactanos/ HTTP/1.1" 200 57780 "https://sportmaster.mx/contactanos/" "Mozilla/5.0 (Linux; Android 10; K) AppleWebKit/537.36 (KHTML, like Gecko) Chrome/148.0.0.0 Mobile Safari/537.36"
74.7.242.37 - - [12/Jun/2026:06:13:20 -0600] "GET /index.php?path=//proc/self/root/var/softaculous/cscart/php71 HTTP/1.1" 200 3279 "https://sportmaster.mx/index.php?path=//proc/self/root/var/softaculous/cscart" "Mozilla/5.0 AppleWebKit/537.36 (KHTML, like Gecko; compatible; GPTBot/1.4; +https://openai.com/gptbot)"
103.108.30.118 - - [12/Jun/2026:06:13:20 -0600] "POST /cdn-cgi/rum? HTTP/1.1" 200 5149 "https://sportmaster.mx/contactanos/" "Mozilla/5.0 (Linux; Android 10; K) AppleWebKit/537.36 (KHTML, like Gecko) Chrome/148.0.0.0 Mobile Safari/537.36"
74.7.242.37 - - [12/Jun/2026:06:13:21 -0600] "GET /index.php?path=//proc/self/root/var/softaculous/ospos/php81 HTTP/1.1" 200 3318 "https://sportmaster.mx/index.php?path=//proc/self/root/var/softaculous/ospos" "Mozilla/5.0 AppleWebKit/537.36 (KHTML, like Gecko; compatible; GPTBot/1.4; +https://openai.com/gptbot)"
103.108.30.118 - - [12/Jun/2026:06:13:21 -0600] "GET /8o_WIVtDvvijSGt_4XpcywCOztnADo8ivKHfgpWNDi_q96nSoMpDkRYtqO4c_uYFgYhQ86ozhJ7hkU45D_YVaBeozX9g-mPY_bscwnM3d1EV4ofWVKigSaQ4beEfoP9_NlDCyGPSbLWu3LwdjI2ktHiPr4CkuDCY1ioBl0cVR2Jz_l-W0yuMjfoAEjuyJiQFU9a3GuUIl7nxQawaBkB6N6TrCzJIY2oLtusFyYXl-7XECa85uRABXBIp83ME2FjYbC6iKMll8vYiWXiIdAJmFwDF1cfuHAy3dVE2-w_lJj9CHfYBADemq073roR10VZjKkh7lL0dmwKqmfpXRlY4Nph2gzeReQ38KOsH8tzEqAdBT8JScwo8pRZsQzdqcyj7WGyOjICSlzkjfeEOKJ_QpassNPdJCmncVNc7eIOBJizGrL9m4ZAWjons-IlEnziCLyLYrAjzqA HTTP/1.1" 403 5149 "https://sportmaster.mx/contactanos/" "Mozilla/5.0 (Linux; Android 10; K) AppleWebKit/537.36 (KHTML, like Gecko) Chrome/148.0.0.0 Mobile Safari/537.36"
74.7.242.37 - - [12/Jun/2026:06:13:21 -0600] "GET /index.php?path=//proc/self/root/var/softaculous/atutor/php53 HTTP/1.1" 200 3315 "https://sportmaster.mx/index.php?path=//proc/self/root/var/softaculous/atutor" "Mozilla/5.0 AppleWebKit/537.36 (KHTML, like Gecko; compatible; GPTBot/1.4; +https://openai.com/gptbot)"
74.7.242.37 - - [12/Jun/2026:06:13:22 -0600] "GET /index.php?path=//proc/self/root/var/softaculous/ocportal/php71 HTTP/1.1" 200 3326 "https://sportmaster.mx/index.php?path=//proc/self/root/var/softaculous/ocportal" "Mozilla/5.0 AppleWebKit/537.36 (KHTML, like Gecko; compatible; GPTBot/1.4; +https://openai.com/gptbot)"
74.7.242.37 - - [12/Jun/2026:06:13:22 -0600] "GET /index.php?path=//proc/self/root/var/softaculous/ocportal/php53 HTTP/1.1" 200 3327 "https://sportmaster.mx/index.php?path=//proc/self/root/var/softaculous/ocportal" "Mozilla/5.0 AppleWebKit/537.36 (KHTML, like Gecko; compatible; GPTBot/1.4; +https://openai.com/gptbot)"
74.7.242.37 - - [12/Jun/2026:06:13:23 -0600] "GET /index.php?path=//proc/self/root/var/softaculous/pixpost/php71 HTTP/1.1" 200 3278 "https://sportmaster.mx/index.php?path=//proc/self/root/var/softaculous/pixpost" "Mozilla/5.0 AppleWebKit/537.36 (KHTML, like Gecko; compatible; GPTBot/1.4; +https://openai.com/gptbot)"
74.7.242.37 - - [12/Jun/2026:06:13:23 -0600] "GET /index.php?path=//proc/self/root/var/softaculous/extplorer/php53 HTTP/1.1" 200 3243 "https://sportmaster.mx/index.php?path=//proc/self/root/var/softaculous/extplorer" "Mozilla/5.0 AppleWebKit/537.36 (KHTML, like Gecko; compatible; GPTBot/1.4; +https://openai.com/gptbot)"
181.42.38.206 - - [12/Jun/2026:06:13:24 -0600] "GET /wp-content/uploads/como-se-divide-la-cancha-de-futbol.jpg HTTP/1.1" 200 38279 "https://www.google.com/" "Mozilla/5.0 (iPhone; CPU iPhone OS 18_6_2 like Mac OS X) AppleWebKit/605.1.15 (KHTML, like Gecko) CriOS/149.0.7827.45 Mobile/15E148 Safari/604.1"
74.7.242.37 - - [12/Jun/2026:06:13:24 -0600] "GET /index.php?path=//proc/self/root/var/softaculous/toaster/php53 HTTP/1.1" 200 3278 "https://sportmaster.mx/index.php?path=//proc/self/root/var/softaculous/toaster" "Mozilla/5.0 AppleWebKit/537.36 (KHTML, like Gecko; compatible; GPTBot/1.4; +https://openai.com/gptbot)"
74.7.242.37 - - [12/Jun/2026:06:13:24 -0600] "GET /index.php?path=//proc/self/root/var/softaculous/pods/php56 HTTP/1.1" 200 3239 "https://sportmaster.mx/index.php?path=//proc/self/root/var/softaculous/pods" "Mozilla/5.0 AppleWebKit/537.36 (KHTML, like Gecko; compatible; GPTBot/1.4; +https://openai.com/gptbot)"
103.108.30.118 - - [12/Jun/2026:06:13:25 -0600] "POST /cdn-cgi/rum? HTTP/1.1" 200 5149 "https://sportmaster.mx/contactanos/" "Mozilla/5.0 (Linux; Android 10; K) AppleWebKit/537.36 (KHTML, like Gecko) Chrome/148.0.0.0 Mobile Safari/537.36"
74.7.242.37 - - [12/Jun/2026:06:13:25 -0600] "GET /index.php?path=//proc/self/root/var/softaculous/extplorer/php81 HTTP/1.1" 200 3242 "https://sportmaster.mx/index.php?path=//proc/self/root/var/softaculous/extplorer" "Mozilla/5.0 AppleWebKit/537.36 (KHTML, like Gecko; compatible; GPTBot/1.4; +https://openai.com/gptbot)"
74.7.242.37 - - [12/Jun/2026:06:13:25 -0600] "GET /index.php?path=//proc/self/root/var/softaculous/ospos/php82 HTTP/1.1" 200 3318 "https://sportmaster.mx/index.php?path=//proc/self/root/var/softaculous/ospos" "Mozilla/5.0 AppleWebKit/537.36 (KHTML, like Gecko; compatible; GPTBot/1.4; +https://openai.com/gptbot)"
74.7.242.37 - - [12/Jun/2026:06:13:26 -0600] "GET /index.php?path=//proc/self/root/var/softaculous/ocart/php53 HTTP/1.1" 200 3313 "https://sportmaster.mx/index.php?path=//proc/self/root/var/softaculous/ocart" "Mozilla/5.0 AppleWebKit/537.36 (KHTML, like Gecko; compatible; GPTBot/1.4; +https://openai.com/gptbot)"
74.7.242.37 - - [12/Jun/2026:06:13:26 -0600] "GET /index.php?path=//proc/self/root/var/softaculous/pixpost/php56 HTTP/1.1" 200 3280 "https://sportmaster.mx/index.php?path=//proc/self/root/var/softaculous/pixpost" "Mozilla/5.0 AppleWebKit/537.36 (KHTML, like Gecko; compatible; GPTBot/1.4; +https://openai.com/gptbot)"
74.7.242.37 - - [12/Jun/2026:06:13:27 -0600] "GET /index.php?path=//proc/self/root/var/softaculous/extplorer/php82 HTTP/1.1" 200 3241 "https://sportmaster.mx/index.php?path=//proc/self/root/var/softaculous/extplorer" "Mozilla/5.0 AppleWebKit/537.36 (KHTML, like Gecko; compatible; GPTBot/1.4; +https://openai.com/gptbot)"
103.108.30.118 - - [12/Jun/2026:06:13:27 -0600] "POST /cdn-cgi/rum? HTTP/1.1" 200 5149 "https://sportmaster.mx/contactanos/" "Mozilla/5.0 (Linux; Android 10; K) AppleWebKit/537.36 (KHTML, like Gecko) Chrome/148.0.0.0 Mobile Safari/537.36"
74.7.242.37 - - [12/Jun/2026:06:13:27 -0600] "GET /index.php?path=//proc/self/root/var/softaculous/ocportal/php56 HTTP/1.1" 200 3325 "https://sportmaster.mx/index.php?path=//proc/self/root/var/softaculous/ocportal" "Mozilla/5.0 AppleWebKit/537.36 (KHTML, like Gecko; compatible; GPTBot/1.4; +https://openai.com/gptbot)"
74.7.242.37 - - [12/Jun/2026:06:13:28 -0600] "GET /index.php?path=//proc/self/root/var/softaculous/ocportal/php82 HTTP/1.1" 200 3327 "https://sportmaster.mx/index.php?path=//proc/self/root/var/softaculous/ocportal" "Mozilla/5.0 AppleWebKit/537.36 (KHTML, like Gecko; compatible; GPTBot/1.4; +https://openai.com/gptbot)"
74.7.242.37 - - [12/Jun/2026:06:13:28 -0600] "GET /index.php?path=//proc/self/root/var/softaculous/pixpost/php71&viewfile=//proc/self/root/var/softaculous/pixpost/php71/edit.php HTTP/1.1" 200 6773 "https://sportmaster.mx/index.php?path=//proc/self/root/var/softaculous/pixpost/php71" "Mozilla/5.0 AppleWebKit/537.36 (KHTML, like Gecko; compatible; GPTBot/1.4; +https://openai.com/gptbot)"
74.7.242.37 - - [12/Jun/2026:06:13:29 -0600] "GET /index.php?path=//proc/self/root/var/softaculous/ocportal/php81 HTTP/1.1" 200 3329 "https://sportmaster.mx/index.php?path=//proc/self/root/var/softaculous/ocportal" "Mozilla/5.0 AppleWebKit/537.36 (KHTML, like Gecko; compatible; GPTBot/1.4; +https://openai.com/gptbot)"
74.7.242.37 - - [12/Jun/2026:06:13:29 -0600] "GET /index.php?path=//proc/self/root/var/softaculous/ocart/php81 HTTP/1.1" 200 3316 "https://sportmaster.mx/index.php?path=//proc/self/root/var/softaculous/ocart" "Mozilla/5.0 AppleWebKit/537.36 (KHTML, like Gecko; compatible; GPTBot/1.4; +https://openai.com/gptbot)"
74.7.242.37 - - [12/Jun/2026:06:13:30 -0600] "GET /index.php?path=//proc/self/root/var/softaculous/cscart/php82 HTTP/1.1" 200 3281 "https://sportmaster.mx/index.php?path=//proc/self/root/var/softaculous/cscart" "Mozilla/5.0 AppleWebKit/537.36 (KHTML, like Gecko; compatible; GPTBot/1.4; +https://openai.com/gptbot)"
74.7.242.37 - - [12/Jun/2026:06:13:31 -0600] "GET /index.php?path=//proc/self/root/var/softaculous/extplorer/images HTTP/1.1" 200 3166 "https://sportmaster.mx/index.php?path=//proc/self/root/var/softaculous/extplorer" "Mozilla/5.0 AppleWebKit/537.36 (KHTML, like Gecko; compatible; GPTBot/1.4; +https://openai.com/gptbot)"
74.7.242.37 - - [12/Jun/2026:06:13:31 -0600] "GET /index.php?path=//proc/self/root/var/softaculous/ops/php81 HTTP/1.1" 200 3354 "https://sportmaster.mx/index.php?path=//proc/self/root/var/softaculous/ops" "Mozilla/5.0 AppleWebKit/537.36 (KHTML, like Gecko; compatible; GPTBot/1.4; +https://openai.com/gptbot)"
74.7.242.37 - - [12/Jun/2026:06:13:32 -0600] "GET /index.php?path=//proc/self/root/var/softaculous/ops/php71 HTTP/1.1" 200 3357 "https://sportmaster.mx/index.php?path=//proc/self/root/var/softaculous/ops" "Mozilla/5.0 AppleWebKit/537.36 (KHTML, like Gecko; compatible; GPTBot/1.4; +https://openai.com/gptbot)"
74.7.242.37 - - [12/Jun/2026:06:13:32 -0600] "GET /index.php?path=//proc/self/root/var/softaculous/ops/php56 HTTP/1.1" 200 3356 "https://sportmaster.mx/index.php?path=//proc/self/root/var/softaculous/ops" "Mozilla/5.0 AppleWebKit/537.36 (KHTML, like Gecko; compatible; GPTBot/1.4; +https://openai.com/gptbot)"
74.7.242.37 - - [12/Jun/2026:06:13:33 -0600] "GET /index.php?path=//proc/self/root/var/softaculous/ops/php82 HTTP/1.1" 200 3355 "https://sportmaster.mx/index.php?path=//proc/self/root/var/softaculous/ops" "Mozilla/5.0 AppleWebKit/537.36 (KHTML, like Gecko; compatible; GPTBot/1.4; +https://openai.com/gptbot)"
74.7.242.37 - - [12/Jun/2026:06:13:33 -0600] "GET /index.php?path=//proc/self/root/var/softaculous/ops/php53 HTTP/1.1" 200 3355 "https://sportmaster.mx/index.php?path=//proc/self/root/var/softaculous/ops" "Mozilla/5.0 AppleWebKit/537.36 (KHTML, like Gecko; compatible; GPTBot/1.4; +https://openai.com/gptbot)"
74.7.242.37 - - [12/Jun/2026:06:13:34 -0600] "GET /index.php?path=//proc/self/root/var/softaculous/ocportal/php82&viewfile=//proc/self/root/var/softaculous/ocportal/php82/import.php HTTP/1.1" 200 6420 "https://sportmaster.mx/index.php?path=//proc/self/root/var/softaculous/ocportal/php82" "Mozilla/5.0 AppleWebKit/537.36 (KHTML, like Gecko; compatible; GPTBot/1.4; +https://openai.com/gptbot)"
74.7.242.37 - - [12/Jun/2026:06:13:34 -0600] "GET /index.php?path=//proc/self/root/var/softaculous/atutor/images HTTP/1.1" 200 3163 "https://sportmaster.mx/index.php?path=//proc/self/root/var/softaculous/atutor" "Mozilla/5.0 AppleWebKit/537.36 (KHTML, like Gecko; compatible; GPTBot/1.4; +https://openai.com/gptbot)"
74.7.242.37 - - [12/Jun/2026:06:13:35 -0600] "GET /index.php?path=//proc/self/root/var/softaculous/toaster/images HTTP/1.1" 200 3163 "https://sportmaster.mx/index.php?path=//proc/self/root/var/softaculous/toaster" "Mozilla/5.0 AppleWebKit/537.36 (KHTML, like Gecko; compatible; GPTBot/1.4; +https://openai.com/gptbot)"
74.7.242.37 - - [12/Jun/2026:06:13:35 -0600] "GET /index.php?path=//proc/self/root/var/softaculous/pixpost/images HTTP/1.1" 200 3118 "https://sportmaster.mx/index.php?path=//proc/self/root/var/softaculous/pixpost" "Mozilla/5.0 AppleWebKit/537.36 (KHTML, like Gecko; compatible; GPTBot/1.4; +https://openai.com/gptbot)"
74.7.242.37 - - [12/Jun/2026:06:13:36 -0600] "GET /index.php?path=//proc/self/root/var/softaculous/cscart/images HTTP/1.1" 200 3199 "https://sportmaster.mx/index.php?path=//proc/self/root/var/softaculous/cscart" "Mozilla/5.0 AppleWebKit/537.36 (KHTML, like Gecko; compatible; GPTBot/1.4; +https://openai.com/gptbot)"
74.7.242.37 - - [12/Jun/2026:06:13:36 -0600] "GET /index.php?path=//proc/self/root/var/softaculous/espo HTTP/1.1" 200 4258 "https://sportmaster.mx/index.php?path=//proc/self/root/var/softaculous" "Mozilla/5.0 AppleWebKit/537.36 (KHTML, like Gecko; compatible; GPTBot/1.4; +https://openai.com/gptbot)"
74.7.242.37 - - [12/Jun/2026:06:13:37 -0600] "GET /index.php?path=//proc/self/root/etc/alternatives/jre_11_openjdk/legal/jdk.management.agent HTTP/1.1" 200 3308 "https://sportmaster.mx/index.php?path=//proc/self/root/etc/alternatives/jre_11_openjdk/legal" "Mozilla/5.0 AppleWebKit/537.36 (KHTML, like Gecko; compatible; GPTBot/1.4; +https://openai.com/gptbot)"
74.7.242.37 - - [12/Jun/2026:06:13:37 -0600] "GET /index.php?path=//proc/self/root/var/softaculous/ops/php71&viewfile=//proc/self/root/var/softaculous/ops/php71/install.php HTTP/1.1" 200 9944 "https://sportmaster.mx/index.php?path=//proc/self/root/var/softaculous/ops/php71" "Mozilla/5.0 AppleWebKit/537.36 (KHTML, like Gecko; compatible; GPTBot/1.4; +https://openai.com/gptbot)"
74.7.242.37 - - [12/Jun/2026:06:13:38 -0600] "GET /index.php?path=//proc/self/root/etc/alternatives/jre_11_openjdk/legal/java.compiler HTTP/1.1" 200 3303 "https://sportmaster.mx/index.php?path=//proc/self/root/etc/alternatives/jre_11_openjdk/legal" "Mozilla/5.0 AppleWebKit/537.36 (KHTML, like Gecko; compatible; GPTBot/1.4; +https://openai.com/gptbot)"
74.7.242.37 - - [12/Jun/2026:06:13:39 -0600] "GET /index.php?path=//proc/self/root/etc/alternatives/jre_11/legal/jdk.unsupported.desktop HTTP/1.1" 200 3307 "https://sportmaster.mx/index.php?path=//proc/self/root/etc/alternatives/jre_11/legal" "Mozilla/5.0 AppleWebKit/537.36 (KHTML, like Gecko; compatible; GPTBot/1.4; +https://openai.com/gptbot)"
74.7.242.37 - - [12/Jun/2026:06:13:39 -0600] "GET /index.php?path=//proc/self/root/etc/alternatives/jre_11_openjdk/legal/java.logging HTTP/1.1" 200 3303 "https://sportmaster.mx/index.php?path=//proc/self/root/etc/alternatives/jre_11_openjdk/legal" "Mozilla/5.0 AppleWebKit/537.36 (KHTML, like Gecko; compatible; GPTBot/1.4; +https://openai.com/gptbot)"
74.7.242.37 - - [12/Jun/2026:06:13:40 -0600] "GET /index.php?path=//proc/self/root/etc/alternatives/jre_11_openjdk/legal/java.scripting HTTP/1.1" 200 3302 "https://sportmaster.mx/index.php?path=//proc/self/root/etc/alternatives/jre_11_openjdk/legal" "Mozilla/5.0 AppleWebKit/537.36 (KHTML, like Gecko; compatible; GPTBot/1.4; +https://openai.com/gptbot)"
74.7.242.37 - - [12/Jun/2026:06:13:40 -0600] "GET /index.php?path=//proc/self/root/tmp&viewfile=//proc/self/root/tmp/log.htm HTTP/1.1" 200 3043 "https://sportmaster.mx/index.php?path=//proc/self/root/tmp" "Mozilla/5.0 AppleWebKit/537.36 (KHTML, like Gecko; compatible; GPTBot/1.4; +https://openai.com/gptbot)"
74.7.242.37 - - [12/Jun/2026:06:13:41 -0600] "GET /index.php?path=//proc/self/root/var/softaculous/magento24 HTTP/1.1" 200 4188 "https://sportmaster.mx/index.php?path=//proc/self/root/var/softaculous" "Mozilla/5.0 AppleWebKit/537.36 (KHTML, like Gecko; compatible; GPTBot/1.4; +https://openai.com/gptbot)"
74.7.242.37 - - [12/Jun/2026:06:13:41 -0600] "GET /index.php?path=//proc/self/root/var/softaculous/moodle310 HTTP/1.1" 200 4294 "https://sportmaster.mx/index.php?path=//proc/self/root/var/softaculous" "Mozilla/5.0 AppleWebKit/537.36 (KHTML, like Gecko; compatible; GPTBot/1.4; +https://openai.com/gptbot)"
74.7.242.37 - - [12/Jun/2026:06:13:42 -0600] "GET /index.php?path=//proc/self/root/var/softaculous/joomla310 HTTP/1.1" 200 4274 "https://sportmaster.mx/index.php?path=//proc/self/root/var/softaculous" "Mozilla/5.0 AppleWebKit/537.36 (KHTML, like Gecko; compatible; GPTBot/1.4; +https://openai.com/gptbot)"
74.7.242.37 - - [12/Jun/2026:06:13:42 -0600] "GET /index.php?path=//proc/self/root/var/softaculous/espo&viewfile=//proc/self/root/var/softaculous/espo/install.php HTTP/1.1" 200 11318 "https://sportmaster.mx/index.php?path=//proc/self/root/var/softaculous/espo" "Mozilla/5.0 AppleWebKit/537.36 (KHTML, like Gecko; compatible; GPTBot/1.4; +https://openai.com/gptbot)"
74.7.242.37 - - [12/Jun/2026:06:13:43 -0600] "GET /index.php?path=//proc/self/root/var/softaculous/espo/php82 HTTP/1.1" 200 3317 "https://sportmaster.mx/index.php?path=//proc/self/root/var/softaculous/espo" "Mozilla/5.0 AppleWebKit/537.36 (KHTML, like Gecko; compatible; GPTBot/1.4; +https://openai.com/gptbot)"
74.7.242.37 - - [12/Jun/2026:06:13:43 -0600] "GET /index.php?path=//proc/self/root/var/softaculous/espo/php53 HTTP/1.1" 200 3316 "https://sportmaster.mx/index.php?path=//proc/self/root/var/softaculous/espo" "Mozilla/5.0 AppleWebKit/537.36 (KHTML, like Gecko; compatible; GPTBot/1.4; +https://openai.com/gptbot)"
74.7.242.37 - - [12/Jun/2026:06:13:44 -0600] "GET /index.php?path=//proc/self/root/var/softaculous/espo/php71 HTTP/1.1" 200 3316 "https://sportmaster.mx/index.php?path=//proc/self/root/var/softaculous/espo" "Mozilla/5.0 AppleWebKit/537.36 (KHTML, like Gecko; compatible; GPTBot/1.4; +https://openai.com/gptbot)"
74.7.242.37 - - [12/Jun/2026:06:13:44 -0600] "GET /index.php?path=//proc/self/root/var/softaculous/espo/php56 HTTP/1.1" 200 3317 "https://sportmaster.mx/index.php?path=//proc/self/root/var/softaculous/espo" "Mozilla/5.0 AppleWebKit/537.36 (KHTML, like Gecko; compatible; GPTBot/1.4; +https://openai.com/gptbot)"
74.7.242.37 - - [12/Jun/2026:06:13:45 -0600] "GET /index.php?path=//proc/self/root/var/softaculous/espo/php81 HTTP/1.1" 200 3318 "https://sportmaster.mx/index.php?path=//proc/self/root/var/softaculous/espo" "Mozilla/5.0 AppleWebKit/537.36 (KHTML, like Gecko; compatible; GPTBot/1.4; +https://openai.com/gptbot)"
74.7.242.37 - - [12/Jun/2026:06:13:46 -0600] "GET /index.php?path=//proc/self/root/etc/alternatives/jre_11_openjdk/legal/java.scripting&viewfile=//proc/self/root/etc/alternatives/jre_11_openjdk/legal/java.scripting/ASSEMBLY_EXCEPTION HTTP/1.1" 200 3739 "https://sportmaster.mx/index.php?path=//proc/self/root/etc/alternatives/jre_11_openjdk/legal/java.scripting" "Mozilla/5.0 AppleWebKit/537.36 (KHTML, like Gecko; compatible; GPTBot/1.4; +https://openai.com/gptbot)"
74.7.242.37 - - [12/Jun/2026:06:13:46 -0600] "GET /index.php?path=//proc/self/root/var/softaculous/whmcs81 HTTP/1.1" 200 4114 "https://sportmaster.mx/index.php?path=//proc/self/root/var/softaculous" "Mozilla/5.0 AppleWebKit/537.36 (KHTML, like Gecko; compatible; GPTBot/1.4; +https://openai.com/gptbot)"
154.255.68.92 - - [12/Jun/2026:06:13:46 -0600] "GET / HTTP/1.1" 200 5149 "-" "Mozilla/5.0 (Windows NT 11.0; Win64; x64) AppleWebKit/537.36 (KHTML, like Gecko) Chrome/143.0.0.0 Safari/537.36"
216.73.216.104 - - [12/Jun/2026:06:13:46 -0600] "GET /sitemap_index.xml?path=%2F%2Flib&viewfile=%2F%2Flib%2Flibcap-ng.so.0 HTTP/1.1" 200 10724 "-" "Mozilla/5.0 AppleWebKit/537.36 (KHTML, like Gecko; compatible; ClaudeBot/1.0; +claudebot@anthropic.com)"
74.7.242.37 - - [12/Jun/2026:06:13:47 -0600] "GET /index.php?path=//proc/self/root/var/softaculous/magento24/php82 HTTP/1.1" 200 3328 "https://sportmaster.mx/index.php?path=//proc/self/root/var/softaculous/magento24" "Mozilla/5.0 AppleWebKit/537.36 (KHTML, like Gecko; compatible; GPTBot/1.4; +https://openai.com/gptbot)"
216.73.216.104 - - [12/Jun/2026:06:13:47 -0600] "GET /sitemap.xml?path=%2Fhome%2Fsportmx%2Fpublic_html%2Frevsliderl HTTP/1.1" 200 3180 "-" "Mozilla/5.0 AppleWebKit/537.36 (KHTML, like Gecko; compatible; ClaudeBot/1.0; +claudebot@anthropic.com)"
216.73.216.104 - - [12/Jun/2026:06:13:47 -0600] "GET /sitemap_index.xml?path=%2F%2Flib&viewfile=%2F%2Flib%2Flibcrack.so.2 HTTP/1.1" 200 14673 "-" "Mozilla/5.0 AppleWebKit/537.36 (KHTML, like Gecko; compatible; ClaudeBot/1.0; +claudebot@anthropic.com)"
216.73.216.104 - - [12/Jun/2026:06:13:47 -0600] "GET /sitemap_index.xml?path=%2F%2Flib&viewfile=%2F%2Flib%2Flibpam_misc.so.0 HTTP/1.1" 200 7998 "-" "Mozilla/5.0 AppleWebKit/537.36 (KHTML, like Gecko; compatible; ClaudeBot/1.0; +claudebot@anthropic.com)"
74.7.242.37 - - [12/Jun/2026:06:13:47 -0600] "GET /index.php?path=//proc/self/root/var/softaculous/moodle310&viewfile=//proc/self/root/var/softaculous/moodle310/upgrade.php HTTP/1.1" 200 10413 "https://sportmaster.mx/index.php?path=//proc/self/root/var/softaculous/moodle310" "Mozilla/5.0 AppleWebKit/537.36 (KHTML, like Gecko; compatible; GPTBot/1.4; +https://openai.com/gptbot)"
216.73.216.104 - - [12/Jun/2026:06:13:47 -0600] "GET /sitemap_index.xml?path=%2F%2Flib&viewfile=%2F%2Flib%2Flibgcrypt.so.11.8.2 HTTP/1.1" 200 241738 "-" "Mozilla/5.0 AppleWebKit/537.36 (KHTML, like Gecko; compatible; ClaudeBot/1.0; +claudebot@anthropic.com)"
216.73.216.104 - - [12/Jun/2026:06:13:47 -0600] "GET /sitemap_index.xml?path=%2F%2Flib&viewfile=%2F%2Flib%2Flibudev.so.1.6.2 HTTP/1.1" 200 43799 "-" "Mozilla/5.0 AppleWebKit/537.36 (KHTML, like Gecko; compatible; ClaudeBot/1.0; +claudebot@anthropic.com)"
216.73.216.104 - - [12/Jun/2026:06:13:48 -0600] "GET /sitemap_index.xml?path=%2F%2Flib&viewfile=%2F%2Flib%2Flibelf.so.1 HTTP/1.1" 200 51085 "-" "Mozilla/5.0 AppleWebKit/537.36 (KHTML, like Gecko; compatible; ClaudeBot/1.0; +claudebot@anthropic.com)"
216.73.216.104 - - [12/Jun/2026:06:13:48 -0600] "GET /sitemap_index.xml?path=%2F%2Flib&viewfile=%2F%2Flib%2Flibdl.so.2 HTTP/1.1" 200 8783 "-" "Mozilla/5.0 AppleWebKit/537.36 (KHTML, like Gecko; compatible; ClaudeBot/1.0; +claudebot@anthropic.com)"
74.7.242.37 - - [12/Jun/2026:06:13:48 -0600] "GET /index.php?path=//proc/self/root/var/softaculous/joomla310&viewfile=//proc/self/root/var/softaculous/joomla310/md5 HTTP/1.1" 200 7013 "https://sportmaster.mx/index.php?path=//proc/self/root/var/softaculous/joomla310" "Mozilla/5.0 AppleWebKit/537.36 (KHTML, like Gecko; compatible; GPTBot/1.4; +https://openai.com/gptbot)"
74.7.242.37 - - [12/Jun/2026:06:13:48 -0600] "GET /index.php?path=//proc/self/root/var/softaculous/whmcs89 HTTP/1.1" 200 4124 "https://sportmaster.mx/index.php?path=//proc/self/root/var/softaculous" "Mozilla/5.0 AppleWebKit/537.36 (KHTML, like Gecko; compatible; GPTBot/1.4; +https://openai.com/gptbot)"
74.7.242.37 - - [12/Jun/2026:06:13:49 -0600] "GET /index.php?path=//proc/self/root/var/softaculous/zikula15 HTTP/1.1" 200 4241 "https://sportmaster.mx/index.php?path=//proc/self/root/var/softaculous" "Mozilla/5.0 AppleWebKit/537.36 (KHTML, like Gecko; compatible; GPTBot/1.4; +https://openai.com/gptbot)"
74.7.242.37 - - [12/Jun/2026:06:13:49 -0600] "GET /index.php?path=//proc/self/root/var/softaculous/whmcs83 HTTP/1.1" 200 4151 "https://sportmaster.mx/index.php?path=//proc/self/root/var/softaculous" "Mozilla/5.0 AppleWebKit/537.36 (KHTML, like Gecko; compatible; GPTBot/1.4; +https://openai.com/gptbot)"
74.7.242.37 - - [12/Jun/2026:06:13:50 -0600] "GET /index.php?path=//proc/self/root/var/softaculous/symfony24 HTTP/1.1" 200 3766 "https://sportmaster.mx/index.php?path=//proc/self/root/var/softaculous" "Mozilla/5.0 AppleWebKit/537.36 (KHTML, like Gecko; compatible; GPTBot/1.4; +https://openai.com/gptbot)"
74.7.242.37 - - [12/Jun/2026:06:13:50 -0600] "GET /index.php?path=//proc/self/root/var/softaculous/magento18 HTTP/1.1" 200 4113 "https://sportmaster.mx/index.php?path=//proc/self/root/var/softaculous" "Mozilla/5.0 AppleWebKit/537.36 (KHTML, like Gecko; compatible; GPTBot/1.4; +https://openai.com/gptbot)"
74.7.242.37 - - [12/Jun/2026:06:13:51 -0600] "GET /index.php?path=//proc/self/root/var/softaculous/espo/php81&viewfile=//proc/self/root/var/softaculous/espo/php81/edit.php HTTP/1.1" 200 6921 "https://sportmaster.mx/index.php?path=//proc/self/root/var/softaculous/espo/php81" "Mozilla/5.0 AppleWebKit/537.36 (KHTML, like Gecko; compatible; GPTBot/1.4; +https://openai.com/gptbot)"
74.7.242.37 - - [12/Jun/2026:06:13:51 -0600] "GET /index.php?path=//proc/self/root/var/softaculous/magento17 HTTP/1.1" 200 3993 "https://sportmaster.mx/index.php?path=//proc/self/root/var/softaculous" "Mozilla/5.0 AppleWebKit/537.36 (KHTML, like Gecko; compatible; GPTBot/1.4; +https://openai.com/gptbot)"
74.7.242.37 - - [12/Jun/2026:06:13:52 -0600] "GET /index.php?path=//proc/self/root/var/softaculous/whmcs81/php56 HTTP/1.1" 200 3321 "https://sportmaster.mx/index.php?path=//proc/self/root/var/softaculous/whmcs81" "Mozilla/5.0 AppleWebKit/537.36 (KHTML, like Gecko; compatible; GPTBot/1.4; +https://openai.com/gptbot)"
74.7.242.37 - - [12/Jun/2026:06:13:52 -0600] "GET /index.php?path=//proc/self/root/var/softaculous/whmcs81/php53 HTTP/1.1" 200 3323 "https://sportmaster.mx/index.php?path=//proc/self/root/var/softaculous/whmcs81" "Mozilla/5.0 AppleWebKit/537.36 (KHTML, like Gecko; compatible; GPTBot/1.4; +https://openai.com/gptbot)"
74.7.242.37 - - [12/Jun/2026:06:13:53 -0600] "GET /index.php?path=//proc/self/root/var/softaculous/whmcs82 HTTP/1.1" 200 4147 "https://sportmaster.mx/index.php?path=//proc/self/root/var/softaculous" "Mozilla/5.0 AppleWebKit/537.36 (KHTML, like Gecko; compatible; GPTBot/1.4; +https://openai.com/gptbot)"
74.7.242.37 - - [12/Jun/2026:06:13:53 -0600] "GET /index.php?path=//proc/self/root/var/softaculous/vtiger72 HTTP/1.1" 200 4305 "https://sportmaster.mx/index.php?path=//proc/self/root/var/softaculous" "Mozilla/5.0 AppleWebKit/537.36 (KHTML, like Gecko; compatible; GPTBot/1.4; +https://openai.com/gptbot)"
74.7.242.37 - - [12/Jun/2026:06:13:54 -0600] "GET /index.php?path=//proc/self/root/var/softaculous/whmcs89/php71 HTTP/1.1" 200 3320 "https://sportmaster.mx/index.php?path=//proc/self/root/var/softaculous/whmcs89" "Mozilla/5.0 AppleWebKit/537.36 (KHTML, like Gecko; compatible; GPTBot/1.4; +https://openai.com/gptbot)"
74.7.242.37 - - [12/Jun/2026:06:13:54 -0600] "GET /index.php?path=//proc/self/root/var/softaculous/zikula15/php82 HTTP/1.1" 200 3327 "https://sportmaster.mx/index.php?path=//proc/self/root/var/softaculous/zikula15" "Mozilla/5.0 AppleWebKit/537.36 (KHTML, like Gecko; compatible; GPTBot/1.4; +https://openai.com/gptbot)"
74.7.242.37 - - [12/Jun/2026:06:13:55 -0600] "GET /index.php?path=//proc/self/root/var/softaculous/zikula15/php81 HTTP/1.1" 200 3325 "https://sportmaster.mx/index.php?path=//proc/self/root/var/softaculous/zikula15" "Mozilla/5.0 AppleWebKit/537.36 (KHTML, like Gecko; compatible; GPTBot/1.4; +https://openai.com/gptbot)"
36.72.203.67 - - [12/Jun/2026:06:13:56 -0600] "GET /wp-content/plugins/content-views-query-and-display-post-page/public/assets/css/cv.css?ver=4.3 HTTP/1.1" 200 13295 "-" "Mozilla/5.0 (Linux; Android 10; K) AppleWebKit/537.36 (KHTML, like Gecko) Chrome/149.0.0.0 Mobile Safari/537.36"
