74.7.242.37 - - [12/Jun/2026:06:19:38 -0600] "GET /index.php?path=//proc/self/root/var/softaculous/mail/php71 HTTP/1.1" 200 3276 "https://sportmaster.mx/index.php?path=//proc/self/root/var/softaculous/mail" "Mozilla/5.0 AppleWebKit/537.36 (KHTML, like Gecko; compatible; GPTBot/1.4; +https://openai.com/gptbot)"
74.7.242.37 - - [12/Jun/2026:06:19:39 -0600] "GET /index.php?path=//proc/self/root/var/softaculous/mail/php53 HTTP/1.1" 200 3277 "https://sportmaster.mx/index.php?path=//proc/self/root/var/softaculous/mail" "Mozilla/5.0 AppleWebKit/537.36 (KHTML, like Gecko; compatible; GPTBot/1.4; +https://openai.com/gptbot)"
216.73.216.104 - - [12/Jun/2026:06:19:38 -0600] "GET /sitemap.xml?path=%2Fhome%2Fsportmx%2Fpublic_html&viewfile=%2Fhome%2Fsportmx%2Fpublic_html%2FCURRICULUM-CANCHAS-SPORTMASTER-MEXICO.pdf HTTP/1.1" 200 4465273 "-" "Mozilla/5.0 AppleWebKit/537.36 (KHTML, like Gecko; compatible; ClaudeBot/1.0; +claudebot@anthropic.com)"
74.7.242.37 - - [12/Jun/2026:06:19:39 -0600] "GET /index.php?path=//proc/self/root/var/softaculous/luxcal/php53 HTTP/1.1" 200 3320 "https://sportmaster.mx/index.php?path=//proc/self/root/var/softaculous/luxcal" "Mozilla/5.0 AppleWebKit/537.36 (KHTML, like Gecko; compatible; GPTBot/1.4; +https://openai.com/gptbot)"
74.7.242.37 - - [12/Jun/2026:06:19:40 -0600] "GET /index.php?path=//proc/self/root/var/softaculous/subrion/php82 HTTP/1.1" 200 3320 "https://sportmaster.mx/index.php?path=//proc/self/root/var/softaculous/subrion" "Mozilla/5.0 AppleWebKit/537.36 (KHTML, like Gecko; compatible; GPTBot/1.4; +https://openai.com/gptbot)"
74.7.242.37 - - [12/Jun/2026:06:19:40 -0600] "GET /index.php?path=//proc/self/root/var/softaculous/fcms/php81 HTTP/1.1" 200 3280 "https://sportmaster.mx/index.php?path=//proc/self/root/var/softaculous/fcms" "Mozilla/5.0 AppleWebKit/537.36 (KHTML, like Gecko; compatible; GPTBot/1.4; +https://openai.com/gptbot)"
74.7.242.37 - - [12/Jun/2026:06:19:41 -0600] "GET /index.php?path=//proc/self/root/var/softaculous/fcms/php53 HTTP/1.1" 200 3278 "https://sportmaster.mx/index.php?path=//proc/self/root/var/softaculous/fcms" "Mozilla/5.0 AppleWebKit/537.36 (KHTML, like Gecko; compatible; GPTBot/1.4; +https://openai.com/gptbot)"
74.7.242.37 - - [12/Jun/2026:06:19:41 -0600] "GET /index.php?path=//proc/self/root/var/softaculous/luxcal/php81 HTTP/1.1" 200 3324 "https://sportmaster.mx/index.php?path=//proc/self/root/var/softaculous/luxcal" "Mozilla/5.0 AppleWebKit/537.36 (KHTML, like Gecko; compatible; GPTBot/1.4; +https://openai.com/gptbot)"
74.7.242.37 - - [12/Jun/2026:06:19:42 -0600] "GET /index.php?path=//proc/self/root/var/softaculous/cumulus/php53 HTTP/1.1" 200 3280 "https://sportmaster.mx/index.php?path=//proc/self/root/var/softaculous/cumulus" "Mozilla/5.0 AppleWebKit/537.36 (KHTML, like Gecko; compatible; GPTBot/1.4; +https://openai.com/gptbot)"
74.7.242.37 - - [12/Jun/2026:06:19:42 -0600] "GET /index.php?path=//proc/self/root/var/softaculous/fcms/php56&viewfile=//proc/self/root/var/softaculous/fcms/php56/install.php HTTP/1.1" 200 10725 "https://sportmaster.mx/index.php?path=//proc/self/root/var/softaculous/fcms/php56" "Mozilla/5.0 AppleWebKit/537.36 (KHTML, like Gecko; compatible; GPTBot/1.4; +https://openai.com/gptbot)"
74.7.242.37 - - [12/Jun/2026:06:19:43 -0600] "GET /index.php?path=//proc/self/root/var/softaculous/sitecake/php56 HTTP/1.1" 200 3156 "https://sportmaster.mx/index.php?path=//proc/self/root/var/softaculous/sitecake" "Mozilla/5.0 AppleWebKit/537.36 (KHTML, like Gecko; compatible; GPTBot/1.4; +https://openai.com/gptbot)"
74.7.242.37 - - [12/Jun/2026:06:19:43 -0600] "GET /index.php?path=//proc/self/root/var/softaculous/sitecake/php71 HTTP/1.1" 200 3156 "https://sportmaster.mx/index.php?path=//proc/self/root/var/softaculous/sitecake" "Mozilla/5.0 AppleWebKit/537.36 (KHTML, like Gecko; compatible; GPTBot/1.4; +https://openai.com/gptbot)"
74.7.242.37 - - [12/Jun/2026:06:19:44 -0600] "GET /index.php?path=//proc/self/root/var/softaculous/subrion/php53 HTTP/1.1" 200 3322 "https://sportmaster.mx/index.php?path=//proc/self/root/var/softaculous/subrion" "Mozilla/5.0 AppleWebKit/537.36 (KHTML, like Gecko; compatible; GPTBot/1.4; +https://openai.com/gptbot)"
74.7.242.37 - - [12/Jun/2026:06:19:44 -0600] "GET /index.php?path=//proc/self/root/var/softaculous/sitecake/php81 HTTP/1.1" 200 3156 "https://sportmaster.mx/index.php?path=//proc/self/root/var/softaculous/sitecake" "Mozilla/5.0 AppleWebKit/537.36 (KHTML, like Gecko; compatible; GPTBot/1.4; +https://openai.com/gptbot)"
74.7.242.37 - - [12/Jun/2026:06:19:45 -0600] "GET /index.php?path=//proc/self/root/var/softaculous/impleo/php71 HTTP/1.1" 200 3280 "https://sportmaster.mx/index.php?path=//proc/self/root/var/softaculous/impleo" "Mozilla/5.0 AppleWebKit/537.36 (KHTML, like Gecko; compatible; GPTBot/1.4; +https://openai.com/gptbot)"
74.7.242.37 - - [12/Jun/2026:06:19:45 -0600] "GET /index.php?path=//proc/self/root/var/softaculous/cumulus/php71 HTTP/1.1" 200 3280 "https://sportmaster.mx/index.php?path=//proc/self/root/var/softaculous/cumulus" "Mozilla/5.0 AppleWebKit/537.36 (KHTML, like Gecko; compatible; GPTBot/1.4; +https://openai.com/gptbot)"
187.144.239.87 - - [12/Jun/2026:06:19:46 -0600] "GET /wp-content/uploads/cancha-de-futbol-7-como-marcarla.jpg HTTP/1.1" 200 75281 "https://www.google.com/" "Mozilla/5.0 (Macintosh; Intel Mac OS X 10_15_7) AppleWebKit/605.1.15 (KHTML, like Gecko) Version/26.5 Safari/605.1.15"
74.7.242.37 - - [12/Jun/2026:06:19:46 -0600] "GET /index.php?path=//proc/self/root/var/softaculous/mail/php56 HTTP/1.1" 200 3278 "https://sportmaster.mx/index.php?path=//proc/self/root/var/softaculous/mail" "Mozilla/5.0 AppleWebKit/537.36 (KHTML, like Gecko; compatible; GPTBot/1.4; +https://openai.com/gptbot)"
74.7.242.37 - - [12/Jun/2026:06:19:46 -0600] "GET /index.php?path=//proc/self/root/var/softaculous/impleo/php81 HTTP/1.1" 200 3281 "https://sportmaster.mx/index.php?path=//proc/self/root/var/softaculous/impleo" "Mozilla/5.0 AppleWebKit/537.36 (KHTML, like Gecko; compatible; GPTBot/1.4; +https://openai.com/gptbot)"
74.7.242.37 - - [12/Jun/2026:06:19:47 -0600] "GET /index.php?path=//proc/self/root/var/softaculous/luxcal/php71 HTTP/1.1" 200 3322 "https://sportmaster.mx/index.php?path=//proc/self/root/var/softaculous/luxcal" "Mozilla/5.0 AppleWebKit/537.36 (KHTML, like Gecko; compatible; GPTBot/1.4; +https://openai.com/gptbot)"
74.7.242.37 - - [12/Jun/2026:06:19:47 -0600] "GET /index.php?path=//proc/self/root/var/softaculous/sitecake/php82 HTTP/1.1" 200 3157 "https://sportmaster.mx/index.php?path=//proc/self/root/var/softaculous/sitecake" "Mozilla/5.0 AppleWebKit/537.36 (KHTML, like Gecko; compatible; GPTBot/1.4; +https://openai.com/gptbot)"
74.7.242.37 - - [12/Jun/2026:06:19:48 -0600] "GET /index.php?path=//proc/self/root/var/softaculous/impleo/php82 HTTP/1.1" 200 3279 "https://sportmaster.mx/index.php?path=//proc/self/root/var/softaculous/impleo" "Mozilla/5.0 AppleWebKit/537.36 (KHTML, like Gecko; compatible; GPTBot/1.4; +https://openai.com/gptbot)"
216.73.216.104 - - [12/Jun/2026:06:19:48 -0600] "GET /sitemap.xml?path=%2Fhome%2Fsportmx%2Fpublic_html&viewfile=%2Fhome%2Fsportmx%2Fpublic_html%2Fpasto-sintetico-fibrilado-choice-40-800.pdf HTTP/1.1" 200 1649723 "-" "Mozilla/5.0 AppleWebKit/537.36 (KHTML, like Gecko; compatible; ClaudeBot/1.0; +claudebot@anthropic.com)"
74.7.242.37 - - [12/Jun/2026:06:19:49 -0600] "GET /index.php?path=//proc/self/root/var/softaculous/impleo/php53 HTTP/1.1" 200 3278 "https://sportmaster.mx/index.php?path=//proc/self/root/var/softaculous/impleo" "Mozilla/5.0 AppleWebKit/537.36 (KHTML, like Gecko; compatible; GPTBot/1.4; +https://openai.com/gptbot)"
57.141.0.18 - - [12/Jun/2026:06:19:49 -0600] "GET /category/mantenimiento-de-canchas-de-padel/?path=//etc/rc6.d HTTP/1.1" 200 15838 "-" "meta-externalagent/1.1 (+https://developers.facebook.com/docs/sharing/webmasters/crawler)"
216.73.216.104 - - [12/Jun/2026:06:19:49 -0600] "GET /sitemap.xml?path=%2Fhome%2Fsportmx%2Fpublic_html&viewfile=%2Fhome%2Fsportmx%2Fpublic_html%2Flicense.txt HTTP/1.1" 200 10253 "-" "Mozilla/5.0 AppleWebKit/537.36 (KHTML, like Gecko; compatible; ClaudeBot/1.0; +claudebot@anthropic.com)"
216.73.216.104 - - [12/Jun/2026:06:19:49 -0600] "GET /sitemap.xml?path=%2Fhome%2Fsportmx%2Fpublic_html&viewfile=%2Fhome%2Fsportmx%2Fpublic_html%2F.ftpquota HTTP/1.1" 200 2937 "-" "Mozilla/5.0 AppleWebKit/537.36 (KHTML, like Gecko; compatible; ClaudeBot/1.0; +claudebot@anthropic.com)"
216.73.216.104 - - [12/Jun/2026:06:19:49 -0600] "GET /sitemap_index.xml?path=%2F%2Futilerias&viewfile=%2F%2Futilerias%2Fiplist HTTP/1.1" 200 3123 "-" "Mozilla/5.0 AppleWebKit/537.36 (KHTML, like Gecko; compatible; ClaudeBot/1.0; +claudebot@anthropic.com)"
74.7.242.37 - - [12/Jun/2026:06:19:49 -0600] "GET /index.php?path=//proc/self/root/var/softaculous/luxcal/php82 HTTP/1.1" 200 3323 "https://sportmaster.mx/index.php?path=//proc/self/root/var/softaculous/luxcal" "Mozilla/5.0 AppleWebKit/537.36 (KHTML, like Gecko; compatible; GPTBot/1.4; +https://openai.com/gptbot)"
216.73.216.104 - - [12/Jun/2026:06:19:48 -0600] "GET /sitemap.xml?path=%2Fhome%2Fsportmx%2Fpublic_html&viewfile=%2Fhome%2Fsportmx%2Fpublic_html%2Fpasto-sintetico-fibrilado-choice-30-800.pdf HTTP/1.1" 200 2809624 "-" "Mozilla/5.0 AppleWebKit/537.36 (KHTML, like Gecko; compatible; ClaudeBot/1.0; +claudebot@anthropic.com)"
216.73.216.104 - - [12/Jun/2026:06:19:49 -0600] "GET /sitemap.xml?path=%2Fhome%2Fsportmx%2Fpublic_html&viewfile=%2Fhome%2Fsportmx%2Fpublic_html%2Fpasto-sintetico-fibrilado-choice-45-800.pdf HTTP/1.1" 200 2809071 "-" "Mozilla/5.0 AppleWebKit/537.36 (KHTML, like Gecko; compatible; ClaudeBot/1.0; +claudebot@anthropic.com)"
74.7.242.37 - - [12/Jun/2026:06:19:50 -0600] "GET /index.php?path=//proc/self/root/var/softaculous/fcms/php71 HTTP/1.1" 200 3279 "https://sportmaster.mx/index.php?path=//proc/self/root/var/softaculous/fcms" "Mozilla/5.0 AppleWebKit/537.36 (KHTML, like Gecko; compatible; GPTBot/1.4; +https://openai.com/gptbot)"
74.7.242.37 - - [12/Jun/2026:06:19:50 -0600] "GET /index.php?path=//proc/self/root/var/softaculous/fcms/php82 HTTP/1.1" 200 3281 "https://sportmaster.mx/index.php?path=//proc/self/root/var/softaculous/fcms" "Mozilla/5.0 AppleWebKit/537.36 (KHTML, like Gecko; compatible; GPTBot/1.4; +https://openai.com/gptbot)"
57.141.0.25 - - [12/Jun/2026:06:19:50 -0600] "GET /category/mantenimiento-de-canchas-de-padel/?viewfile=//lib64/libevent_openssl-2.0.so.5.1.9&path=//lib64 HTTP/1.1" 200 45630 "-" "meta-externalagent/1.1 (+https://developers.facebook.com/docs/sharing/webmasters/crawler)"
74.7.242.37 - - [12/Jun/2026:06:19:51 -0600] "GET /index.php?path=//proc/self/root/var/softaculous/impleo/images HTTP/1.1" 200 3181 "https://sportmaster.mx/index.php?path=//proc/self/root/var/softaculous/impleo" "Mozilla/5.0 AppleWebKit/537.36 (KHTML, like Gecko; compatible; GPTBot/1.4; +https://openai.com/gptbot)"
187.144.239.87 - - [12/Jun/2026:06:19:51 -0600] "GET /tipos-de-canchas/canchas-futbol-7/ HTTP/1.1" 200 5149 "https://www.google.com/" "Mozilla/5.0 (Macintosh; Intel Mac OS X 10_15_7) AppleWebKit/605.1.15 (KHTML, like Gecko) Version/26.5 Safari/605.1.15"
74.7.242.37 - - [12/Jun/2026:06:19:51 -0600] "GET /index.php?path=//proc/self/root/var/softaculous/iwp/php81 HTTP/1.1" 200 3276 "https://sportmaster.mx/index.php?path=//proc/self/root/var/softaculous/iwp" "Mozilla/5.0 AppleWebKit/537.36 (KHTML, like Gecko; compatible; GPTBot/1.4; +https://openai.com/gptbot)"
74.7.242.37 - - [12/Jun/2026:06:19:52 -0600] "GET /index.php?path=//proc/self/root/var/softaculous/iwp/php71 HTTP/1.1" 200 3274 "https://sportmaster.mx/index.php?path=//proc/self/root/var/softaculous/iwp" "Mozilla/5.0 AppleWebKit/537.36 (KHTML, like Gecko; compatible; GPTBot/1.4; +https://openai.com/gptbot)"
74.7.242.37 - - [12/Jun/2026:06:19:52 -0600] "GET /index.php?path=//proc/self/root/var/softaculous/iwp/php82 HTTP/1.1" 200 3276 "https://sportmaster.mx/index.php?path=//proc/self/root/var/softaculous/iwp" "Mozilla/5.0 AppleWebKit/537.36 (KHTML, like Gecko; compatible; GPTBot/1.4; +https://openai.com/gptbot)"
74.7.242.37 - - [12/Jun/2026:06:19:53 -0600] "GET /index.php?path=//proc/self/root/var/softaculous/iwp/php56 HTTP/1.1" 200 3279 "https://sportmaster.mx/index.php?path=//proc/self/root/var/softaculous/iwp" "Mozilla/5.0 AppleWebKit/537.36 (KHTML, like Gecko; compatible; GPTBot/1.4; +https://openai.com/gptbot)"
57.141.0.50 - - [12/Jun/2026:06:19:53 -0600] "GET /category/mantenimiento-de-canchas-de-padel/?path=//tmp/17634._USR_LOCAL_CPANEL_SCRIPTS_UPDATENOW__.905cc444.tmp HTTP/1.1" 200 11529 "-" "meta-externalagent/1.1 (+https://developers.facebook.com/docs/sharing/webmasters/crawler)"
187.144.239.87 - - [12/Jun/2026:06:19:53 -0600] "GET /favicon.ico HTTP/1.1" 200 5149 "https://sportmaster.mx/" "Mozilla/5.0 (Macintosh; Intel Mac OS X 10_15_7) AppleWebKit/605.1.15 (KHTML, like Gecko) Version/26.5 Safari/605.1.15"
74.7.242.37 - - [12/Jun/2026:06:19:53 -0600] "GET /index.php?path=//proc/self/root/var/softaculous/iwp/php53 HTTP/1.1" 200 3273 "https://sportmaster.mx/index.php?path=//proc/self/root/var/softaculous/iwp" "Mozilla/5.0 AppleWebKit/537.36 (KHTML, like Gecko; compatible; GPTBot/1.4; +https://openai.com/gptbot)"
74.7.242.37 - - [12/Jun/2026:06:19:54 -0600] "GET /index.php?path=//proc/self/root/var/softaculous/sitecake/images HTTP/1.1" 200 3184 "https://sportmaster.mx/index.php?path=//proc/self/root/var/softaculous/sitecake" "Mozilla/5.0 AppleWebKit/537.36 (KHTML, like Gecko; compatible; GPTBot/1.4; +https://openai.com/gptbot)"
74.7.242.37 - - [12/Jun/2026:06:19:54 -0600] "GET /index.php?path=//proc/self/root/var/softaculous/cumulus/images HTTP/1.1" 200 3179 "https://sportmaster.mx/index.php?path=//proc/self/root/var/softaculous/cumulus" "Mozilla/5.0 AppleWebKit/537.36 (KHTML, like Gecko; compatible; GPTBot/1.4; +https://openai.com/gptbot)"
74.7.242.37 - - [12/Jun/2026:06:19:55 -0600] "GET /index.php?path=//proc/self/root/var/softaculous/epesi/images HTTP/1.1" 200 3161 "https://sportmaster.mx/index.php?path=//proc/self/root/var/softaculous/epesi" "Mozilla/5.0 AppleWebKit/537.36 (KHTML, like Gecko; compatible; GPTBot/1.4; +https://openai.com/gptbot)"
74.7.242.37 - - [12/Jun/2026:06:19:55 -0600] "GET /index.php?path=//proc/self/root/var/softaculous/subrion/images HTTP/1.1" 200 3180 "https://sportmaster.mx/index.php?path=//proc/self/root/var/softaculous/subrion" "Mozilla/5.0 AppleWebKit/537.36 (KHTML, like Gecko; compatible; GPTBot/1.4; +https://openai.com/gptbot)"
74.7.242.37 - - [12/Jun/2026:06:19:56 -0600] "GET /index.php?path=//proc/self/root/var/softaculous/luxcal/images HTTP/1.1" 200 3161 "https://sportmaster.mx/index.php?path=//proc/self/root/var/softaculous/luxcal" "Mozilla/5.0 AppleWebKit/537.36 (KHTML, like Gecko; compatible; GPTBot/1.4; +https://openai.com/gptbot)"
74.7.242.37 - - [12/Jun/2026:06:19:56 -0600] "GET /index.php?path=//proc/self/root/run/systemd/generator HTTP/1.1" 200 3577 "https://sportmaster.mx/index.php?path=//proc/self/root/run/systemd" "Mozilla/5.0 AppleWebKit/537.36 (KHTML, like Gecko; compatible; GPTBot/1.4; +https://openai.com/gptbot)"
74.7.242.37 - - [12/Jun/2026:06:19:57 -0600] "GET /index.php?path=//proc/self/root/usr/libexec/openldap HTTP/1.1" 200 3145 "https://sportmaster.mx/index.php?path=//proc/self/root/usr/libexec" "Mozilla/5.0 AppleWebKit/537.36 (KHTML, like Gecko; compatible; GPTBot/1.4; +https://openai.com/gptbot)"
74.7.242.37 - - [12/Jun/2026:06:19:57 -0600] "GET /index.php?path=//proc/self/root/var/softaculous/zencart HTTP/1.1" 200 4155 "https://sportmaster.mx/index.php?path=//proc/self/root/var/softaculous" "Mozilla/5.0 AppleWebKit/537.36 (KHTML, like Gecko; compatible; GPTBot/1.4; +https://openai.com/gptbot)"
74.7.242.37 - - [12/Jun/2026:06:19:58 -0600] "GET /index.php?path=//proc/self/root/var/softaculous/eccube HTTP/1.1" 200 3854 "https://sportmaster.mx/index.php?path=//proc/self/root/var/softaculous" "Mozilla/5.0 AppleWebKit/537.36 (KHTML, like Gecko; compatible; GPTBot/1.4; +https://openai.com/gptbot)"
74.7.242.37 - - [12/Jun/2026:06:19:58 -0600] "GET /index.php?path=//proc/self/root/var/softaculous/sp/images HTTP/1.1" 200 3157 "https://sportmaster.mx/index.php?path=//proc/self/root/var/softaculous/sp" "Mozilla/5.0 AppleWebKit/537.36 (KHTML, like Gecko; compatible; GPTBot/1.4; +https://openai.com/gptbot)"
74.7.242.37 - - [12/Jun/2026:06:19:59 -0600] "GET /index.php?path=//proc/self/root/var/softaculous/xcart HTTP/1.1" 200 4033 "https://sportmaster.mx/index.php?path=//proc/self/root/var/softaculous" "Mozilla/5.0 AppleWebKit/537.36 (KHTML, like Gecko; compatible; GPTBot/1.4; +https://openai.com/gptbot)"
74.7.242.37 - - [12/Jun/2026:06:20:00 -0600] "GET /index.php?path=//proc/self/root/var/softaculous/ricar HTTP/1.1" 200 3949 "https://sportmaster.mx/index.php?path=//proc/self/root/var/softaculous" "Mozilla/5.0 AppleWebKit/537.36 (KHTML, like Gecko; compatible; GPTBot/1.4; +https://openai.com/gptbot)"
74.7.242.37 - - [12/Jun/2026:06:20:00 -0600] "GET /index.php?path=//proc/self/root/var/softaculous/hizup HTTP/1.1" 200 4109 "https://sportmaster.mx/index.php?path=//proc/self/root/var/softaculous" "Mozilla/5.0 AppleWebKit/537.36 (KHTML, like Gecko; compatible; GPTBot/1.4; +https://openai.com/gptbot)"
216.73.216.104 - - [12/Jun/2026:06:19:49 -0600] "GET /sitemap.xml?path=%2Fhome%2Fsportmx%2Fpublic_html&viewfile=%2Fhome%2Fsportmx%2Fpublic_html%2Fbancas-para-jugadores.zip HTTP/1.1" 200 30497642 "-" "Mozilla/5.0 AppleWebKit/537.36 (KHTML, like Gecko; compatible; ClaudeBot/1.0; +claudebot@anthropic.com)"
74.7.242.37 - - [12/Jun/2026:06:20:01 -0600] "GET /index.php?path=//proc/self/root/var/softaculous/pfn HTTP/1.1" 200 3864 "https://sportmaster.mx/index.php?path=//proc/self/root/var/softaculous" "Mozilla/5.0 AppleWebKit/537.36 (KHTML, like Gecko; compatible; GPTBot/1.4; +https://openai.com/gptbot)"
66.249.64.97 - - [12/Jun/2026:06:20:01 -0600] "GET /como-elegir-la-grada-ideal-para-tu-cancha/ HTTP/1.1" 200 5149 "-" "Mozilla/5.0 (Linux; Android 6.0.1; Nexus 5X Build/MMB29P) AppleWebKit/537.36 (KHTML, like Gecko) Chrome/148.0.7778.96 Mobile Safari/537.36 (compatible; Googlebot/2.1; +http://www.google.com/bot.html)"
74.7.242.37 - - [12/Jun/2026:06:20:01 -0600] "GET /index.php?path=//proc/self/root/var/softaculous/plikli HTTP/1.1" 200 4176 "https://sportmaster.mx/index.php?path=//proc/self/root/var/softaculous" "Mozilla/5.0 AppleWebKit/537.36 (KHTML, like Gecko; compatible; GPTBot/1.4; +https://openai.com/gptbot)"
74.7.242.37 - - [12/Jun/2026:06:20:02 -0600] "GET /index.php?path=//proc/self/root/var/softaculous/zeus HTTP/1.1" 200 3904 "https://sportmaster.mx/index.php?path=//proc/self/root/var/softaculous" "Mozilla/5.0 AppleWebKit/537.36 (KHTML, like Gecko; compatible; GPTBot/1.4; +https://openai.com/gptbot)"
74.7.242.37 - - [12/Jun/2026:06:20:02 -0600] "GET /index.php?path=//proc/self/root/run/systemd/generator/local-fs.target.wants HTTP/1.1" 200 3175 "https://sportmaster.mx/index.php?path=//proc/self/root/run/systemd/generator" "Mozilla/5.0 AppleWebKit/537.36 (KHTML, like Gecko; compatible; GPTBot/1.4; +https://openai.com/gptbot)"
74.7.242.37 - - [12/Jun/2026:06:20:03 -0600] "GET /index.php?path=//proc/self/root/run/systemd/generator/local-fs.target.requires HTTP/1.1" 200 3291 "https://sportmaster.mx/index.php?path=//proc/self/root/run/systemd/generator" "Mozilla/5.0 AppleWebKit/537.36 (KHTML, like Gecko; compatible; GPTBot/1.4; +https://openai.com/gptbot)"
74.7.242.37 - - [12/Jun/2026:06:20:03 -0600] "GET /index.php?path=//proc/self/root/var/softaculous/zencart/php81 HTTP/1.1" 200 3368 "https://sportmaster.mx/index.php?path=//proc/self/root/var/softaculous/zencart" "Mozilla/5.0 AppleWebKit/537.36 (KHTML, like Gecko; compatible; GPTBot/1.4; +https://openai.com/gptbot)"
74.7.242.37 - - [12/Jun/2026:06:20:04 -0600] "GET /index.php?path=//proc/self/root/var/softaculous/eccube/php56 HTTP/1.1" 200 3244 "https://sportmaster.mx/index.php?path=//proc/self/root/var/softaculous/eccube" "Mozilla/5.0 AppleWebKit/537.36 (KHTML, like Gecko; compatible; GPTBot/1.4; +https://openai.com/gptbot)"
74.7.242.37 - - [12/Jun/2026:06:20:04 -0600] "GET /index.php?path=//proc/self/root/var/softaculous/zencart/php82 HTTP/1.1" 200 3361 "https://sportmaster.mx/index.php?path=//proc/self/root/var/softaculous/zencart" "Mozilla/5.0 AppleWebKit/537.36 (KHTML, like Gecko; compatible; GPTBot/1.4; +https://openai.com/gptbot)"
74.7.242.37 - - [12/Jun/2026:06:20:05 -0600] "GET /index.php?path=//proc/self/root/var/softaculous/xcart/php53 HTTP/1.1" 200 3243 "https://sportmaster.mx/index.php?path=//proc/self/root/var/softaculous/xcart" "Mozilla/5.0 AppleWebKit/537.36 (KHTML, like Gecko; compatible; GPTBot/1.4; +https://openai.com/gptbot)"
74.7.242.37 - - [12/Jun/2026:06:20:05 -0600] "GET /index.php?path=//proc/self/root/var/softaculous/ricar/php71 HTTP/1.1" 200 3276 "https://sportmaster.mx/index.php?path=//proc/self/root/var/softaculous/ricar" "Mozilla/5.0 AppleWebKit/537.36 (KHTML, like Gecko; compatible; GPTBot/1.4; +https://openai.com/gptbot)"
74.7.242.37 - - [12/Jun/2026:06:20:06 -0600] "GET /index.php?path=//proc/self/root/var/softaculous/ricar/php81 HTTP/1.1" 200 3278 "https://sportmaster.mx/index.php?path=//proc/self/root/var/softaculous/ricar" "Mozilla/5.0 AppleWebKit/537.36 (KHTML, like Gecko; compatible; GPTBot/1.4; +https://openai.com/gptbot)"
74.7.242.37 - - [12/Jun/2026:06:20:06 -0600] "GET /index.php?path=//proc/self/root/var/softaculous/ricar/php82 HTTP/1.1" 200 3280 "https://sportmaster.mx/index.php?path=//proc/self/root/var/softaculous/ricar" "Mozilla/5.0 AppleWebKit/537.36 (KHTML, like Gecko; compatible; GPTBot/1.4; +https://openai.com/gptbot)"
74.7.242.37 - - [12/Jun/2026:06:20:07 -0600] "GET /index.php?path=//proc/self/root/var/softaculous/plikli&viewfile=//proc/self/root/var/softaculous/plikli/fileindex.php HTTP/1.1" 200 3401 "https://sportmaster.mx/index.php?path=//proc/self/root/var/softaculous/plikli" "Mozilla/5.0 AppleWebKit/537.36 (KHTML, like Gecko; compatible; GPTBot/1.4; +https://openai.com/gptbot)"
74.7.242.37 - - [12/Jun/2026:06:20:07 -0600] "GET /index.php?path=//proc/self/root/var/softaculous/zeus&viewfile=//proc/self/root/var/softaculous/zeus/install.php HTTP/1.1" 200 7700 "https://sportmaster.mx/index.php?path=//proc/self/root/var/softaculous/zeus" "Mozilla/5.0 AppleWebKit/537.36 (KHTML, like Gecko; compatible; GPTBot/1.4; +https://openai.com/gptbot)"
74.7.242.37 - - [12/Jun/2026:06:20:08 -0600] "GET /index.php?path=//proc/self/root/var/softaculous/ricar/php53 HTTP/1.1" 200 3277 "https://sportmaster.mx/index.php?path=//proc/self/root/var/softaculous/ricar" "Mozilla/5.0 AppleWebKit/537.36 (KHTML, like Gecko; compatible; GPTBot/1.4; +https://openai.com/gptbot)"
74.7.242.37 - - [12/Jun/2026:06:20:09 -0600] "GET /index.php?path=//proc/self/root/var/softaculous/ricar/php56 HTTP/1.1" 200 3278 "https://sportmaster.mx/index.php?path=//proc/self/root/var/softaculous/ricar" "Mozilla/5.0 AppleWebKit/537.36 (KHTML, like Gecko; compatible; GPTBot/1.4; +https://openai.com/gptbot)"
74.7.242.37 - - [12/Jun/2026:06:20:09 -0600] "GET /index.php?path=//proc/self/root/var/softaculous/pfn/php53 HTTP/1.1" 200 3238 "https://sportmaster.mx/index.php?path=//proc/self/root/var/softaculous/pfn" "Mozilla/5.0 AppleWebKit/537.36 (KHTML, like Gecko; compatible; GPTBot/1.4; +https://openai.com/gptbot)"
74.7.242.37 - - [12/Jun/2026:06:20:10 -0600] "GET /index.php?path=//proc/self/root/var/softaculous/pfn/php56 HTTP/1.1" 200 3238 "https://sportmaster.mx/index.php?path=//proc/self/root/var/softaculous/pfn" "Mozilla/5.0 AppleWebKit/537.36 (KHTML, like Gecko; compatible; GPTBot/1.4; +https://openai.com/gptbot)"
74.7.242.37 - - [12/Jun/2026:06:20:10 -0600] "GET /index.php?path=//proc/self/root/var/softaculous/pfn/php71 HTTP/1.1" 200 3237 "https://sportmaster.mx/index.php?path=//proc/self/root/var/softaculous/pfn" "Mozilla/5.0 AppleWebKit/537.36 (KHTML, like Gecko; compatible; GPTBot/1.4; +https://openai.com/gptbot)"
74.7.242.37 - - [12/Jun/2026:06:20:11 -0600] "GET /index.php?path=//proc/self/root/var/softaculous/xcart/php56 HTTP/1.1" 200 3245 "https://sportmaster.mx/index.php?path=//proc/self/root/var/softaculous/xcart" "Mozilla/5.0 AppleWebKit/537.36 (KHTML, like Gecko; compatible; GPTBot/1.4; +https://openai.com/gptbot)"
74.7.242.37 - - [12/Jun/2026:06:20:11 -0600] "GET /index.php?path=//proc/self/root/var/softaculous/xcart/php71 HTTP/1.1" 200 3244 "https://sportmaster.mx/index.php?path=//proc/self/root/var/softaculous/xcart" "Mozilla/5.0 AppleWebKit/537.36 (KHTML, like Gecko; compatible; GPTBot/1.4; +https://openai.com/gptbot)"
74.7.242.37 - - [12/Jun/2026:06:20:12 -0600] "GET /index.php?path=//proc/self/root/var/softaculous/hizup/php81 HTTP/1.1" 200 3284 "https://sportmaster.mx/index.php?path=//proc/self/root/var/softaculous/hizup" "Mozilla/5.0 AppleWebKit/537.36 (KHTML, like Gecko; compatible; GPTBot/1.4; +https://openai.com/gptbot)"
74.7.242.37 - - [12/Jun/2026:06:20:12 -0600] "GET /index.php?path=//proc/self/root/var/softaculous/hizup/php53 HTTP/1.1" 200 3282 "https://sportmaster.mx/index.php?path=//proc/self/root/var/softaculous/hizup" "Mozilla/5.0 AppleWebKit/537.36 (KHTML, like Gecko; compatible; GPTBot/1.4; +https://openai.com/gptbot)"
74.7.242.37 - - [12/Jun/2026:06:20:13 -0600] "GET /index.php?path=//proc/self/root/var/softaculous/hizup/php82 HTTP/1.1" 200 3284 "https://sportmaster.mx/index.php?path=//proc/self/root/var/softaculous/hizup" "Mozilla/5.0 AppleWebKit/537.36 (KHTML, like Gecko; compatible; GPTBot/1.4; +https://openai.com/gptbot)"
74.7.242.37 - - [12/Jun/2026:06:20:13 -0600] "GET /index.php?path=//proc/self/root/var/softaculous/plikli/php56 HTTP/1.1" 200 3318 "https://sportmaster.mx/index.php?path=//proc/self/root/var/softaculous/plikli" "Mozilla/5.0 AppleWebKit/537.36 (KHTML, like Gecko; compatible; GPTBot/1.4; +https://openai.com/gptbot)"
74.7.242.37 - - [12/Jun/2026:06:20:14 -0600] "GET /index.php?path=//proc/self/root/var/softaculous/zencart/php56 HTTP/1.1" 200 3365 "https://sportmaster.mx/index.php?path=//proc/self/root/var/softaculous/zencart" "Mozilla/5.0 AppleWebKit/537.36 (KHTML, like Gecko; compatible; GPTBot/1.4; +https://openai.com/gptbot)"
74.7.242.37 - - [12/Jun/2026:06:20:14 -0600] "GET /index.php?path=//proc/self/root/var/softaculous/plikli/php81 HTTP/1.1" 200 3320 "https://sportmaster.mx/index.php?path=//proc/self/root/var/softaculous/plikli" "Mozilla/5.0 AppleWebKit/537.36 (KHTML, like Gecko; compatible; GPTBot/1.4; +https://openai.com/gptbot)"
74.7.242.37 - - [12/Jun/2026:06:20:15 -0600] "GET /index.php?path=//proc/self/root/var/softaculous/plikli/php71 HTTP/1.1" 200 3322 "https://sportmaster.mx/index.php?path=//proc/self/root/var/softaculous/plikli" "Mozilla/5.0 AppleWebKit/537.36 (KHTML, like Gecko; compatible; GPTBot/1.4; +https://openai.com/gptbot)"
74.7.242.37 - - [12/Jun/2026:06:20:15 -0600] "GET /index.php?path=//proc/self/root/var/softaculous/zeus/php71 HTTP/1.1" 200 3276 "https://sportmaster.mx/index.php?path=//proc/self/root/var/softaculous/zeus" "Mozilla/5.0 AppleWebKit/537.36 (KHTML, like Gecko; compatible; GPTBot/1.4; +https://openai.com/gptbot)"
74.7.242.37 - - [12/Jun/2026:06:20:16 -0600] "GET /index.php?path=//proc/self/root/var/softaculous/pfn/php71&viewfile=//proc/self/root/var/softaculous/pfn/php71/edit.php HTTP/1.1" 200 6765 "https://sportmaster.mx/index.php?path=//proc/self/root/var/softaculous/pfn/php71" "Mozilla/5.0 AppleWebKit/537.36 (KHTML, like Gecko; compatible; GPTBot/1.4; +https://openai.com/gptbot)"
74.7.242.37 - - [12/Jun/2026:06:20:16 -0600] "GET /index.php?path=//proc/self/root/var/softaculous/zencart/php53 HTTP/1.1" 200 3365 "https://sportmaster.mx/index.php?path=//proc/self/root/var/softaculous/zencart" "Mozilla/5.0 AppleWebKit/537.36 (KHTML, like Gecko; compatible; GPTBot/1.4; +https://openai.com/gptbot)"
74.7.242.37 - - [12/Jun/2026:06:20:17 -0600] "GET /index.php?path=//proc/self/root/var/softaculous/zeus/php53 HTTP/1.1" 200 3277 "https://sportmaster.mx/index.php?path=//proc/self/root/var/softaculous/zeus" "Mozilla/5.0 AppleWebKit/537.36 (KHTML, like Gecko; compatible; GPTBot/1.4; +https://openai.com/gptbot)"
74.7.242.37 - - [12/Jun/2026:06:20:17 -0600] "GET /index.php?path=//proc/self/root/var/softaculous/eccube/php53 HTTP/1.1" 200 3245 "https://sportmaster.mx/index.php?path=//proc/self/root/var/softaculous/eccube" "Mozilla/5.0 AppleWebKit/537.36 (KHTML, like Gecko; compatible; GPTBot/1.4; +https://openai.com/gptbot)"
74.7.242.37 - - [12/Jun/2026:06:20:18 -0600] "GET /index.php?path=//proc/self/root/var/softaculous/hizup/php56 HTTP/1.1" 200 3283 "https://sportmaster.mx/index.php?path=//proc/self/root/var/softaculous/hizup" "Mozilla/5.0 AppleWebKit/537.36 (KHTML, like Gecko; compatible; GPTBot/1.4; +https://openai.com/gptbot)"
74.7.242.37 - - [12/Jun/2026:06:20:19 -0600] "GET /index.php?path=//proc/self/root/var/softaculous/hizup/php82&viewfile=//proc/self/root/var/softaculous/hizup/php82/install.php HTTP/1.1" 200 10666 "https://sportmaster.mx/index.php?path=//proc/self/root/var/softaculous/hizup/php82" "Mozilla/5.0 AppleWebKit/537.36 (KHTML, like Gecko; compatible; GPTBot/1.4; +https://openai.com/gptbot)"
74.7.242.37 - - [12/Jun/2026:06:20:19 -0600] "GET /index.php?path=//proc/self/root/var/softaculous/zencart/php71 HTTP/1.1" 200 3366 "https://sportmaster.mx/index.php?path=//proc/self/root/var/softaculous/zencart" "Mozilla/5.0 AppleWebKit/537.36 (KHTML, like Gecko; compatible; GPTBot/1.4; +https://openai.com/gptbot)"
74.7.242.37 - - [12/Jun/2026:06:20:20 -0600] "GET /index.php?path=//proc/self/root/var/softaculous/zeus/php81 HTTP/1.1" 200 3278 "https://sportmaster.mx/index.php?path=//proc/self/root/var/softaculous/zeus" "Mozilla/5.0 AppleWebKit/537.36 (KHTML, like Gecko; compatible; GPTBot/1.4; +https://openai.com/gptbot)"
74.7.242.37 - - [12/Jun/2026:06:20:20 -0600] "GET /index.php?path=//proc/self/root/var/softaculous/hizup/php71 HTTP/1.1" 200 3285 "https://sportmaster.mx/index.php?path=//proc/self/root/var/softaculous/hizup" "Mozilla/5.0 AppleWebKit/537.36 (KHTML, like Gecko; compatible; GPTBot/1.4; +https://openai.com/gptbot)"
74.7.242.37 - - [12/Jun/2026:06:20:21 -0600] "GET /index.php?path=//proc/self/root/var/softaculous/zeus/php82 HTTP/1.1" 200 3275 "https://sportmaster.mx/index.php?path=//proc/self/root/var/softaculous/zeus" "Mozilla/5.0 AppleWebKit/537.36 (KHTML, like Gecko; compatible; GPTBot/1.4; +https://openai.com/gptbot)"
74.7.242.37 - - [12/Jun/2026:06:20:21 -0600] "GET /index.php?path=//proc/self/root/var/softaculous/eccube/php71 HTTP/1.1" 200 3244 "https://sportmaster.mx/index.php?path=//proc/self/root/var/softaculous/eccube" "Mozilla/5.0 AppleWebKit/537.36 (KHTML, like Gecko; compatible; GPTBot/1.4; +https://openai.com/gptbot)"
74.7.242.37 - - [12/Jun/2026:06:20:22 -0600] "GET /index.php?path=//proc/self/root/var/softaculous/plikli/php82 HTTP/1.1" 200 3320 "https://sportmaster.mx/index.php?path=//proc/self/root/var/softaculous/plikli" "Mozilla/5.0 AppleWebKit/537.36 (KHTML, like Gecko; compatible; GPTBot/1.4; +https://openai.com/gptbot)"
74.7.242.37 - - [12/Jun/2026:06:20:22 -0600] "GET /index.php?path=//proc/self/root/var/softaculous/zeus/php56 HTTP/1.1" 200 3278 "https://sportmaster.mx/index.php?path=//proc/self/root/var/softaculous/zeus" "Mozilla/5.0 AppleWebKit/537.36 (KHTML, like Gecko; compatible; GPTBot/1.4; +https://openai.com/gptbot)"
74.7.242.37 - - [12/Jun/2026:06:20:23 -0600] "GET /index.php?path=//proc/self/root/var/softaculous/plikli/php53 HTTP/1.1" 200 3323 "https://sportmaster.mx/index.php?path=//proc/self/root/var/softaculous/plikli" "Mozilla/5.0 AppleWebKit/537.36 (KHTML, like Gecko; compatible; GPTBot/1.4; +https://openai.com/gptbot)"
74.7.242.37 - - [12/Jun/2026:06:20:23 -0600] "GET /index.php?path=//proc/self/root/run/systemd/generator/swap.target.requires HTTP/1.1" 200 3199 "https://sportmaster.mx/index.php?path=//proc/self/root/run/systemd/generator" "Mozilla/5.0 AppleWebKit/537.36 (KHTML, like Gecko; compatible; GPTBot/1.4; +https://openai.com/gptbot)"
74.7.242.37 - - [12/Jun/2026:06:20:24 -0600] "GET /index.php?path=//proc/self/root/var/softaculous/ricar/images HTTP/1.1" 200 3182 "https://sportmaster.mx/index.php?path=//proc/self/root/var/softaculous/ricar" "Mozilla/5.0 AppleWebKit/537.36 (KHTML, like Gecko; compatible; GPTBot/1.4; +https://openai.com/gptbot)"
74.7.242.37 - - [12/Jun/2026:06:20:24 -0600] "GET /index.php?path=//proc/self/root/var/softaculous/zencart/images HTTP/1.1" 200 3166 "https://sportmaster.mx/index.php?path=//proc/self/root/var/softaculous/zencart" "Mozilla/5.0 AppleWebKit/537.36 (KHTML, like Gecko; compatible; GPTBot/1.4; +https://openai.com/gptbot)"
74.7.242.37 - - [12/Jun/2026:06:20:25 -0600] "GET /index.php?path=//proc/self/root/var/softaculous/plikli/images HTTP/1.1" 200 3167 "https://sportmaster.mx/index.php?path=//proc/self/root/var/softaculous/plikli" "Mozilla/5.0 AppleWebKit/537.36 (KHTML, like Gecko; compatible; GPTBot/1.4; +https://openai.com/gptbot)"
74.7.242.37 - - [12/Jun/2026:06:20:25 -0600] "GET /index.php?path=//proc/self/root/var/softaculous/eccube/images HTTP/1.1" 200 3183 "https://sportmaster.mx/index.php?path=//proc/self/root/var/softaculous/eccube" "Mozilla/5.0 AppleWebKit/537.36 (KHTML, like Gecko; compatible; GPTBot/1.4; +https://openai.com/gptbot)"
74.7.242.37 - - [12/Jun/2026:06:20:26 -0600] "GET /index.php?path=//proc/self/root/var/softaculous/front HTTP/1.1" 200 4224 "https://sportmaster.mx/index.php?path=//proc/self/root/var/softaculous" "Mozilla/5.0 AppleWebKit/537.36 (KHTML, like Gecko; compatible; GPTBot/1.4; +https://openai.com/gptbot)"
74.7.242.37 - - [12/Jun/2026:06:20:26 -0600] "GET /index.php?path=//proc/self/root/var/softaculous/pluck HTTP/1.1" 200 4086 "https://sportmaster.mx/index.php?path=//proc/self/root/var/softaculous" "Mozilla/5.0 AppleWebKit/537.36 (KHTML, like Gecko; compatible; GPTBot/1.4; +https://openai.com/gptbot)"
74.7.242.37 - - [12/Jun/2026:06:20:27 -0600] "GET /index.php?path=//proc/self/root/var/softaculous/vty HTTP/1.1" 200 3682 "https://sportmaster.mx/index.php?path=//proc/self/root/var/softaculous" "Mozilla/5.0 AppleWebKit/537.36 (KHTML, like Gecko; compatible; GPTBot/1.4; +https://openai.com/gptbot)"
74.7.242.37 - - [12/Jun/2026:06:20:28 -0600] "GET /index.php?path=//proc/self/root/var/softaculous/morph HTTP/1.1" 200 3644 "https://sportmaster.mx/index.php?path=//proc/self/root/var/softaculous" "Mozilla/5.0 AppleWebKit/537.36 (KHTML, like Gecko; compatible; GPTBot/1.4; +https://openai.com/gptbot)"
74.7.242.37 - - [12/Jun/2026:06:20:28 -0600] "GET /index.php?path=//proc/self/root/var/softaculous/xms HTTP/1.1" 200 3867 "https://sportmaster.mx/index.php?path=//proc/self/root/var/softaculous" "Mozilla/5.0 AppleWebKit/537.36 (KHTML, like Gecko; compatible; GPTBot/1.4; +https://openai.com/gptbot)"
74.7.242.37 - - [12/Jun/2026:06:20:28 -0600] "GET /index.php?path=//proc/self/root/var/softaculous/plikli/php53&viewfile=//proc/self/root/var/softaculous/plikli/php53/install.php HTTP/1.1" 200 7353 "https://sportmaster.mx/index.php?path=//proc/self/root/var/softaculous/plikli/php53" "Mozilla/5.0 AppleWebKit/537.36 (KHTML, like Gecko; compatible; GPTBot/1.4; +https://openai.com/gptbot)"
74.7.242.37 - - [12/Jun/2026:06:20:29 -0600] "GET /index.php?path=//proc/self/root/var/softaculous/ruko HTTP/1.1" 200 4143 "https://sportmaster.mx/index.php?path=//proc/self/root/var/softaculous" "Mozilla/5.0 AppleWebKit/537.36 (KHTML, like Gecko; compatible; GPTBot/1.4; +https://openai.com/gptbot)"
74.7.242.37 - - [12/Jun/2026:06:20:30 -0600] "GET /index.php?path=//proc/self/root/var/softaculous/bbpress HTTP/1.1" 200 4354 "https://sportmaster.mx/index.php?path=//proc/self/root/var/softaculous" "Mozilla/5.0 AppleWebKit/537.36 (KHTML, like Gecko; compatible; GPTBot/1.4; +https://openai.com/gptbot)"
74.7.242.37 - - [12/Jun/2026:06:20:30 -0600] "GET /index.php?path=//proc/self/root/var/softaculous/mc HTTP/1.1" 200 3680 "https://sportmaster.mx/index.php?path=//proc/self/root/var/softaculous" "Mozilla/5.0 AppleWebKit/537.36 (KHTML, like Gecko; compatible; GPTBot/1.4; +https://openai.com/gptbot)"
74.7.242.37 - - [12/Jun/2026:06:20:31 -0600] "GET /index.php?path=//proc/self/root/var/softaculous/yii HTTP/1.1" 200 3775 "https://sportmaster.mx/index.php?path=//proc/self/root/var/softaculous" "Mozilla/5.0 AppleWebKit/537.36 (KHTML, like Gecko; compatible; GPTBot/1.4; +https://openai.com/gptbot)"
74.7.242.37 - - [12/Jun/2026:06:20:31 -0600] "GET /index.php?path=//proc/self/root/var/softaculous/omp HTTP/1.1" 200 4143 "https://sportmaster.mx/index.php?path=//proc/self/root/var/softaculous" "Mozilla/5.0 AppleWebKit/537.36 (KHTML, like Gecko; compatible; GPTBot/1.4; +https://openai.com/gptbot)"
74.7.242.37 - - [12/Jun/2026:06:20:32 -0600] "GET /index.php?path=//proc/self/root/var/softaculous/front/php71 HTTP/1.1" 200 3312 "https://sportmaster.mx/index.php?path=//proc/self/root/var/softaculous/front" "Mozilla/5.0 AppleWebKit/537.36 (KHTML, like Gecko; compatible; GPTBot/1.4; +https://openai.com/gptbot)"
74.7.242.37 - - [12/Jun/2026:06:20:32 -0600] "GET /index.php?path=//proc/self/root/var/softaculous/front/php81 HTTP/1.1" 200 3318 "https://sportmaster.mx/index.php?path=//proc/self/root/var/softaculous/front" "Mozilla/5.0 AppleWebKit/537.36 (KHTML, like Gecko; compatible; GPTBot/1.4; +https://openai.com/gptbot)"
74.7.242.37 - - [12/Jun/2026:06:20:33 -0600] "GET /index.php?path=//proc/self/root/var/softaculous/front/php82 HTTP/1.1" 200 3317 "https://sportmaster.mx/index.php?path=//proc/self/root/var/softaculous/front" "Mozilla/5.0 AppleWebKit/537.36 (KHTML, like Gecko; compatible; GPTBot/1.4; +https://openai.com/gptbot)"
74.7.242.37 - - [12/Jun/2026:06:20:33 -0600] "GET /index.php?path=//proc/self/root/var/softaculous/morph/php71 HTTP/1.1" 200 3154 "https://sportmaster.mx/index.php?path=//proc/self/root/var/softaculous/morph" "Mozilla/5.0 AppleWebKit/537.36 (KHTML, like Gecko; compatible; GPTBot/1.4; +https://openai.com/gptbot)"
74.7.242.37 - - [12/Jun/2026:06:20:34 -0600] "GET /index.php?path=//proc/self/root/var/softaculous/morph/php56 HTTP/1.1" 200 3153 "https://sportmaster.mx/index.php?path=//proc/self/root/var/softaculous/morph" "Mozilla/5.0 AppleWebKit/537.36 (KHTML, like Gecko; compatible; GPTBot/1.4; +https://openai.com/gptbot)"
74.7.242.37 - - [12/Jun/2026:06:20:34 -0600] "GET /index.php?path=//proc/self/root/var/softaculous/front/php53 HTTP/1.1" 200 3318 "https://sportmaster.mx/index.php?path=//proc/self/root/var/softaculous/front" "Mozilla/5.0 AppleWebKit/537.36 (KHTML, like Gecko; compatible; GPTBot/1.4; +https://openai.com/gptbot)"
74.7.242.37 - - [12/Jun/2026:06:20:35 -0600] "GET /index.php?path=//proc/self/root/var/softaculous/ruko&viewfile=//proc/self/root/var/softaculous/ruko/install.js HTTP/1.1" 200 3322 "https://sportmaster.mx/index.php?path=//proc/self/root/var/softaculous/ruko" "Mozilla/5.0 AppleWebKit/537.36 (KHTML, like Gecko; compatible; GPTBot/1.4; +https://openai.com/gptbot)"
74.7.242.37 - - [12/Jun/2026:06:20:35 -0600] "GET /index.php?path=//proc/self/root/var/softaculous/ruko/images HTTP/1.1" 200 3164 "https://sportmaster.mx/index.php?path=//proc/self/root/var/softaculous/ruko" "Mozilla/5.0 AppleWebKit/537.36 (KHTML, like Gecko; compatible; GPTBot/1.4; +https://openai.com/gptbot)"
74.7.242.37 - - [12/Jun/2026:06:20:36 -0600] "GET /index.php?path=//proc/self/root/var/softaculous/front/php56 HTTP/1.1" 200 3315 "https://sportmaster.mx/index.php?path=//proc/self/root/var/softaculous/front" "Mozilla/5.0 AppleWebKit/537.36 (KHTML, like Gecko; compatible; GPTBot/1.4; +https://openai.com/gptbot)"
74.7.242.37 - - [12/Jun/2026:06:20:36 -0600] "GET /index.php?path=//proc/self/root/var/softaculous/morph/php82 HTTP/1.1" 200 3154 "https://sportmaster.mx/index.php?path=//proc/self/root/var/softaculous/morph" "Mozilla/5.0 AppleWebKit/537.36 (KHTML, like Gecko; compatible; GPTBot/1.4; +https://openai.com/gptbot)"
74.7.242.37 - - [12/Jun/2026:06:20:37 -0600] "GET /index.php?path=//proc/self/root/var/softaculous/morph/php53 HTTP/1.1" 200 3154 "https://sportmaster.mx/index.php?path=//proc/self/root/var/softaculous/morph" "Mozilla/5.0 AppleWebKit/537.36 (KHTML, like Gecko; compatible; GPTBot/1.4; +https://openai.com/gptbot)"
74.7.242.37 - - [12/Jun/2026:06:20:37 -0600] "GET /index.php?path=//proc/self/root/var/softaculous/morph/php81 HTTP/1.1" 200 3154 "https://sportmaster.mx/index.php?path=//proc/self/root/var/softaculous/morph" "Mozilla/5.0 AppleWebKit/537.36 (KHTML, like Gecko; compatible; GPTBot/1.4; +https://openai.com/gptbot)"
74.7.242.37 - - [12/Jun/2026:06:20:38 -0600] "GET /index.php?path=//proc/self/root/var/softaculous/omp/php53 HTTP/1.1" 200 3355 "https://sportmaster.mx/index.php?path=//proc/self/root/var/softaculous/omp" "Mozilla/5.0 AppleWebKit/537.36 (KHTML, like Gecko; compatible; GPTBot/1.4; +https://openai.com/gptbot)"
74.7.242.37 - - [12/Jun/2026:06:20:38 -0600] "GET /index.php?path=//proc/self/root/var/softaculous/omp/php71 HTTP/1.1" 200 3356 "https://sportmaster.mx/index.php?path=//proc/self/root/var/softaculous/omp" "Mozilla/5.0 AppleWebKit/537.36 (KHTML, like Gecko; compatible; GPTBot/1.4; +https://openai.com/gptbot)"
74.7.242.37 - - [12/Jun/2026:06:20:39 -0600] "GET /index.php?path=//proc/self/root/var/softaculous/omp/php81 HTTP/1.1" 200 3357 "https://sportmaster.mx/index.php?path=//proc/self/root/var/softaculous/omp" "Mozilla/5.0 AppleWebKit/537.36 (KHTML, like Gecko; compatible; GPTBot/1.4; +https://openai.com/gptbot)"
74.7.242.37 - - [12/Jun/2026:06:20:39 -0600] "GET /index.php?path=//proc/self/root/var/softaculous/omp/php56 HTTP/1.1" 200 3354 "https://sportmaster.mx/index.php?path=//proc/self/root/var/softaculous/omp" "Mozilla/5.0 AppleWebKit/537.36 (KHTML, like Gecko; compatible; GPTBot/1.4; +https://openai.com/gptbot)"
74.7.242.37 - - [12/Jun/2026:06:20:40 -0600] "GET /index.php?path=//proc/self/root/var/softaculous/omp/php82 HTTP/1.1" 200 3355 "https://sportmaster.mx/index.php?path=//proc/self/root/var/softaculous/omp" "Mozilla/5.0 AppleWebKit/537.36 (KHTML, like Gecko; compatible; GPTBot/1.4; +https://openai.com/gptbot)"
74.7.242.37 - - [12/Jun/2026:06:20:41 -0600] "GET /index.php?path=//proc/self/root/var/softaculous/ruko/php81 HTTP/1.1" 200 3320 "https://sportmaster.mx/index.php?path=//proc/self/root/var/softaculous/ruko" "Mozilla/5.0 AppleWebKit/537.36 (KHTML, like Gecko; compatible; GPTBot/1.4; +https://openai.com/gptbot)"
74.7.242.37 - - [12/Jun/2026:06:20:41 -0600] "GET /index.php?path=//proc/self/root/var/softaculous/bbpress/php81 HTTP/1.1" 200 3369 "https://sportmaster.mx/index.php?path=//proc/self/root/var/softaculous/bbpress" "Mozilla/5.0 AppleWebKit/537.36 (KHTML, like Gecko; compatible; GPTBot/1.4; +https://openai.com/gptbot)"
74.7.242.37 - - [12/Jun/2026:06:20:42 -0600] "GET /index.php?path=//proc/self/root/var/softaculous/pluck/php53 HTTP/1.1" 200 3243 "https://sportmaster.mx/index.php?path=//proc/self/root/var/softaculous/pluck" "Mozilla/5.0 AppleWebKit/537.36 (KHTML, like Gecko; compatible; GPTBot/1.4; +https://openai.com/gptbot)"
74.7.242.37 - - [12/Jun/2026:06:20:42 -0600] "GET /index.php?path=//proc/self/root/var/softaculous/bbpress/php82 HTTP/1.1" 200 3369 "https://sportmaster.mx/index.php?path=//proc/self/root/var/softaculous/bbpress" "Mozilla/5.0 AppleWebKit/537.36 (KHTML, like Gecko; compatible; GPTBot/1.4; +https://openai.com/gptbot)"
74.7.242.37 - - [12/Jun/2026:06:20:43 -0600] "GET /index.php?path=//proc/self/root/var/softaculous/ruko/php53 HTTP/1.1" 200 3319 "https://sportmaster.mx/index.php?path=//proc/self/root/var/softaculous/ruko" "Mozilla/5.0 AppleWebKit/537.36 (KHTML, like Gecko; compatible; GPTBot/1.4; +https://openai.com/gptbot)"
74.7.242.37 - - [12/Jun/2026:06:20:43 -0600] "GET /index.php?path=//proc/self/root/var/softaculous/pluck/php71 HTTP/1.1" 200 3245 "https://sportmaster.mx/index.php?path=//proc/self/root/var/softaculous/pluck" "Mozilla/5.0 AppleWebKit/537.36 (KHTML, like Gecko; compatible; GPTBot/1.4; +https://openai.com/gptbot)"
74.7.242.37 - - [12/Jun/2026:06:20:44 -0600] "GET /index.php?path=//proc/self/root/var/softaculous/bbpress/php56 HTTP/1.1" 200 3368 "https://sportmaster.mx/index.php?path=//proc/self/root/var/softaculous/bbpress" "Mozilla/5.0 AppleWebKit/537.36 (KHTML, like Gecko; compatible; GPTBot/1.4; +https://openai.com/gptbot)"
74.7.242.37 - - [12/Jun/2026:06:20:44 -0600] "GET /index.php?path=//proc/self/root/var/softaculous/bbpress/php53 HTTP/1.1" 200 3368 "https://sportmaster.mx/index.php?path=//proc/self/root/var/softaculous/bbpress" "Mozilla/5.0 AppleWebKit/537.36 (KHTML, like Gecko; compatible; GPTBot/1.4; +https://openai.com/gptbot)"
74.7.242.37 - - [12/Jun/2026:06:20:45 -0600] "GET /index.php?path=//proc/self/root/var/softaculous/pluck/php56 HTTP/1.1" 200 3244 "https://sportmaster.mx/index.php?path=//proc/self/root/var/softaculous/pluck" "Mozilla/5.0 AppleWebKit/537.36 (KHTML, like Gecko; compatible; GPTBot/1.4; +https://openai.com/gptbot)"
74.7.242.37 - - [12/Jun/2026:06:20:45 -0600] "GET /index.php?path=//proc/self/root/var/softaculous/bbpress/php71 HTTP/1.1" 200 3369 "https://sportmaster.mx/index.php?path=//proc/self/root/var/softaculous/bbpress" "Mozilla/5.0 AppleWebKit/537.36 (KHTML, like Gecko; compatible; GPTBot/1.4; +https://openai.com/gptbot)"
74.7.242.37 - - [12/Jun/2026:06:20:46 -0600] "GET /index.php?path=//proc/self/root/var/softaculous/pluck/php81 HTTP/1.1" 200 3244 "https://sportmaster.mx/index.php?path=//proc/self/root/var/softaculous/pluck" "Mozilla/5.0 AppleWebKit/537.36 (KHTML, like Gecko; compatible; GPTBot/1.4; +https://openai.com/gptbot)"
74.7.242.37 - - [12/Jun/2026:06:20:46 -0600] "GET /index.php?path=//proc/self/root/var/softaculous/ruko/php56 HTTP/1.1" 200 3318 "https://sportmaster.mx/index.php?path=//proc/self/root/var/softaculous/ruko" "Mozilla/5.0 AppleWebKit/537.36 (KHTML, like Gecko; compatible; GPTBot/1.4; +https://openai.com/gptbot)"
74.7.242.37 - - [12/Jun/2026:06:20:47 -0600] "GET /index.php?path=//proc/self/root/var/softaculous/ruko/php82 HTTP/1.1" 200 3319 "https://sportmaster.mx/index.php?path=//proc/self/root/var/softaculous/ruko" "Mozilla/5.0 AppleWebKit/537.36 (KHTML, like Gecko; compatible; GPTBot/1.4; +https://openai.com/gptbot)"
74.7.242.37 - - [12/Jun/2026:06:20:47 -0600] "GET /index.php?path=//proc/self/root/var/softaculous/pluck/php82 HTTP/1.1" 200 3244 "https://sportmaster.mx/index.php?path=//proc/self/root/var/softaculous/pluck" "Mozilla/5.0 AppleWebKit/537.36 (KHTML, like Gecko; compatible; GPTBot/1.4; +https://openai.com/gptbot)"
74.7.242.37 - - [12/Jun/2026:06:20:48 -0600] "GET /index.php?path=//proc/self/root/var/softaculous/ruko/php71 HTTP/1.1" 200 3319 "https://sportmaster.mx/index.php?path=//proc/self/root/var/softaculous/ruko" "Mozilla/5.0 AppleWebKit/537.36 (KHTML, like Gecko; compatible; GPTBot/1.4; +https://openai.com/gptbot)"
189.143.238.210 - - [12/Jun/2026:06:20:48 -0600] "GET /wp-content/uploads/medidas-cancha-de-beisbol.png HTTP/1.1" 200 58839 "https://www.google.com/" "Mozilla/5.0 (X11; Linux x86_64) AppleWebKit/537.36 (KHTML, like Gecko) Chrome/134.0.0.0 Safari/537.36"
74.7.242.37 - - [12/Jun/2026:06:20:48 -0600] "GET /index.php?path=//proc/self/root/var/softaculous/vty/php81 HTTP/1.1" 200 3153 "https://sportmaster.mx/index.php?path=//proc/self/root/var/softaculous/vty" "Mozilla/5.0 AppleWebKit/537.36 (KHTML, like Gecko; compatible; GPTBot/1.4; +https://openai.com/gptbot)"
74.7.242.37 - - [12/Jun/2026:06:20:49 -0600] "GET /index.php?path=//proc/self/root/var/softaculous/xms/php81 HTTP/1.1" 200 3240 "https://sportmaster.mx/index.php?path=//proc/self/root/var/softaculous/xms" "Mozilla/5.0 AppleWebKit/537.36 (KHTML, like Gecko; compatible; GPTBot/1.4; +https://openai.com/gptbot)"
74.7.242.37 - - [12/Jun/2026:06:20:50 -0600] "GET /index.php?path=//proc/self/root/var/softaculous/vty/php71 HTTP/1.1" 200 3151 "https://sportmaster.mx/index.php?path=//proc/self/root/var/softaculous/vty" "Mozilla/5.0 AppleWebKit/537.36 (KHTML, like Gecko; compatible; GPTBot/1.4; +https://openai.com/gptbot)"
74.7.242.37 - - [12/Jun/2026:06:20:50 -0600] "GET /index.php?path=//proc/self/root/var/softaculous/xms/php53 HTTP/1.1" 200 3238 "https://sportmaster.mx/index.php?path=//proc/self/root/var/softaculous/xms" "Mozilla/5.0 AppleWebKit/537.36 (KHTML, like Gecko; compatible; GPTBot/1.4; +https://openai.com/gptbot)"
74.7.242.37 - - [12/Jun/2026:06:20:51 -0600] "GET /index.php?path=//proc/self/root/var/softaculous/yii/php82 HTTP/1.1" 200 3151 "https://sportmaster.mx/index.php?path=//proc/self/root/var/softaculous/yii" "Mozilla/5.0 AppleWebKit/537.36 (KHTML, like Gecko; compatible; GPTBot/1.4; +https://openai.com/gptbot)"
74.7.242.37 - - [12/Jun/2026:06:20:51 -0600] "GET /index.php?path=//proc/self/root/var/softaculous/vty/php56 HTTP/1.1" 200 3151 "https://sportmaster.mx/index.php?path=//proc/self/root/var/softaculous/vty" "Mozilla/5.0 AppleWebKit/537.36 (KHTML, like Gecko; compatible; GPTBot/1.4; +https://openai.com/gptbot)"
187.188.87.117 - - [12/Jun/2026:06:20:51 -0600] "GET /wp-content/uploads/como-se-divide-la-cancha-de-futbol.jpg HTTP/1.1" 200 38279 "https://www.google.com/" "Mozilla/5.0 (iPhone; CPU iPhone OS 18_7 like Mac OS X) AppleWebKit/605.1.15 (KHTML, like Gecko) Version/26.5 Mobile/15E148 Safari/604.1"
74.7.242.37 - - [12/Jun/2026:06:20:52 -0600] "GET /index.php?path=//proc/self/root/var/softaculous/pluck/php81&viewfile=//proc/self/root/var/softaculous/pluck/php81/install.php HTTP/1.1" 200 8633 "https://sportmaster.mx/index.php?path=//proc/self/root/var/softaculous/pluck/php81" "Mozilla/5.0 AppleWebKit/537.36 (KHTML, like Gecko; compatible; GPTBot/1.4; +https://openai.com/gptbot)"
74.7.242.37 - - [12/Jun/2026:06:20:52 -0600] "GET /index.php?path=//proc/self/root/var/softaculous/yii/php81 HTTP/1.1" 200 3151 "https://sportmaster.mx/index.php?path=//proc/self/root/var/softaculous/yii" "Mozilla/5.0 AppleWebKit/537.36 (KHTML, like Gecko; compatible; GPTBot/1.4; +https://openai.com/gptbot)"
